{"id":1051,"date":"2022-10-28T14:10:38","date_gmt":"2022-10-28T12:10:38","guid":{"rendered":"https:\/\/asafal.wp.unisi.it\/?page_id=1051"},"modified":"2022-10-28T14:10:38","modified_gmt":"2022-10-28T12:10:38","slug":"projects-and-publication","status":"publish","type":"page","link":"https:\/\/portale2.unime.it\/asafal\/middle-east\/projects-and-publication\/","title":{"rendered":"PROJECTS AND PUBLICATIONS"},"content":{"rendered":"<ul>\n<li>2022- (with Joseph Helou) \u2018Inter-Communal Relations in the Context of a Sectarian Society: Communal Fear Spawns Everyday Practices and Coping Mechanisms among the Maronites of Lebanon\u2019, Nationalism and Ethnic Politics, DOI: 1080\/13537113.2022.2104603. <strong>Autore: Marcello Mollica.\u00a0\u00a0<\/strong><\/li>\n<\/ul>\n<p>&nbsp;<\/p>\n<ul>\n<li>2022-\u2018Managing Public Health in a Fragile Consociation: Lebanon between Wars, Explosions and the Covid-19 Pandemic\u2019, Urbanities, 12:6, 78-84 .<strong>Autore: Marcello Mollica.\u00a0<\/strong><\/li>\n<\/ul>\n<p>&nbsp;<\/p>\n<ul>\n<li>2021-Perimetrare e legittimare la memori. Il Parco archeologico come metafora, in <em>Il mistero e l\u2019inganno. Pensare, narrare e creare la Sicilia<\/em>, Mario Bolognari (ed.), Navarra Editore, Palermo, 171-200.<strong> Autore: Marcello Mollica.\u00a0<\/strong><\/li>\n<\/ul>\n<p>&nbsp;<\/p>\n<ul>\n<li>2021-(with Benedetta Panchetti) Tragic Memories Encountering Ethno-Religious Revival in <em>Contemporary South-Eastern Turkey: The Case of the Assyrian Church of the East in The Ethno-cultural others of Turkey: Contemporary reflections<\/em>, Ahmet Kerim G\u00fcltekin and \u00c7ak\u0131r Ceyhan S\u00fcvari (eds.<em>)<\/em>, Yerevan: Russian-Armenian University Press, 233-247.<strong>Autore: Marcello Mollica.\u00a0<\/strong><\/li>\n<\/ul>\n<p>&nbsp;<\/p>\n<ul>\n<li>2021<em>&#8211;<\/em>(with Arsen Hakobyan) \u2018Encountering Turkish Denialism: From the Syrian conflict to the Second Karabakh War, Urbanities, 11:1, 36-54<strong> .Autore: Marcello Mollica.\u00a0<\/strong><\/li>\n<\/ul>\n<p>&nbsp;<\/p>\n<ul>\n<li>2021-(with A. Hakobyan) <em>Syrian Armenians and the Turkish Factor. Kessab, Aleppo and Deir ez-Zor in the Syrian War<\/em>, Palgrave Macmillan: Cham (Isbn: 978-3-030-72318-7). <strong>Autore: Marcello Mollica.\u00a0<\/strong><\/li>\n<\/ul>\n<p>&nbsp;<\/p>\n<ul>\n<li>2020<em>&#8211;<\/em>\u2018The Twenty-Five Alawi From Tokat and the Creation of the Alawite Bektashi Italia in Lecco\u2019, Turkish Culture and Haci Bektas Veli Research Quarterly, 96: 145-162. <strong>Autore: Marcello Mollica.\u00a0<\/strong><\/li>\n<\/ul>\n<p>&nbsp;<\/p>\n<ul>\n<li>2020<em>&#8211;<\/em>\u2018Shifting Determinants Among Dead Bodies: the Crypt of the Mummies of Piraino\u2019, Illuminazioni, 54: 209-240. <strong>Autore: Marcello Mollica.\u00a0<\/strong><\/li>\n<\/ul>\n<p>&nbsp;<\/p>\n<ul>\n<li>2020<em>&#8211;<\/em>\u2018The Unusual Frontier-worker\u2019, in \u2018City Life and Beyond in Times of Pandemic\u2019, special issue edited by G. Prato, Urbanities, 10:4, 45-50. <strong>Autore: Marcello Mollica.\u00a0<\/strong><\/li>\n<\/ul>\n<p>&nbsp;<\/p>\n<ul>\n<li>2019-\u2018European Settings of Prejudice: a case of migrants in Sicily, Italy\u2019 in <em>AL\u0120 EFE THE NOMAD \u0120NTERNATIONAL FOLK CULTURE RESEARCH SYMPOSIUM 28th-30th November 2019<\/em>, Adnan Menderes University: Aydin (Isbn: 978-975-8254-68-2). <strong>Autore: Marcello Mollica.\u00a0<\/strong><\/li>\n<\/ul>\n<p>&nbsp;<\/p>\n<ul>\n<li>2019-(with B. Panchetti) \u2018Governance formale e informale nel Libano di Hezbollah: le nuove sfide del conflitto siriano\u2019, Humanities, 8:2: 55-84.<strong> Autore: Marcello Mollica.<\/strong><\/li>\n<\/ul>\n<p>&nbsp;<\/p>\n<ul>\n<li>2019-\u2018La mia stanza al The Fountain: strategie di inclusione ed esclusione in una enclave\u2019, Rivista di antropologia post-globale , 2:45-75.<strong> Autore: Marcello Mollica.\u00a0<\/strong><\/li>\n<\/ul>\n<p>&nbsp;<\/p>\n<ul>\n<li>2019-(ed) <em>Il sorriso vergine. Dalla tenda all\u2019ombrellone passando per le l\u2019indifferenza delle \u2018societ\u00e0 civili\u2019<\/em>. Messina: Armando Siciliano Editore (Isbn: 9788874428953).<strong> Autore: Marcello Mollica.\u00a0<\/strong><\/li>\n<\/ul>\n<p>&nbsp;<\/p>\n<ul>\n<li>2019-(with G. Costanzo) \u2018The Good Teacher in the Good School: Case Studies to Improve Education and Training of Future Italian Teachers\u2019 in <em>Case Study Methodology in Higher Education<\/em>, Annette Baron and Kelly McNeal, (eds.), IGI Global: Hershey, 280-297. <strong>Autore: Marcello Mollica.\u00a0<\/strong><\/li>\n<\/ul>\n<p>&nbsp;<\/p>\n<ul>\n<li>2019-\u2018Conflicting Loyalties and Legitimate Illegality in Urban South Lebanon<em>\u2019<\/em> in <em>Ethnographies of Legitimacy: Methodological and Theoretical Insights, <\/em>Italo Pardo and Giuliana Prato (eds.), Palgrave Macmillan: New York, 259-279. <strong>Autore: Marcello Mollica.\u00a0<\/strong><\/li>\n<\/ul>\n<p>&nbsp;<\/p>\n<ul>\n<li>2018-(with B. Panchetti) \u2018Narrative inter-religiose e tensioni dialettiche sul reato di adulterio nel sistema consociativo del Libano contemporaneo: le risposte delle Ong inter-confessionali\u2019, Rivista di Scienze Umane, 15:85-107.<strong> Autore: Marcello Mollica.\u00a0<\/strong><\/li>\n<\/ul>\n<p>&nbsp;<\/p>\n<ul>\n<li>2018-(ed.) (with J. Dingley)<em> Understanding Religious Violence: Radicalism and Terrorism in Religion Explored via six Cases Studies<\/em>, Palgrave Macmillan: New York (Isbn: 3030002837). <strong>Autore: Marcello Mollica.\u00a0<\/strong><\/li>\n<\/ul>\n<p>&nbsp;<\/p>\n<ul>\n<li>2018-\u2018Echi presenti di <em>Anime assenti<\/em>: ripensando con Laura Faranda il Mediterraneo antico\u2019, Dialoghi Mediterranei, n. 33, settembre.<strong> Autore: Marcello Mollica.\u00a0<\/strong><\/li>\n<\/ul>\n<p>&nbsp;<\/p>\n<ul>\n<li>2018-\u2018Emile Durkheim and the Northern Irish violence: anthropological insights upon James Dingley\u2019 <em>The IRA <\/em>and <em>Durkheim <\/em>and <em>National Identity in Ireland<\/em>, Rivista di antropologia post-globale , 1:45-56.\u00a0<strong>Autore: Marcello Mollica.\u00a0<\/strong><\/li>\n<\/ul>\n<p>&nbsp;<\/p>\n<ul>\n<li>2018<em>&#8211;<\/em>\u2018Fearing the Intrusion: Illegal but Legitimate Ethno-religious dynamics in Lebanon\u2019, Urbanities, 8:1, 65-69. <strong>Autore: Marcello Mollica.\u00a0<\/strong><\/li>\n<\/ul>\n<p>&nbsp;<\/p>\n","protected":false},"excerpt":{"rendered":"<p>2022- (with Joseph Helou) \u2018Inter-Communal Relations in the Context of a Sectarian Society: Communal Fear Spawns Everyday Practices and Coping [&hellip;]<\/p>\n","protected":false},"author":1,"featured_media":0,"parent":1027,"menu_order":0,"comment_status":"closed","ping_status":"closed","template":"page-fullwidth.php","meta":{"site-sidebar-layout":"default","site-content-layout":"","ast-site-content-layout":"default","site-content-style":"default","site-sidebar-style":"default","ast-global-header-display":"","ast-banner-title-visibility":"","ast-main-header-display":"","ast-hfb-above-header-display":"","ast-hfb-below-header-display":"","ast-hfb-mobile-header-display":"","site-post-title":"","ast-breadcrumbs-content":"","ast-featured-img":"","footer-sml-layout":"","ast-disable-related-posts":"","theme-transparent-header-meta":"","adv-header-id-meta":"","stick-header-meta":"","header-above-stick-meta":"","header-main-stick-meta":"","header-below-stick-meta":"","astra-migrate-meta-layouts":"default","ast-page-background-enabled":"default","ast-page-background-meta":{"desktop":{"background-color":"var(--ast-global-color-5)","background-image":"","background-repeat":"repeat","background-position":"center center","background-size":"auto","background-attachment":"scroll","background-type":"","background-media":"","overlay-type":"","overlay-color":"","overlay-opacity":"","overlay-gradient":""},"tablet":{"background-color":"","background-image":"","background-repeat":"repeat","background-position":"center center","background-size":"auto","background-attachment":"scroll","background-type":"","background-media":"","overlay-type":"","overlay-color":"","overlay-opacity":"","overlay-gradient":""},"mobile":{"background-color":"","background-image":"","background-repeat":"repeat","background-position":"center center","background-size":"auto","background-attachment":"scroll","background-type":"","background-media":"","overlay-type":"","overlay-color":"","overlay-opacity":"","overlay-gradient":""}},"ast-content-background-meta":{"desktop":{"background-color":"var(--ast-global-color-4)","background-image":"","background-repeat":"repeat","background-position":"center center","background-size":"auto","background-attachment":"scroll","background-type":"","background-media":"","overlay-type":"","overlay-color":"","overlay-opacity":"","overlay-gradient":""},"tablet":{"background-color":"var(--ast-global-color-4)","background-image":"","background-repeat":"repeat","background-position":"center center","background-size":"auto","background-attachment":"scroll","background-type":"","background-media":"","overlay-type":"","overlay-color":"","overlay-opacity":"","overlay-gradient":""},"mobile":{"background-color":"var(--ast-global-color-4)","background-image":"","background-repeat":"repeat","background-position":"center center","background-size":"auto","background-attachment":"scroll","background-type":"","background-media":"","overlay-type":"","overlay-color":"","overlay-opacity":"","overlay-gradient":""}},"footnotes":""},"class_list":["post-1051","page","type-page","status-publish","hentry"],"yoast_head":"<!-- This site is optimized with the Yoast SEO plugin v27.5 - https:\/\/yoast.com\/product\/yoast-seo-wordpress\/ -->\n<title>PROJECTS AND PUBLICATIONS - Asafal<\/title>\n<meta name=\"robots\" content=\"index, follow, max-snippet:-1, max-image-preview:large, max-video-preview:-1\" \/>\n<link rel=\"canonical\" href=\"https:\/\/portale2.unime.it\/asafal\/middle-east\/projects-and-publication\/\" \/>\n<meta property=\"og:locale\" content=\"it_IT\" \/>\n<meta property=\"og:type\" content=\"article\" \/>\n<meta property=\"og:title\" content=\"PROJECTS AND PUBLICATIONS - Asafal\" \/>\n<meta property=\"og:description\" content=\"2022- (with Joseph Helou) \u2018Inter-Communal Relations in the Context of a Sectarian Society: Communal Fear Spawns Everyday Practices and Coping [&hellip;]\" \/>\n<meta property=\"og:url\" content=\"https:\/\/portale2.unime.it\/asafal\/middle-east\/projects-and-publication\/\" \/>\n<meta property=\"og:site_name\" content=\"Asafal\" \/>\n<meta name=\"twitter:card\" content=\"summary_large_image\" \/>\n<meta name=\"twitter:label1\" content=\"Tempo di lettura stimato\" \/>\n\t<meta name=\"twitter:data1\" content=\"3 minuti\" \/>\n<script type=\"application\/ld+json\" class=\"yoast-schema-graph\">{\"@context\":\"https:\\\/\\\/schema.org\",\"@graph\":[{\"@type\":\"WebPage\",\"@id\":\"https:\\\/\\\/portale2.unime.it\\\/asafal\\\/middle-east\\\/projects-and-publication\\\/\",\"url\":\"https:\\\/\\\/portale2.unime.it\\\/asafal\\\/middle-east\\\/projects-and-publication\\\/\",\"name\":\"PROJECTS AND PUBLICATIONS - Asafal\",\"isPartOf\":{\"@id\":\"https:\\\/\\\/portale2.unime.it\\\/asafal\\\/#website\"},\"datePublished\":\"2022-10-28T12:10:38+00:00\",\"breadcrumb\":{\"@id\":\"https:\\\/\\\/portale2.unime.it\\\/asafal\\\/middle-east\\\/projects-and-publication\\\/#breadcrumb\"},\"inLanguage\":\"it-IT\",\"potentialAction\":[{\"@type\":\"ReadAction\",\"target\":[\"https:\\\/\\\/portale2.unime.it\\\/asafal\\\/middle-east\\\/projects-and-publication\\\/\"]}]},{\"@type\":\"BreadcrumbList\",\"@id\":\"https:\\\/\\\/portale2.unime.it\\\/asafal\\\/middle-east\\\/projects-and-publication\\\/#breadcrumb\",\"itemListElement\":[{\"@type\":\"ListItem\",\"position\":1,\"name\":\"Home\",\"item\":\"https:\\\/\\\/portale2.unime.it\\\/asafal\\\/\"},{\"@type\":\"ListItem\",\"position\":2,\"name\":\"NEW MIDDLE EAST\",\"item\":\"https:\\\/\\\/portale2.unime.it\\\/asafal\\\/middle-east\\\/\"},{\"@type\":\"ListItem\",\"position\":3,\"name\":\"PROJECTS AND PUBLICATIONS\"}]},{\"@type\":\"WebSite\",\"@id\":\"https:\\\/\\\/portale2.unime.it\\\/asafal\\\/#website\",\"url\":\"https:\\\/\\\/portale2.unime.it\\\/asafal\\\/\",\"name\":\"Asafal\",\"description\":\"\",\"publisher\":{\"@id\":\"https:\\\/\\\/portale2.unime.it\\\/asafal\\\/#organization\"},\"potentialAction\":[{\"@type\":\"SearchAction\",\"target\":{\"@type\":\"EntryPoint\",\"urlTemplate\":\"https:\\\/\\\/portale2.unime.it\\\/asafal\\\/?s={search_term_string}\"},\"query-input\":{\"@type\":\"PropertyValueSpecification\",\"valueRequired\":true,\"valueName\":\"search_term_string\"}}],\"inLanguage\":\"it-IT\"},{\"@type\":\"Organization\",\"@id\":\"https:\\\/\\\/portale2.unime.it\\\/asafal\\\/#organization\",\"name\":\"Asafal\",\"url\":\"https:\\\/\\\/portale2.unime.it\\\/asafal\\\/\",\"logo\":{\"@type\":\"ImageObject\",\"inLanguage\":\"it-IT\",\"@id\":\"https:\\\/\\\/portale2.unime.it\\\/asafal\\\/#\\\/schema\\\/logo\\\/image\\\/\",\"url\":\"https:\\\/\\\/portale2.unime.it\\\/asafal\\\/wp-content\\\/uploads\\\/sites\\\/105\\\/2019\\\/07\\\/Logo-ASAFAL1.jpg\",\"contentUrl\":\"https:\\\/\\\/portale2.unime.it\\\/asafal\\\/wp-content\\\/uploads\\\/sites\\\/105\\\/2019\\\/07\\\/Logo-ASAFAL1.jpg\",\"width\":300,\"height\":212,\"caption\":\"Asafal\"},\"image\":{\"@id\":\"https:\\\/\\\/portale2.unime.it\\\/asafal\\\/#\\\/schema\\\/logo\\\/image\\\/\"}}]}<\/script>\n<!-- \/ Yoast SEO plugin. -->","yoast_head_json":{"title":"PROJECTS AND PUBLICATIONS - Asafal","robots":{"index":"index","follow":"follow","max-snippet":"max-snippet:-1","max-image-preview":"max-image-preview:large","max-video-preview":"max-video-preview:-1"},"canonical":"https:\/\/portale2.unime.it\/asafal\/middle-east\/projects-and-publication\/","og_locale":"it_IT","og_type":"article","og_title":"PROJECTS AND PUBLICATIONS - Asafal","og_description":"2022- (with Joseph Helou) \u2018Inter-Communal Relations in the Context of a Sectarian Society: Communal Fear Spawns Everyday Practices and Coping [&hellip;]","og_url":"https:\/\/portale2.unime.it\/asafal\/middle-east\/projects-and-publication\/","og_site_name":"Asafal","twitter_card":"summary_large_image","twitter_misc":{"Tempo di lettura stimato":"3 minuti"},"schema":{"@context":"https:\/\/schema.org","@graph":[{"@type":"WebPage","@id":"https:\/\/portale2.unime.it\/asafal\/middle-east\/projects-and-publication\/","url":"https:\/\/portale2.unime.it\/asafal\/middle-east\/projects-and-publication\/","name":"PROJECTS AND PUBLICATIONS - Asafal","isPartOf":{"@id":"https:\/\/portale2.unime.it\/asafal\/#website"},"datePublished":"2022-10-28T12:10:38+00:00","breadcrumb":{"@id":"https:\/\/portale2.unime.it\/asafal\/middle-east\/projects-and-publication\/#breadcrumb"},"inLanguage":"it-IT","potentialAction":[{"@type":"ReadAction","target":["https:\/\/portale2.unime.it\/asafal\/middle-east\/projects-and-publication\/"]}]},{"@type":"BreadcrumbList","@id":"https:\/\/portale2.unime.it\/asafal\/middle-east\/projects-and-publication\/#breadcrumb","itemListElement":[{"@type":"ListItem","position":1,"name":"Home","item":"https:\/\/portale2.unime.it\/asafal\/"},{"@type":"ListItem","position":2,"name":"NEW MIDDLE EAST","item":"https:\/\/portale2.unime.it\/asafal\/middle-east\/"},{"@type":"ListItem","position":3,"name":"PROJECTS AND PUBLICATIONS"}]},{"@type":"WebSite","@id":"https:\/\/portale2.unime.it\/asafal\/#website","url":"https:\/\/portale2.unime.it\/asafal\/","name":"Asafal","description":"","publisher":{"@id":"https:\/\/portale2.unime.it\/asafal\/#organization"},"potentialAction":[{"@type":"SearchAction","target":{"@type":"EntryPoint","urlTemplate":"https:\/\/portale2.unime.it\/asafal\/?s={search_term_string}"},"query-input":{"@type":"PropertyValueSpecification","valueRequired":true,"valueName":"search_term_string"}}],"inLanguage":"it-IT"},{"@type":"Organization","@id":"https:\/\/portale2.unime.it\/asafal\/#organization","name":"Asafal","url":"https:\/\/portale2.unime.it\/asafal\/","logo":{"@type":"ImageObject","inLanguage":"it-IT","@id":"https:\/\/portale2.unime.it\/asafal\/#\/schema\/logo\/image\/","url":"https:\/\/portale2.unime.it\/asafal\/wp-content\/uploads\/sites\/105\/2019\/07\/Logo-ASAFAL1.jpg","contentUrl":"https:\/\/portale2.unime.it\/asafal\/wp-content\/uploads\/sites\/105\/2019\/07\/Logo-ASAFAL1.jpg","width":300,"height":212,"caption":"Asafal"},"image":{"@id":"https:\/\/portale2.unime.it\/asafal\/#\/schema\/logo\/image\/"}}]}},"_links":{"self":[{"href":"https:\/\/portale2.unime.it\/asafal\/wp-json\/wp\/v2\/pages\/1051","targetHints":{"allow":["GET"]}}],"collection":[{"href":"https:\/\/portale2.unime.it\/asafal\/wp-json\/wp\/v2\/pages"}],"about":[{"href":"https:\/\/portale2.unime.it\/asafal\/wp-json\/wp\/v2\/types\/page"}],"author":[{"embeddable":true,"href":"https:\/\/portale2.unime.it\/asafal\/wp-json\/wp\/v2\/users\/1"}],"replies":[{"embeddable":true,"href":"https:\/\/portale2.unime.it\/asafal\/wp-json\/wp\/v2\/comments?post=1051"}],"version-history":[{"count":0,"href":"https:\/\/portale2.unime.it\/asafal\/wp-json\/wp\/v2\/pages\/1051\/revisions"}],"up":[{"embeddable":true,"href":"https:\/\/portale2.unime.it\/asafal\/wp-json\/wp\/v2\/pages\/1027"}],"wp:attachment":[{"href":"https:\/\/portale2.unime.it\/asafal\/wp-json\/wp\/v2\/media?parent=1051"}],"curies":[{"name":"wp","href":"https:\/\/api.w.org\/{rel}","templated":true}]}}