{"id":474,"date":"2021-09-24T18:11:45","date_gmt":"2021-09-24T16:11:45","guid":{"rendered":"https:\/\/asafal.wp.unisi.it\/?page_id=474"},"modified":"2021-09-24T18:11:45","modified_gmt":"2021-09-24T16:11:45","slug":"sources-and-websites-of-interest","status":"publish","type":"page","link":"https:\/\/portale2.unime.it\/asafal\/latin-america\/sources-and-websites-of-interest\/","title":{"rendered":"SOURCES AND WEBSITES OF INTEREST"},"content":{"rendered":"<h4><\/h4>\n<h4 style=\"text-align: center\"><a href=\"http:\/\/www.cervantesvirtual.com\/\">Biblioteca Cervantes<\/a><\/h4>\n<h4 style=\"text-align: center\"><a href=\"http:\/\/biblio.colmex.mx\/bib_dig\/\">Biblioteca El Colegio de M\u00e9xico<\/a><\/h4>\n<h4 class=\"LC20lb DKV0Md\" style=\"text-align: center\"><a href=\"http:\/\/www.diputados.gob.mx\/inicio.htm\">C\u00e1mara de Diputados de M\u00e9xico<\/a><\/h4>\n<h4 style=\"text-align: center\"><a href=\"http:\/\/celacinternational.org\/\">CELAC<\/a><\/h4>\n<h4 style=\"text-align: center\"><a href=\"http:\/\/www.congreso.cl\/\">Congreso Nacional Chile<\/a><\/h4>\n<h4 style=\"text-align: center\"><a href=\"https:\/\/www.europarl.europa.eu\/intcoop\/eurolat\/menu_es.htm\">Eurolat<\/a><\/h4>\n<h4 style=\"text-align: center\"><a href=\"https:\/\/parlacen.int\/inicio\">Parlacen<\/a><\/h4>\n<h4 style=\"text-align: center\"><a href=\"https:\/\/parlatino.org\/\">Parlatino<\/a><\/h4>\n<h4 style=\"text-align: center\"><a href=\"https:\/\/www.parlamentoandino.org\/\">Parlamento Andino<\/a><\/h4>\n<h4 style=\"text-align: center\"><a href=\"https:\/\/www.parlamentomercosur.org\/\">Parlasur<\/a><\/h4>\n<h4 style=\"text-align: center\"><\/h4>\n<p>&nbsp;<\/p>\n","protected":false},"excerpt":{"rendered":"<p>Biblioteca Cervantes Biblioteca El Colegio de M\u00e9xico C\u00e1mara de Diputados de M\u00e9xico CELAC Congreso Nacional Chile Eurolat Parlacen Parlatino Parlamento [&hellip;]<\/p>\n","protected":false},"author":1,"featured_media":0,"parent":346,"menu_order":0,"comment_status":"closed","ping_status":"closed","template":"","meta":{"site-sidebar-layout":"default","site-content-layout":"","ast-site-content-layout":"default","site-content-style":"default","site-sidebar-style":"default","ast-global-header-display":"","ast-banner-title-visibility":"","ast-main-header-display":"","ast-hfb-above-header-display":"","ast-hfb-below-header-display":"","ast-hfb-mobile-header-display":"","site-post-title":"","ast-breadcrumbs-content":"","ast-featured-img":"","footer-sml-layout":"","ast-disable-related-posts":"","theme-transparent-header-meta":"","adv-header-id-meta":"","stick-header-meta":"","header-above-stick-meta":"","header-main-stick-meta":"","header-below-stick-meta":"","astra-migrate-meta-layouts":"default","ast-page-background-enabled":"default","ast-page-background-meta":{"desktop":{"background-color":"var(--ast-global-color-5)","background-image":"","background-repeat":"repeat","background-position":"center center","background-size":"auto","background-attachment":"scroll","background-type":"","background-media":"","overlay-type":"","overlay-color":"","overlay-opacity":"","overlay-gradient":""},"tablet":{"background-color":"","background-image":"","background-repeat":"repeat","background-position":"center center","background-size":"auto","background-attachment":"scroll","background-type":"","background-media":"","overlay-type":"","overlay-color":"","overlay-opacity":"","overlay-gradient":""},"mobile":{"background-color":"","background-image":"","background-repeat":"repeat","background-position":"center center","background-size":"auto","background-attachment":"scroll","background-type":"","background-media":"","overlay-type":"","overlay-color":"","overlay-opacity":"","overlay-gradient":""}},"ast-content-background-meta":{"desktop":{"background-color":"var(--ast-global-color-4)","background-image":"","background-repeat":"repeat","background-position":"center center","background-size":"auto","background-attachment":"scroll","background-type":"","background-media":"","overlay-type":"","overlay-color":"","overlay-opacity":"","overlay-gradient":""},"tablet":{"background-color":"var(--ast-global-color-4)","background-image":"","background-repeat":"repeat","background-position":"center center","background-size":"auto","background-attachment":"scroll","background-type":"","background-media":"","overlay-type":"","overlay-color":"","overlay-opacity":"","overlay-gradient":""},"mobile":{"background-color":"var(--ast-global-color-4)","background-image":"","background-repeat":"repeat","background-position":"center center","background-size":"auto","background-attachment":"scroll","background-type":"","background-media":"","overlay-type":"","overlay-color":"","overlay-opacity":"","overlay-gradient":""}},"footnotes":""},"class_list":["post-474","page","type-page","status-publish","hentry"],"yoast_head":"<!-- This site is optimized with the Yoast SEO plugin v27.5 - https:\/\/yoast.com\/product\/yoast-seo-wordpress\/ -->\n<title>SOURCES AND WEBSITES OF INTEREST - Asafal<\/title>\n<meta name=\"robots\" content=\"index, follow, max-snippet:-1, max-image-preview:large, max-video-preview:-1\" \/>\n<link rel=\"canonical\" href=\"https:\/\/portale2.unime.it\/asafal\/latin-america\/sources-and-websites-of-interest\/\" \/>\n<meta property=\"og:locale\" content=\"it_IT\" \/>\n<meta property=\"og:type\" content=\"article\" \/>\n<meta property=\"og:title\" content=\"SOURCES AND WEBSITES OF INTEREST - Asafal\" \/>\n<meta property=\"og:description\" content=\"Biblioteca Cervantes Biblioteca El Colegio de M\u00e9xico C\u00e1mara de Diputados de M\u00e9xico CELAC Congreso Nacional Chile Eurolat Parlacen Parlatino Parlamento [&hellip;]\" \/>\n<meta property=\"og:url\" content=\"https:\/\/portale2.unime.it\/asafal\/latin-america\/sources-and-websites-of-interest\/\" \/>\n<meta property=\"og:site_name\" content=\"Asafal\" \/>\n<meta name=\"twitter:card\" content=\"summary_large_image\" \/>\n<script type=\"application\/ld+json\" class=\"yoast-schema-graph\">{\"@context\":\"https:\\\/\\\/schema.org\",\"@graph\":[{\"@type\":\"WebPage\",\"@id\":\"https:\\\/\\\/portale2.unime.it\\\/asafal\\\/latin-america\\\/sources-and-websites-of-interest\\\/\",\"url\":\"https:\\\/\\\/portale2.unime.it\\\/asafal\\\/latin-america\\\/sources-and-websites-of-interest\\\/\",\"name\":\"SOURCES AND WEBSITES OF INTEREST - Asafal\",\"isPartOf\":{\"@id\":\"https:\\\/\\\/portale2.unime.it\\\/asafal\\\/#website\"},\"datePublished\":\"2021-09-24T16:11:45+00:00\",\"breadcrumb\":{\"@id\":\"https:\\\/\\\/portale2.unime.it\\\/asafal\\\/latin-america\\\/sources-and-websites-of-interest\\\/#breadcrumb\"},\"inLanguage\":\"it-IT\",\"potentialAction\":[{\"@type\":\"ReadAction\",\"target\":[\"https:\\\/\\\/portale2.unime.it\\\/asafal\\\/latin-america\\\/sources-and-websites-of-interest\\\/\"]}]},{\"@type\":\"BreadcrumbList\",\"@id\":\"https:\\\/\\\/portale2.unime.it\\\/asafal\\\/latin-america\\\/sources-and-websites-of-interest\\\/#breadcrumb\",\"itemListElement\":[{\"@type\":\"ListItem\",\"position\":1,\"name\":\"Home\",\"item\":\"https:\\\/\\\/portale2.unime.it\\\/asafal\\\/\"},{\"@type\":\"ListItem\",\"position\":2,\"name\":\"LATIN AMERICA\",\"item\":\"https:\\\/\\\/portale2.unime.it\\\/asafal\\\/latin-america\\\/\"},{\"@type\":\"ListItem\",\"position\":3,\"name\":\"SOURCES AND WEBSITES OF INTEREST\"}]},{\"@type\":\"WebSite\",\"@id\":\"https:\\\/\\\/portale2.unime.it\\\/asafal\\\/#website\",\"url\":\"https:\\\/\\\/portale2.unime.it\\\/asafal\\\/\",\"name\":\"Asafal\",\"description\":\"\",\"publisher\":{\"@id\":\"https:\\\/\\\/portale2.unime.it\\\/asafal\\\/#organization\"},\"potentialAction\":[{\"@type\":\"SearchAction\",\"target\":{\"@type\":\"EntryPoint\",\"urlTemplate\":\"https:\\\/\\\/portale2.unime.it\\\/asafal\\\/?s={search_term_string}\"},\"query-input\":{\"@type\":\"PropertyValueSpecification\",\"valueRequired\":true,\"valueName\":\"search_term_string\"}}],\"inLanguage\":\"it-IT\"},{\"@type\":\"Organization\",\"@id\":\"https:\\\/\\\/portale2.unime.it\\\/asafal\\\/#organization\",\"name\":\"Asafal\",\"url\":\"https:\\\/\\\/portale2.unime.it\\\/asafal\\\/\",\"logo\":{\"@type\":\"ImageObject\",\"inLanguage\":\"it-IT\",\"@id\":\"https:\\\/\\\/portale2.unime.it\\\/asafal\\\/#\\\/schema\\\/logo\\\/image\\\/\",\"url\":\"https:\\\/\\\/portale2.unime.it\\\/asafal\\\/wp-content\\\/uploads\\\/sites\\\/105\\\/2019\\\/07\\\/Logo-ASAFAL1.jpg\",\"contentUrl\":\"https:\\\/\\\/portale2.unime.it\\\/asafal\\\/wp-content\\\/uploads\\\/sites\\\/105\\\/2019\\\/07\\\/Logo-ASAFAL1.jpg\",\"width\":300,\"height\":212,\"caption\":\"Asafal\"},\"image\":{\"@id\":\"https:\\\/\\\/portale2.unime.it\\\/asafal\\\/#\\\/schema\\\/logo\\\/image\\\/\"}}]}<\/script>\n<!-- \/ Yoast SEO plugin. -->","yoast_head_json":{"title":"SOURCES AND WEBSITES OF INTEREST - Asafal","robots":{"index":"index","follow":"follow","max-snippet":"max-snippet:-1","max-image-preview":"max-image-preview:large","max-video-preview":"max-video-preview:-1"},"canonical":"https:\/\/portale2.unime.it\/asafal\/latin-america\/sources-and-websites-of-interest\/","og_locale":"it_IT","og_type":"article","og_title":"SOURCES AND WEBSITES OF INTEREST - Asafal","og_description":"Biblioteca Cervantes Biblioteca El Colegio de M\u00e9xico C\u00e1mara de Diputados de M\u00e9xico CELAC Congreso Nacional Chile Eurolat Parlacen Parlatino Parlamento [&hellip;]","og_url":"https:\/\/portale2.unime.it\/asafal\/latin-america\/sources-and-websites-of-interest\/","og_site_name":"Asafal","twitter_card":"summary_large_image","schema":{"@context":"https:\/\/schema.org","@graph":[{"@type":"WebPage","@id":"https:\/\/portale2.unime.it\/asafal\/latin-america\/sources-and-websites-of-interest\/","url":"https:\/\/portale2.unime.it\/asafal\/latin-america\/sources-and-websites-of-interest\/","name":"SOURCES AND WEBSITES OF INTEREST - Asafal","isPartOf":{"@id":"https:\/\/portale2.unime.it\/asafal\/#website"},"datePublished":"2021-09-24T16:11:45+00:00","breadcrumb":{"@id":"https:\/\/portale2.unime.it\/asafal\/latin-america\/sources-and-websites-of-interest\/#breadcrumb"},"inLanguage":"it-IT","potentialAction":[{"@type":"ReadAction","target":["https:\/\/portale2.unime.it\/asafal\/latin-america\/sources-and-websites-of-interest\/"]}]},{"@type":"BreadcrumbList","@id":"https:\/\/portale2.unime.it\/asafal\/latin-america\/sources-and-websites-of-interest\/#breadcrumb","itemListElement":[{"@type":"ListItem","position":1,"name":"Home","item":"https:\/\/portale2.unime.it\/asafal\/"},{"@type":"ListItem","position":2,"name":"LATIN AMERICA","item":"https:\/\/portale2.unime.it\/asafal\/latin-america\/"},{"@type":"ListItem","position":3,"name":"SOURCES AND WEBSITES OF INTEREST"}]},{"@type":"WebSite","@id":"https:\/\/portale2.unime.it\/asafal\/#website","url":"https:\/\/portale2.unime.it\/asafal\/","name":"Asafal","description":"","publisher":{"@id":"https:\/\/portale2.unime.it\/asafal\/#organization"},"potentialAction":[{"@type":"SearchAction","target":{"@type":"EntryPoint","urlTemplate":"https:\/\/portale2.unime.it\/asafal\/?s={search_term_string}"},"query-input":{"@type":"PropertyValueSpecification","valueRequired":true,"valueName":"search_term_string"}}],"inLanguage":"it-IT"},{"@type":"Organization","@id":"https:\/\/portale2.unime.it\/asafal\/#organization","name":"Asafal","url":"https:\/\/portale2.unime.it\/asafal\/","logo":{"@type":"ImageObject","inLanguage":"it-IT","@id":"https:\/\/portale2.unime.it\/asafal\/#\/schema\/logo\/image\/","url":"https:\/\/portale2.unime.it\/asafal\/wp-content\/uploads\/sites\/105\/2019\/07\/Logo-ASAFAL1.jpg","contentUrl":"https:\/\/portale2.unime.it\/asafal\/wp-content\/uploads\/sites\/105\/2019\/07\/Logo-ASAFAL1.jpg","width":300,"height":212,"caption":"Asafal"},"image":{"@id":"https:\/\/portale2.unime.it\/asafal\/#\/schema\/logo\/image\/"}}]}},"_links":{"self":[{"href":"https:\/\/portale2.unime.it\/asafal\/wp-json\/wp\/v2\/pages\/474","targetHints":{"allow":["GET"]}}],"collection":[{"href":"https:\/\/portale2.unime.it\/asafal\/wp-json\/wp\/v2\/pages"}],"about":[{"href":"https:\/\/portale2.unime.it\/asafal\/wp-json\/wp\/v2\/types\/page"}],"author":[{"embeddable":true,"href":"https:\/\/portale2.unime.it\/asafal\/wp-json\/wp\/v2\/users\/1"}],"replies":[{"embeddable":true,"href":"https:\/\/portale2.unime.it\/asafal\/wp-json\/wp\/v2\/comments?post=474"}],"version-history":[{"count":0,"href":"https:\/\/portale2.unime.it\/asafal\/wp-json\/wp\/v2\/pages\/474\/revisions"}],"up":[{"embeddable":true,"href":"https:\/\/portale2.unime.it\/asafal\/wp-json\/wp\/v2\/pages\/346"}],"wp:attachment":[{"href":"https:\/\/portale2.unime.it\/asafal\/wp-json\/wp\/v2\/media?parent=474"}],"curies":[{"name":"wp","href":"https:\/\/api.w.org\/{rel}","templated":true}]}}