{"id":2209,"date":"2025-03-25T18:43:04","date_gmt":"2025-03-25T17:43:04","guid":{"rendered":"https:\/\/portale2.unime.it\/biosymp\/?page_id=2209"},"modified":"2025-03-26T09:32:53","modified_gmt":"2025-03-26T08:32:53","slug":"kristian-kurt-muller-nedebock","status":"publish","type":"page","link":"https:\/\/portale2.unime.it\/biosymp\/people\/kristian-kurt-muller-nedebock\/","title":{"rendered":"Kristian Kurt M\u00fcller-Nedebock"},"content":{"rendered":"\t\t<div data-elementor-type=\"wp-page\" data-elementor-id=\"2209\" class=\"elementor elementor-2209\">\n\t\t\t\t\t\t<section class=\"elementor-section elementor-top-section elementor-element elementor-element-71e8918 elementor-section-boxed elementor-section-height-default elementor-section-height-default\" data-id=\"71e8918\" data-element_type=\"section\" data-e-type=\"section\" data-settings=\"{&quot;background_background&quot;:&quot;classic&quot;}\">\n\t\t\t\t\t\t<div class=\"elementor-container elementor-column-gap-default\">\n\t\t\t\t\t<div class=\"elementor-column elementor-col-100 elementor-top-column elementor-element elementor-element-aa31284\" data-id=\"aa31284\" data-element_type=\"column\" data-e-type=\"column\">\n\t\t\t<div class=\"elementor-widget-wrap elementor-element-populated\">\n\t\t\t\t\t\t<div class=\"elementor-element elementor-element-22469bf elementor-invisible elementor-widget elementor-widget-heading\" data-id=\"22469bf\" data-element_type=\"widget\" data-e-type=\"widget\" data-settings=\"{&quot;_animation&quot;:&quot;fadeInDown&quot;}\" data-widget_type=\"heading.default\">\n\t\t\t\t<div class=\"elementor-widget-container\">\n\t\t\t\t\t<h2 class=\"elementor-heading-title elementor-size-default\">KEYNOTE SPEAKER<\/h2>\t\t\t\t<\/div>\n\t\t\t\t<\/div>\n\t\t\t\t\t<\/div>\n\t\t<\/div>\n\t\t\t\t\t<\/div>\n\t\t<\/section>\n\t\t\t\t<section class=\"elementor-section elementor-top-section elementor-element elementor-element-ad48a45 elementor-section-boxed elementor-section-height-default elementor-section-height-default\" data-id=\"ad48a45\" data-element_type=\"section\" data-e-type=\"section\">\n\t\t\t\t\t\t<div class=\"elementor-container elementor-column-gap-default\">\n\t\t\t\t\t<div class=\"elementor-column elementor-col-33 elementor-top-column elementor-element elementor-element-ef34617 elementor-invisible\" data-id=\"ef34617\" data-element_type=\"column\" data-e-type=\"column\" data-settings=\"{&quot;background_background&quot;:&quot;classic&quot;,&quot;animation&quot;:&quot;fadeInLeft&quot;}\">\n\t\t\t<div class=\"elementor-widget-wrap elementor-element-populated\">\n\t\t\t\t\t\t<div class=\"elementor-element elementor-element-1289a7c elementor-widget elementor-widget-image\" data-id=\"1289a7c\" data-element_type=\"widget\" data-e-type=\"widget\" data-widget_type=\"image.default\">\n\t\t\t\t<div class=\"elementor-widget-container\">\n\t\t\t\t\t\t\t\t\t\t\t\t\t\t\t<img decoding=\"async\" src=\"https:\/\/portale2.unime.it\/biosymp\/wp-content\/uploads\/sites\/79\/elementor\/thumbs\/KristianKurtMuller-Nedebock-r3brg41hninr6hv4b4cra5kwiln0wrmbif0nvozob4.png\" title=\"KristianKurtMuller-Nedebock\" alt=\"Kristian Kurt M\u00fcller-Nedebock\" loading=\"lazy\" \/>\t\t\t\t\t\t\t\t\t\t\t\t\t\t\t<\/div>\n\t\t\t\t<\/div>\n\t\t\t\t<div class=\"elementor-element elementor-element-3e68c8f elementor-widget elementor-widget-heading\" data-id=\"3e68c8f\" data-element_type=\"widget\" data-e-type=\"widget\" data-widget_type=\"heading.default\">\n\t\t\t\t<div class=\"elementor-widget-container\">\n\t\t\t\t\t<h3 class=\"elementor-heading-title elementor-size-default\">Prof. Kristian Kurt M\u00fcller-Nedebock<\/h3>\t\t\t\t<\/div>\n\t\t\t\t<\/div>\n\t\t\t\t\t<\/div>\n\t\t<\/div>\n\t\t\t\t<div class=\"elementor-column elementor-col-66 elementor-top-column elementor-element elementor-element-174aaed elementor-invisible\" data-id=\"174aaed\" data-element_type=\"column\" data-e-type=\"column\" data-settings=\"{&quot;animation&quot;:&quot;fadeInRight&quot;}\">\n\t\t\t<div class=\"elementor-widget-wrap elementor-element-populated\">\n\t\t\t\t\t\t<div class=\"elementor-element elementor-element-d9d003f elementor-widget__width-inherit elementor-invisible elementor-widget elementor-widget-heading\" data-id=\"d9d003f\" data-element_type=\"widget\" data-e-type=\"widget\" data-settings=\"{&quot;_animation&quot;:&quot;slideInUp&quot;}\" data-widget_type=\"heading.default\">\n\t\t\t\t<div class=\"elementor-widget-container\">\n\t\t\t\t\t<h4 class=\"elementor-heading-title elementor-size-default\">lorem ipsum<\/h4>\t\t\t\t<\/div>\n\t\t\t\t<\/div>\n\t\t\t\t<div class=\"elementor-element elementor-element-4fa6003 elementor-widget elementor-widget-text-editor\" data-id=\"4fa6003\" data-element_type=\"widget\" data-e-type=\"widget\" data-widget_type=\"text-editor.default\">\n\t\t\t\t<div class=\"elementor-widget-container\">\n\t\t\t\t\t\t\t\t\t<p style=\"text-align: left\" align=\"justify\"><span style=\"font-family: Calibri, serif;font-size: 14pt\"><span lang=\"en-US\"><span style=\"font-family: tahoma, arial, helvetica, sans-serif\">Prof. M\u00fcller-Nedebock is a full professor at Stellenbosch University (SU), Department of Physics, South Africa. His main field of research is in physics of polymers and biological systems using theoretical and computational techniques. A considerable part of his interests is in physics of biological structures at cellular and sub-cellular length-scales, statistical physics of the cytoskeleton, statistical physics and dynamics of organelles (e.g. in mitochrondria, autophagy). He graduated with a PhD in Physics in 1996 at St John\u2019s College, University of Cambridge (United Kingdom) and he spent several years at the Max Planck Institute for Polymer Research, Mainz, Germany. He was a Council member of the South African Institute of Physics during the years 2013\u20132015. He was the Head of the Department of Physics at SU from 2018 until 2023. He was a IUPAP C6 Commission member and Deputy Director of the National Institute for Theoretical and Computational Sciences of South Africa until March 2022. Prof. M\u00fcller-Nedebock has successfully supervised 8 doctoral students and 10 Masters students.<\/span> <\/span><\/span><\/p>\t\t\t\t\t\t\t\t<\/div>\n\t\t\t\t<\/div>\n\t\t\t\t\t<\/div>\n\t\t<\/div>\n\t\t\t\t\t<\/div>\n\t\t<\/section>\n\t\t<div class=\"elementor-element elementor-element-c64f21a e-flex e-con-boxed e-con e-parent\" data-id=\"c64f21a\" data-element_type=\"container\" data-e-type=\"container\">\n\t\t\t\t\t<div class=\"e-con-inner\">\n\t\t\t\t<div class=\"elementor-element elementor-element-c425eeb elementor-align-center elementor-widget elementor-widget-button\" data-id=\"c425eeb\" data-element_type=\"widget\" data-e-type=\"widget\" data-widget_type=\"button.default\">\n\t\t\t\t<div class=\"elementor-widget-container\">\n\t\t\t\t\t\t\t\t\t<div class=\"elementor-button-wrapper\">\n\t\t\t\t\t<a class=\"elementor-button elementor-button-link elementor-size-sm\" href=\"https:\/\/portale2.unime.it\/biosymp\/people\/\">\n\t\t\t\t\t\t<span class=\"elementor-button-content-wrapper\">\n\t\t\t\t\t\t\t\t\t<span class=\"elementor-button-text\">back to the list of Keynote Speakers<\/span>\n\t\t\t\t\t<\/span>\n\t\t\t\t\t<\/a>\n\t\t\t\t<\/div>\n\t\t\t\t\t\t\t\t<\/div>\n\t\t\t\t<\/div>\n\t\t\t\t\t<\/div>\n\t\t\t\t<\/div>\n\t\t\t\t<\/div>\n\t\t","protected":false},"excerpt":{"rendered":"<p>KEYNOTE SPEAKER Prof. Kristian Kurt M\u00fcller-Nedebock lorem ipsum Prof. M\u00fcller-Nedebock is a full professor at Stellenbosch University (SU), Department of Physics, South Africa. His main field of research is in physics of polymers and biological systems using theoretical and computational techniques. A considerable part of his interests is in physics of biological structures at cellular&hellip; <a class=\"more-link\" href=\"https:\/\/portale2.unime.it\/biosymp\/people\/kristian-kurt-muller-nedebock\/\">Continue reading <span class=\"screen-reader-text\">Kristian Kurt M\u00fcller-Nedebock<\/span><\/a><\/p>\n","protected":false},"author":93,"featured_media":0,"parent":44,"menu_order":0,"comment_status":"closed","ping_status":"closed","template":"elementor_header_footer","meta":{"footnotes":""},"class_list":["post-2209","page","type-page","status-publish","hentry","entry"],"yoast_head":"<!-- This site is optimized with the Yoast SEO plugin v27.4 - https:\/\/yoast.com\/product\/yoast-seo-wordpress\/ -->\n<title>Kristian Kurt M\u00fcller-Nedebock - BioSymp<\/title>\n<meta name=\"robots\" content=\"index, follow, max-snippet:-1, max-image-preview:large, max-video-preview:-1\" \/>\n<link rel=\"canonical\" href=\"https:\/\/portale2.unime.it\/biosymp\/people\/kristian-kurt-muller-nedebock\/\" \/>\n<meta property=\"og:locale\" content=\"en_GB\" \/>\n<meta property=\"og:type\" content=\"article\" \/>\n<meta property=\"og:title\" content=\"Kristian Kurt M\u00fcller-Nedebock - BioSymp\" \/>\n<meta property=\"og:description\" content=\"KEYNOTE SPEAKER Prof. Kristian Kurt M\u00fcller-Nedebock lorem ipsum Prof. M\u00fcller-Nedebock is a full professor at Stellenbosch University (SU), Department of Physics, South Africa. His main field of research is in physics of polymers and biological systems using theoretical and computational techniques. A considerable part of his interests is in physics of biological structures at cellular&hellip; Continue reading Kristian Kurt M\u00fcller-Nedebock\" \/>\n<meta property=\"og:url\" content=\"https:\/\/portale2.unime.it\/biosymp\/people\/kristian-kurt-muller-nedebock\/\" \/>\n<meta property=\"og:site_name\" content=\"BioSymp\" \/>\n<meta property=\"article:modified_time\" content=\"2025-03-26T08:32:53+00:00\" \/>\n<meta property=\"og:image\" content=\"https:\/\/portale2.unime.it\/biosymp\/wp-content\/uploads\/sites\/79\/elementor\/thumbs\/KristianKurtMuller-Nedebock-r3brg41hninr6hv4b4cra5kwiln0wrmbif0nvozob4.png\" \/>\n<meta name=\"twitter:card\" content=\"summary_large_image\" \/>\n<meta name=\"twitter:label1\" content=\"Estimated reading time\" \/>\n\t<meta name=\"twitter:data1\" content=\"1 minute\" \/>\n<script type=\"application\/ld+json\" class=\"yoast-schema-graph\">{\"@context\":\"https:\\\/\\\/schema.org\",\"@graph\":[{\"@type\":\"WebPage\",\"@id\":\"https:\\\/\\\/portale2.unime.it\\\/biosymp\\\/people\\\/kristian-kurt-muller-nedebock\\\/\",\"url\":\"https:\\\/\\\/portale2.unime.it\\\/biosymp\\\/people\\\/kristian-kurt-muller-nedebock\\\/\",\"name\":\"Kristian Kurt M\u00fcller-Nedebock - BioSymp\",\"isPartOf\":{\"@id\":\"https:\\\/\\\/portale2.unime.it\\\/biosymp\\\/#website\"},\"primaryImageOfPage\":{\"@id\":\"https:\\\/\\\/portale2.unime.it\\\/biosymp\\\/people\\\/kristian-kurt-muller-nedebock\\\/#primaryimage\"},\"image\":{\"@id\":\"https:\\\/\\\/portale2.unime.it\\\/biosymp\\\/people\\\/kristian-kurt-muller-nedebock\\\/#primaryimage\"},\"thumbnailUrl\":\"https:\\\/\\\/portale2.unime.it\\\/biosymp\\\/wp-content\\\/uploads\\\/sites\\\/79\\\/elementor\\\/thumbs\\\/KristianKurtMuller-Nedebock-r3brg41hninr6hv4b4cra5kwiln0wrmbif0nvozob4.png\",\"datePublished\":\"2025-03-25T17:43:04+00:00\",\"dateModified\":\"2025-03-26T08:32:53+00:00\",\"breadcrumb\":{\"@id\":\"https:\\\/\\\/portale2.unime.it\\\/biosymp\\\/people\\\/kristian-kurt-muller-nedebock\\\/#breadcrumb\"},\"inLanguage\":\"en-GB\",\"potentialAction\":[{\"@type\":\"ReadAction\",\"target\":[\"https:\\\/\\\/portale2.unime.it\\\/biosymp\\\/people\\\/kristian-kurt-muller-nedebock\\\/\"]}]},{\"@type\":\"ImageObject\",\"inLanguage\":\"en-GB\",\"@id\":\"https:\\\/\\\/portale2.unime.it\\\/biosymp\\\/people\\\/kristian-kurt-muller-nedebock\\\/#primaryimage\",\"url\":\"https:\\\/\\\/portale2.unime.it\\\/biosymp\\\/wp-content\\\/uploads\\\/sites\\\/79\\\/elementor\\\/thumbs\\\/KristianKurtMuller-Nedebock-r3brg41hninr6hv4b4cra5kwiln0wrmbif0nvozob4.png\",\"contentUrl\":\"https:\\\/\\\/portale2.unime.it\\\/biosymp\\\/wp-content\\\/uploads\\\/sites\\\/79\\\/elementor\\\/thumbs\\\/KristianKurtMuller-Nedebock-r3brg41hninr6hv4b4cra5kwiln0wrmbif0nvozob4.png\"},{\"@type\":\"BreadcrumbList\",\"@id\":\"https:\\\/\\\/portale2.unime.it\\\/biosymp\\\/people\\\/kristian-kurt-muller-nedebock\\\/#breadcrumb\",\"itemListElement\":[{\"@type\":\"ListItem\",\"position\":1,\"name\":\"Home\",\"item\":\"https:\\\/\\\/portale2.unime.it\\\/biosymp\\\/\"},{\"@type\":\"ListItem\",\"position\":2,\"name\":\"PEOPLE\",\"item\":\"https:\\\/\\\/portale2.unime.it\\\/biosymp\\\/people\\\/\"},{\"@type\":\"ListItem\",\"position\":3,\"name\":\"Kristian Kurt M\u00fcller-Nedebock\"}]},{\"@type\":\"WebSite\",\"@id\":\"https:\\\/\\\/portale2.unime.it\\\/biosymp\\\/#website\",\"url\":\"https:\\\/\\\/portale2.unime.it\\\/biosymp\\\/\",\"name\":\"BioSymp\",\"description\":\"\",\"publisher\":{\"@id\":\"https:\\\/\\\/portale2.unime.it\\\/biosymp\\\/#organization\"},\"potentialAction\":[{\"@type\":\"SearchAction\",\"target\":{\"@type\":\"EntryPoint\",\"urlTemplate\":\"https:\\\/\\\/portale2.unime.it\\\/biosymp\\\/?s={search_term_string}\"},\"query-input\":{\"@type\":\"PropertyValueSpecification\",\"valueRequired\":true,\"valueName\":\"search_term_string\"}}],\"inLanguage\":\"en-GB\"},{\"@type\":\"Organization\",\"@id\":\"https:\\\/\\\/portale2.unime.it\\\/biosymp\\\/#organization\",\"name\":\"BioSymp\",\"url\":\"https:\\\/\\\/portale2.unime.it\\\/biosymp\\\/\",\"logo\":{\"@type\":\"ImageObject\",\"inLanguage\":\"en-GB\",\"@id\":\"https:\\\/\\\/portale2.unime.it\\\/biosymp\\\/#\\\/schema\\\/logo\\\/image\\\/\",\"url\":\"https:\\\/\\\/portale2.unime.it\\\/biosymp\\\/wp-content\\\/uploads\\\/sites\\\/79\\\/2025\\\/03\\\/cropped-logo-BioSymp.jpeg\",\"contentUrl\":\"https:\\\/\\\/portale2.unime.it\\\/biosymp\\\/wp-content\\\/uploads\\\/sites\\\/79\\\/2025\\\/03\\\/cropped-logo-BioSymp.jpeg\",\"width\":2048,\"height\":876,\"caption\":\"BioSymp\"},\"image\":{\"@id\":\"https:\\\/\\\/portale2.unime.it\\\/biosymp\\\/#\\\/schema\\\/logo\\\/image\\\/\"}}]}<\/script>\n<!-- \/ Yoast SEO plugin. -->","yoast_head_json":{"title":"Kristian Kurt M\u00fcller-Nedebock - BioSymp","robots":{"index":"index","follow":"follow","max-snippet":"max-snippet:-1","max-image-preview":"max-image-preview:large","max-video-preview":"max-video-preview:-1"},"canonical":"https:\/\/portale2.unime.it\/biosymp\/people\/kristian-kurt-muller-nedebock\/","og_locale":"en_GB","og_type":"article","og_title":"Kristian Kurt M\u00fcller-Nedebock - BioSymp","og_description":"KEYNOTE SPEAKER Prof. Kristian Kurt M\u00fcller-Nedebock lorem ipsum Prof. M\u00fcller-Nedebock is a full professor at Stellenbosch University (SU), Department of Physics, South Africa. His main field of research is in physics of polymers and biological systems using theoretical and computational techniques. A considerable part of his interests is in physics of biological structures at cellular&hellip; Continue reading Kristian Kurt M\u00fcller-Nedebock","og_url":"https:\/\/portale2.unime.it\/biosymp\/people\/kristian-kurt-muller-nedebock\/","og_site_name":"BioSymp","article_modified_time":"2025-03-26T08:32:53+00:00","og_image":[{"url":"https:\/\/portale2.unime.it\/biosymp\/wp-content\/uploads\/sites\/79\/elementor\/thumbs\/KristianKurtMuller-Nedebock-r3brg41hninr6hv4b4cra5kwiln0wrmbif0nvozob4.png","type":"","width":"","height":""}],"twitter_card":"summary_large_image","twitter_misc":{"Estimated reading time":"1 minute"},"schema":{"@context":"https:\/\/schema.org","@graph":[{"@type":"WebPage","@id":"https:\/\/portale2.unime.it\/biosymp\/people\/kristian-kurt-muller-nedebock\/","url":"https:\/\/portale2.unime.it\/biosymp\/people\/kristian-kurt-muller-nedebock\/","name":"Kristian Kurt M\u00fcller-Nedebock - BioSymp","isPartOf":{"@id":"https:\/\/portale2.unime.it\/biosymp\/#website"},"primaryImageOfPage":{"@id":"https:\/\/portale2.unime.it\/biosymp\/people\/kristian-kurt-muller-nedebock\/#primaryimage"},"image":{"@id":"https:\/\/portale2.unime.it\/biosymp\/people\/kristian-kurt-muller-nedebock\/#primaryimage"},"thumbnailUrl":"https:\/\/portale2.unime.it\/biosymp\/wp-content\/uploads\/sites\/79\/elementor\/thumbs\/KristianKurtMuller-Nedebock-r3brg41hninr6hv4b4cra5kwiln0wrmbif0nvozob4.png","datePublished":"2025-03-25T17:43:04+00:00","dateModified":"2025-03-26T08:32:53+00:00","breadcrumb":{"@id":"https:\/\/portale2.unime.it\/biosymp\/people\/kristian-kurt-muller-nedebock\/#breadcrumb"},"inLanguage":"en-GB","potentialAction":[{"@type":"ReadAction","target":["https:\/\/portale2.unime.it\/biosymp\/people\/kristian-kurt-muller-nedebock\/"]}]},{"@type":"ImageObject","inLanguage":"en-GB","@id":"https:\/\/portale2.unime.it\/biosymp\/people\/kristian-kurt-muller-nedebock\/#primaryimage","url":"https:\/\/portale2.unime.it\/biosymp\/wp-content\/uploads\/sites\/79\/elementor\/thumbs\/KristianKurtMuller-Nedebock-r3brg41hninr6hv4b4cra5kwiln0wrmbif0nvozob4.png","contentUrl":"https:\/\/portale2.unime.it\/biosymp\/wp-content\/uploads\/sites\/79\/elementor\/thumbs\/KristianKurtMuller-Nedebock-r3brg41hninr6hv4b4cra5kwiln0wrmbif0nvozob4.png"},{"@type":"BreadcrumbList","@id":"https:\/\/portale2.unime.it\/biosymp\/people\/kristian-kurt-muller-nedebock\/#breadcrumb","itemListElement":[{"@type":"ListItem","position":1,"name":"Home","item":"https:\/\/portale2.unime.it\/biosymp\/"},{"@type":"ListItem","position":2,"name":"PEOPLE","item":"https:\/\/portale2.unime.it\/biosymp\/people\/"},{"@type":"ListItem","position":3,"name":"Kristian Kurt M\u00fcller-Nedebock"}]},{"@type":"WebSite","@id":"https:\/\/portale2.unime.it\/biosymp\/#website","url":"https:\/\/portale2.unime.it\/biosymp\/","name":"BioSymp","description":"","publisher":{"@id":"https:\/\/portale2.unime.it\/biosymp\/#organization"},"potentialAction":[{"@type":"SearchAction","target":{"@type":"EntryPoint","urlTemplate":"https:\/\/portale2.unime.it\/biosymp\/?s={search_term_string}"},"query-input":{"@type":"PropertyValueSpecification","valueRequired":true,"valueName":"search_term_string"}}],"inLanguage":"en-GB"},{"@type":"Organization","@id":"https:\/\/portale2.unime.it\/biosymp\/#organization","name":"BioSymp","url":"https:\/\/portale2.unime.it\/biosymp\/","logo":{"@type":"ImageObject","inLanguage":"en-GB","@id":"https:\/\/portale2.unime.it\/biosymp\/#\/schema\/logo\/image\/","url":"https:\/\/portale2.unime.it\/biosymp\/wp-content\/uploads\/sites\/79\/2025\/03\/cropped-logo-BioSymp.jpeg","contentUrl":"https:\/\/portale2.unime.it\/biosymp\/wp-content\/uploads\/sites\/79\/2025\/03\/cropped-logo-BioSymp.jpeg","width":2048,"height":876,"caption":"BioSymp"},"image":{"@id":"https:\/\/portale2.unime.it\/biosymp\/#\/schema\/logo\/image\/"}}]}},"_links":{"self":[{"href":"https:\/\/portale2.unime.it\/biosymp\/wp-json\/wp\/v2\/pages\/2209","targetHints":{"allow":["GET"]}}],"collection":[{"href":"https:\/\/portale2.unime.it\/biosymp\/wp-json\/wp\/v2\/pages"}],"about":[{"href":"https:\/\/portale2.unime.it\/biosymp\/wp-json\/wp\/v2\/types\/page"}],"author":[{"embeddable":true,"href":"https:\/\/portale2.unime.it\/biosymp\/wp-json\/wp\/v2\/users\/93"}],"replies":[{"embeddable":true,"href":"https:\/\/portale2.unime.it\/biosymp\/wp-json\/wp\/v2\/comments?post=2209"}],"version-history":[{"count":7,"href":"https:\/\/portale2.unime.it\/biosymp\/wp-json\/wp\/v2\/pages\/2209\/revisions"}],"predecessor-version":[{"id":2308,"href":"https:\/\/portale2.unime.it\/biosymp\/wp-json\/wp\/v2\/pages\/2209\/revisions\/2308"}],"up":[{"embeddable":true,"href":"https:\/\/portale2.unime.it\/biosymp\/wp-json\/wp\/v2\/pages\/44"}],"wp:attachment":[{"href":"https:\/\/portale2.unime.it\/biosymp\/wp-json\/wp\/v2\/media?parent=2209"}],"curies":[{"name":"wp","href":"https:\/\/api.w.org\/{rel}","templated":true}]}}