{"id":596,"date":"2021-09-20T07:51:40","date_gmt":"2021-09-20T05:51:40","guid":{"rendered":"https:\/\/portale.unime.it\/blogeconomics\/?page_id=596"},"modified":"2021-09-20T07:51:40","modified_gmt":"2021-09-20T05:51:40","slug":"privacy","status":"publish","type":"page","link":"https:\/\/portale2.unime.it\/blogeconomics\/privacy\/","title":{"rendered":"Privacy"},"content":{"rendered":"<p><strong>Informativa Privacy<\/strong><\/p>\n<p><strong>Informativa sul trattamento dei dati personali (ai sensi dell\u2019art. 13 Regolamento UE 2016\/679)<\/strong><\/p>\n<p>L\u2019informativa sulla privacy resa ai sensi dell\u2019art. 13 del Decreto legislativo n. 196\/2003, \u201c<a href=\"https:\/\/www.garanteprivacy.it\/il-testo-del-regolamento\">Codice in materia di protezione dei dati personali<\/a>, \u00e8 rivolta a tutti gli utenti che interagiscono con il sito \u201chttp:\/\/blogeconomics.unime.it\/\u201d fornendo volontariamente i propri dati personali. La validit\u00e0 dell\u2019informativa contenuta nella presente pagina \u00e8 limitata al solo Sito e non si estende ad altri siti web eventualmente consultabili mediante collegamento ipertestuale. L\u2019informativa si ispira anche alla Raccomandazione n. 2\/2001 che le autorit\u00e0 europee per la protezione dei dati personali, riunite nel Gruppo istituito dall\u2019art. 29 della Direttiva n. 95\/46\/CE , hanno adottato il 17 maggio 2001 per individuare alcuni requisiti minimi per la raccolta di dati personali on-line, e, in particolare, le modalit\u00e0, i tempi e la natura delle informazioni che i titolari del trattamento devono fornire agli utenti quando questi si collegano a pagine web, indipendentemente dagli scopi del collegamento.<\/p>\n<p><strong>IL TITOLARE DEL TRATTAMENTO<\/strong><\/p>\n<p>Il Titolare del trattamento per i dati raccolti attraverso il sito \u00e8:<br \/>\nLIMOSANI MICHELE &#8211; Dipartimento di Economia \u2013 Universit\u00e0 degli Studi 98122 &#8211; Messina<br \/>\nI dati personali sono trattati secondo quanto indicato dall&#8217;art. 5 del RGPD: in modo lecito, corretto e trasparente; per finalit\u00e0 determinate, esplicite e legittime; nel rispetto dei principi di qualit\u00e0 dei dati (minimizzazione, esattezza e limitazione della conservazione), e dei requisiti di sicurezza di cui all&#8217;art. 32 del RGPD (integrit\u00e0 e riservatezza; disponibilit\u00e0 e resilienza dei sistemi).<br \/>\nIl soggetto interessato pu\u00f2 azionare il controllo sulle proprie informazioni esercitando i diritti declarati al CAPO III del RGPD: di informazione e accesso (artt.12-15) ottenendone origine, finalit\u00e0, copia, destinazione dei dati e base giuridica; potendone chiedere la rettifica (artt.16,19) e\/o la cancellazione (artt.17, 19), la limitazione di trattamento (artt.18, 19) o l&#8217;esistenza di un processo decisionale automatizzato (art. 22).<br \/>\nIl soggetto interessato in qualsiasi momento pu\u00f2 opporsi al trattamento (art. 21), revocare il consenso (senza tuttavia pregiudicare la liceit\u00e0 del trattamento basata sul consenso prestato prima della revoca, art. 7); inoltre pu\u00f2 proporre reclamo all&#8217;Autorit\u00e0 di Controllo (art.15). Per l&#8217;esercizio dei suddetti diritti \u00e8 disponibile il seguente modulo.<br \/>\nL&#8217;Autorit\u00e0 di Controllo nazionale italiana in materia di protezione dei dati personali \u00e8 Il Garante per la protezione dei dati personali (Garante Privacy). <a href=\"http:\/\/www.garanteprivacy.it\/\">http:\/\/www.garanteprivacy.it<\/a>.<br \/>\nPer azionare i propri diritti l&#8217;interessato pu\u00f2 contattare il Titolare.<\/p>\n<p><strong>CHE COSA SONO I COOKIE?<\/strong><\/p>\n<p>I cookie sono identificatori univoci, generalmente composti di piccole stringhe di testo o codice. Di regola, i cookie sono memorizzati sul vostro dispositivo o nel vostro browser e inviano determinate informazioni alla parte che ha trasmesso il cookie. Quando parliamo di cookie, ci riferiamo in realt\u00e0 a una pi\u00f9 vasta gamma di tecnologie piuttosto che soltanto ai cookie, compresi web beacon, clear gifs, pixel e altre tecnologie simili. Quando parliamo di cookie proprietari, intendiamo i cookie trasmessi da \u201chttp:\/\/blogeconomics.unime.it\/\u201d . Quando parliamo di cookie di terzi, intendiamo i cookie trasmessi da soggetti terzi estranei a \u201chttp:\/\/blogeconomics.unime.it\/\u201d.<\/p>\n<p><strong>COME SONO UTILIZZATI I COOKIE?<\/strong><\/p>\n<p>I cookie sono utilizzati per comprendere meglio come lavorano le applicazioni e i siti web e per ottimizzare le esperienze online e mobili. I cookie fanno ci\u00f2 consentendo alla parte che trasmette il cookie di analizzare le prestazioni di un sito web o di un&#8217;app mobile, di identificare determinati utenti in modo anonimo e ricordare le loro preferenze, di comprendere meglio se un computer o dispositivo (e probabilmente il suo utente) ha gi\u00e0 visitato un sito web e di fornire pubblicit\u00e0 personalizzate.<\/p>\n<p><strong>IN CHE MODO POSSO EVITARE I COOKIE?<\/strong><\/p>\n<p>Potete evitare determinati cookie configurando le impostazioni del vostro browser o disattivando direttamente la parte che gestisce e controlla i cookie. Controllate le impostazioni del vostro browser per informazioni pi\u00f9 dettagliate. Disabilitare i cookie potrebbe impedire il corretto funzionamento di alcune funzionalit\u00e0 di questo sito. Per informazioni dettagliate sulla procedura necessaria \u00e8 possibile consultare la guida del browser.<br \/>\nPer una panoramica dei browser pi\u00f9 comuni, visitare l&#8217;indirizzo\u00a0<a href=\"http:\/\/www.cookiepedia.co.uk\/index.php?title=How_to_Manage_Cookies\">http:\/\/www.cookiepedia.co.uk\/index.php?title=How_to_Manage_Cookies\u00a0<\/a>oppure\u00a0<a href=\"http:\/\/www.aboutcookies.org\/\">http:\/\/www.aboutcookies.org\/<\/a><br \/>\nLe societ\u00e0 pubblicitarie consentono inoltre di rinunciare alla ricezione di annunci mirati, se lo si desidera. Ci\u00f2 non impedisce l&#8217;impostazione dei cookie, ma interrompe l&#8217;utilizzo e la raccolta di alcuni dati da parte di tali societ\u00e0. Per maggiori informazioni e possibilit\u00e0 di rinuncia, visitare l&#8217;indirizzo\u00a0<a href=\"http:\/\/www.youronlinechoices.eu\/\">http:\/\/www.youronlinechoices.eu\/<\/a><\/p>\n<p><strong>MAGGIORI INFORMAZIONI<\/strong><\/p>\n<p>Speriamo di aver descritto con chiarezza l\u2019uso dei cookie su questo sito per consentirvi di stabilire se ci sono cookie che voi ritenete pi\u00f9 o meno sicuri in relazione all&#8217;utilizzo che fate del nostro sito. Tuttavia, se siete ancora alla ricerca di maggiori informazioni, allora potete contattarci attraverso uno dei nostri metodi di contatto preferiti.<\/p>\n","protected":false},"excerpt":{"rendered":"<p>Informativa Privacy Informativa sul trattamento dei dati personali (ai sensi dell\u2019art. 13 Regolamento UE 2016\/679) L\u2019informativa sulla privacy resa ai sensi dell\u2019art. 13 del Decreto legislativo n. 196\/2003, \u201cCodice in materia di protezione dei dati personali, \u00e8 rivolta a tutti gli utenti che interagiscono con il sito \u201chttp:\/\/blogeconomics.unime.it\/\u201d fornendo volontariamente i propri dati personali. La&hellip; <a class=\"more-link\" href=\"https:\/\/portale2.unime.it\/blogeconomics\/privacy\/\">Continua a leggere <span class=\"screen-reader-text\">Privacy<\/span><\/a><\/p>\n","protected":false},"author":1,"featured_media":0,"parent":0,"menu_order":0,"comment_status":"closed","ping_status":"closed","template":"","meta":{"footnotes":""},"class_list":["post-596","page","type-page","status-publish","hentry","entry"],"yoast_head":"<!-- This site is optimized with the Yoast SEO plugin v27.4 - https:\/\/yoast.com\/product\/yoast-seo-wordpress\/ -->\n<title>Privacy - BlogEconomics<\/title>\n<meta name=\"robots\" content=\"index, follow, max-snippet:-1, max-image-preview:large, max-video-preview:-1\" \/>\n<link rel=\"canonical\" href=\"https:\/\/blogeconomics.unime.it\/privacy\/\" \/>\n<meta property=\"og:locale\" content=\"it_IT\" \/>\n<meta property=\"og:type\" content=\"article\" \/>\n<meta property=\"og:title\" content=\"Privacy - BlogEconomics\" \/>\n<meta property=\"og:description\" content=\"Informativa Privacy Informativa sul trattamento dei dati personali (ai sensi dell\u2019art. 13 Regolamento UE 2016\/679) L\u2019informativa sulla privacy resa ai sensi dell\u2019art. 13 del Decreto legislativo n. 196\/2003, \u201cCodice in materia di protezione dei dati personali, \u00e8 rivolta a tutti gli utenti che interagiscono con il sito \u201chttp:\/\/blogeconomics.unime.it\/\u201d fornendo volontariamente i propri dati personali. La&hellip; Continua a leggere Privacy\" \/>\n<meta property=\"og:url\" content=\"https:\/\/blogeconomics.unime.it\/privacy\/\" \/>\n<meta property=\"og:site_name\" content=\"BlogEconomics\" \/>\n<meta name=\"twitter:card\" content=\"summary_large_image\" \/>\n<meta name=\"twitter:label1\" content=\"Tempo di lettura stimato\" \/>\n\t<meta name=\"twitter:data1\" content=\"4 minuti\" \/>\n<script type=\"application\/ld+json\" class=\"yoast-schema-graph\">{\"@context\":\"https:\\\/\\\/schema.org\",\"@graph\":[{\"@type\":\"WebPage\",\"@id\":\"https:\\\/\\\/blogeconomics.unime.it\\\/privacy\\\/\",\"url\":\"https:\\\/\\\/blogeconomics.unime.it\\\/privacy\\\/\",\"name\":\"Privacy - BlogEconomics\",\"isPartOf\":{\"@id\":\"https:\\\/\\\/blogeconomics.unime.it\\\/#website\"},\"datePublished\":\"2021-09-20T05:51:40+00:00\",\"breadcrumb\":{\"@id\":\"https:\\\/\\\/blogeconomics.unime.it\\\/privacy\\\/#breadcrumb\"},\"inLanguage\":\"it-IT\",\"potentialAction\":[{\"@type\":\"ReadAction\",\"target\":[\"https:\\\/\\\/blogeconomics.unime.it\\\/privacy\\\/\"]}]},{\"@type\":\"BreadcrumbList\",\"@id\":\"https:\\\/\\\/blogeconomics.unime.it\\\/privacy\\\/#breadcrumb\",\"itemListElement\":[{\"@type\":\"ListItem\",\"position\":1,\"name\":\"Home\",\"item\":\"https:\\\/\\\/blogeconomics.unime.it\\\/\"},{\"@type\":\"ListItem\",\"position\":2,\"name\":\"Privacy\"}]},{\"@type\":\"WebSite\",\"@id\":\"https:\\\/\\\/blogeconomics.unime.it\\\/#website\",\"url\":\"https:\\\/\\\/blogeconomics.unime.it\\\/\",\"name\":\"BlogEconomics\",\"description\":\"\",\"publisher\":{\"@id\":\"https:\\\/\\\/blogeconomics.unime.it\\\/#organization\"},\"potentialAction\":[{\"@type\":\"SearchAction\",\"target\":{\"@type\":\"EntryPoint\",\"urlTemplate\":\"https:\\\/\\\/blogeconomics.unime.it\\\/?s={search_term_string}\"},\"query-input\":{\"@type\":\"PropertyValueSpecification\",\"valueRequired\":true,\"valueName\":\"search_term_string\"}}],\"inLanguage\":\"it-IT\"},{\"@type\":\"Organization\",\"@id\":\"https:\\\/\\\/blogeconomics.unime.it\\\/#organization\",\"name\":\"BlogEconomics\",\"url\":\"https:\\\/\\\/blogeconomics.unime.it\\\/\",\"logo\":{\"@type\":\"ImageObject\",\"inLanguage\":\"it-IT\",\"@id\":\"https:\\\/\\\/blogeconomics.unime.it\\\/#\\\/schema\\\/logo\\\/image\\\/\",\"url\":\"https:\\\/\\\/portale2.unime.it\\\/blogeconomics\\\/wp-content\\\/uploads\\\/sites\\\/53\\\/2024\\\/07\\\/banner_home.jpg\",\"contentUrl\":\"https:\\\/\\\/portale2.unime.it\\\/blogeconomics\\\/wp-content\\\/uploads\\\/sites\\\/53\\\/2024\\\/07\\\/banner_home.jpg\",\"width\":1440,\"height\":288,\"caption\":\"BlogEconomics\"},\"image\":{\"@id\":\"https:\\\/\\\/blogeconomics.unime.it\\\/#\\\/schema\\\/logo\\\/image\\\/\"}}]}<\/script>\n<!-- \/ Yoast SEO plugin. -->","yoast_head_json":{"title":"Privacy - BlogEconomics","robots":{"index":"index","follow":"follow","max-snippet":"max-snippet:-1","max-image-preview":"max-image-preview:large","max-video-preview":"max-video-preview:-1"},"canonical":"https:\/\/blogeconomics.unime.it\/privacy\/","og_locale":"it_IT","og_type":"article","og_title":"Privacy - BlogEconomics","og_description":"Informativa Privacy Informativa sul trattamento dei dati personali (ai sensi dell\u2019art. 13 Regolamento UE 2016\/679) L\u2019informativa sulla privacy resa ai sensi dell\u2019art. 13 del Decreto legislativo n. 196\/2003, \u201cCodice in materia di protezione dei dati personali, \u00e8 rivolta a tutti gli utenti che interagiscono con il sito \u201chttp:\/\/blogeconomics.unime.it\/\u201d fornendo volontariamente i propri dati personali. La&hellip; Continua a leggere Privacy","og_url":"https:\/\/blogeconomics.unime.it\/privacy\/","og_site_name":"BlogEconomics","twitter_card":"summary_large_image","twitter_misc":{"Tempo di lettura stimato":"4 minuti"},"schema":{"@context":"https:\/\/schema.org","@graph":[{"@type":"WebPage","@id":"https:\/\/blogeconomics.unime.it\/privacy\/","url":"https:\/\/blogeconomics.unime.it\/privacy\/","name":"Privacy - BlogEconomics","isPartOf":{"@id":"https:\/\/blogeconomics.unime.it\/#website"},"datePublished":"2021-09-20T05:51:40+00:00","breadcrumb":{"@id":"https:\/\/blogeconomics.unime.it\/privacy\/#breadcrumb"},"inLanguage":"it-IT","potentialAction":[{"@type":"ReadAction","target":["https:\/\/blogeconomics.unime.it\/privacy\/"]}]},{"@type":"BreadcrumbList","@id":"https:\/\/blogeconomics.unime.it\/privacy\/#breadcrumb","itemListElement":[{"@type":"ListItem","position":1,"name":"Home","item":"https:\/\/blogeconomics.unime.it\/"},{"@type":"ListItem","position":2,"name":"Privacy"}]},{"@type":"WebSite","@id":"https:\/\/blogeconomics.unime.it\/#website","url":"https:\/\/blogeconomics.unime.it\/","name":"BlogEconomics","description":"","publisher":{"@id":"https:\/\/blogeconomics.unime.it\/#organization"},"potentialAction":[{"@type":"SearchAction","target":{"@type":"EntryPoint","urlTemplate":"https:\/\/blogeconomics.unime.it\/?s={search_term_string}"},"query-input":{"@type":"PropertyValueSpecification","valueRequired":true,"valueName":"search_term_string"}}],"inLanguage":"it-IT"},{"@type":"Organization","@id":"https:\/\/blogeconomics.unime.it\/#organization","name":"BlogEconomics","url":"https:\/\/blogeconomics.unime.it\/","logo":{"@type":"ImageObject","inLanguage":"it-IT","@id":"https:\/\/blogeconomics.unime.it\/#\/schema\/logo\/image\/","url":"https:\/\/portale2.unime.it\/blogeconomics\/wp-content\/uploads\/sites\/53\/2024\/07\/banner_home.jpg","contentUrl":"https:\/\/portale2.unime.it\/blogeconomics\/wp-content\/uploads\/sites\/53\/2024\/07\/banner_home.jpg","width":1440,"height":288,"caption":"BlogEconomics"},"image":{"@id":"https:\/\/blogeconomics.unime.it\/#\/schema\/logo\/image\/"}}]}},"_links":{"self":[{"href":"https:\/\/portale2.unime.it\/blogeconomics\/wp-json\/wp\/v2\/pages\/596","targetHints":{"allow":["GET"]}}],"collection":[{"href":"https:\/\/portale2.unime.it\/blogeconomics\/wp-json\/wp\/v2\/pages"}],"about":[{"href":"https:\/\/portale2.unime.it\/blogeconomics\/wp-json\/wp\/v2\/types\/page"}],"author":[{"embeddable":true,"href":"https:\/\/portale2.unime.it\/blogeconomics\/wp-json\/wp\/v2\/users\/1"}],"replies":[{"embeddable":true,"href":"https:\/\/portale2.unime.it\/blogeconomics\/wp-json\/wp\/v2\/comments?post=596"}],"version-history":[{"count":0,"href":"https:\/\/portale2.unime.it\/blogeconomics\/wp-json\/wp\/v2\/pages\/596\/revisions"}],"wp:attachment":[{"href":"https:\/\/portale2.unime.it\/blogeconomics\/wp-json\/wp\/v2\/media?parent=596"}],"curies":[{"name":"wp","href":"https:\/\/api.w.org\/{rel}","templated":true}]}}