{"id":95,"date":"2015-05-14T09:16:04","date_gmt":"2015-05-14T09:16:04","guid":{"rendered":"https:\/\/cirp.unipv.it\/?page_id=95"},"modified":"2025-06-24T12:33:18","modified_gmt":"2025-06-24T10:33:18","slug":"programmi-sedi","status":"publish","type":"page","link":"https:\/\/portale2.unime.it\/cirp\/programmi-sedi\/","title":{"rendered":"Programmi sedi"},"content":{"rendered":"\t\t<div data-elementor-type=\"wp-page\" data-elementor-id=\"95\" class=\"elementor elementor-95\">\n\t\t\t\t<div class=\"elementor-element elementor-element-16d9afe1 e-flex e-con-boxed e-con e-parent\" data-id=\"16d9afe1\" data-element_type=\"container\" data-e-type=\"container\">\n\t\t\t\t\t<div class=\"e-con-inner\">\n\t\t\t\t<div class=\"elementor-element elementor-element-9388882 elementor-widget elementor-widget-text-editor\" data-id=\"9388882\" data-element_type=\"widget\" data-e-type=\"widget\" data-widget_type=\"text-editor.default\">\n\t\t\t\t<div class=\"elementor-widget-container\">\n\t\t\t\t\t\t\t\t\t<p><span style=\"font-family: arial, helvetica, sans-serif;color: #000000;font-size: 14pt\">Universit\u00e0 degli studi di Milano<\/span><\/p><ul><li><span style=\"font-family: arial, helvetica, sans-serif;color: #000000;font-size: 14pt\">Dipartimento di Scienze Farmaceutiche<\/span><\/li><li><span style=\"font-family: arial, helvetica, sans-serif;color: #000000;font-size: 14pt\">Dipartimento di Chimica<\/span><\/li><\/ul><p><span style=\"color: #0000ff\"><a style=\"color: #0000ff\" href=\"https:\/\/portale2.unime.it\/cirp\/wp-content\/uploads\/sites\/41\/2024\/06\/Attivita-di-ricerca-della-sede-di-Messina.pdf\" target=\"_blank\" rel=\"noopener\"><span style=\"font-family: arial, helvetica, sans-serif;font-size: 14pt\">Universit\u00e0 degli studi di Messina<\/span><\/a><\/span><\/p><ul><li><span style=\"font-family: arial, helvetica, sans-serif;color: #000000;font-size: 14pt\">Dipartimento ChiBioFarAm<\/span><\/li><li><span style=\"font-family: arial, helvetica, sans-serif;color: #000000;font-size: 14pt\">Dipartimento di Ingegneria<\/span><\/li><\/ul><p><span style=\"color: #0000ff\"><a style=\"color: #0000ff\" href=\"https:\/\/portale2.unime.it\/cirp\/wp-content\/uploads\/sites\/41\/2024\/07\/Attivita-di-ricerca-CT.pdf\" target=\"_blank\" rel=\"noopener\"><span style=\"font-family: arial, helvetica, sans-serif;font-size: 14pt\">Universit\u00e0 degli studi di Catania<\/span><\/a><\/span><\/p><p><span style=\"color: #0000ff\"><a style=\"color: #0000ff\" href=\"https:\/\/portale2.unime.it\/cirp\/wp-content\/uploads\/sites\/41\/2024\/06\/07.06.2024-Programma-Sede-di-Firenze.pdf\" target=\"_blank\" rel=\"noopener\"><span style=\"font-family: arial, helvetica, sans-serif;font-size: 14pt\">Universit\u00e0 degli studi di Firenze<\/span><\/a><\/span><\/p><p><span style=\"font-family: arial, helvetica, sans-serif;color: #000000;font-size: 14pt\">Universit\u00e0 degli studi di Pavia<\/span><\/p><p><span style=\"color: #0000ff\"><a style=\"color: #0000ff\" href=\"https:\/\/portale2.unime.it\/cirp\/wp-content\/uploads\/sites\/41\/2024\/06\/Programma-Universita-di-Perugia2.pdf\" target=\"_blank\" rel=\"noopener\"><span style=\"font-family: arial, helvetica, sans-serif;font-size: 14pt\">Universit\u00e0 degli studi di Perugia<\/span><\/a><\/span><\/p><p><span style=\"color: #0000ff\"><a style=\"color: #0000ff\" href=\"https:\/\/portale2.unime.it\/cirp\/wp-content\/uploads\/sites\/41\/2024\/07\/Ricerca-UNINA-2.pdf\"><span style=\"font-family: arial, helvetica, sans-serif;font-size: 14pt\">Universit\u00e0 degli studi di Napoli Federico II<\/span><\/a><\/span><\/p><p><span style=\"color: #0000ff\"><a style=\"color: #0000ff\" href=\"https:\/\/portale2.unime.it\/cirp\/wp-content\/uploads\/sites\/41\/2024\/07\/Ricerca-CIRP-Insubria.pdf\" target=\"_blank\" rel=\"noopener\"><span style=\"font-family: arial, helvetica, sans-serif;font-size: 14pt\">Universit\u00e0 degli studi dell&#8217;Insubria<\/span><\/a><\/span><\/p><p><span style=\"color: #0000ff\"><a style=\"color: #0000ff\" href=\"https:\/\/portale2.unime.it\/cirp\/wp-content\/uploads\/sites\/41\/2024\/08\/Universita-degli-Studi-della-Basilicata-CIRP.pdf\" target=\"_blank\" rel=\"noopener\"><span style=\"font-family: arial, helvetica, sans-serif;font-size: 14pt\">Universit\u00e0 degli studi della Basilicata<\/span><\/a><\/span><\/p>\t\t\t\t\t\t\t\t<\/div>\n\t\t\t\t<\/div>\n\t\t\t\t\t<\/div>\n\t\t\t\t<\/div>\n\t\t\t\t<\/div>\n\t\t","protected":false},"excerpt":{"rendered":"<p>Universit\u00e0 degli studi di Milano Dipartimento di Scienze Farmaceutiche Dipartimento di Chimica Universit\u00e0 degli studi di Messina Dipartimento ChiBioFarAm Dipartimento di Ingegneria Universit\u00e0 degli studi di Catania Universit\u00e0 degli studi di Firenze Universit\u00e0 degli studi di Pavia Universit\u00e0 degli studi di Perugia Universit\u00e0 degli studi di Napoli Federico II Universit\u00e0 degli studi dell&#8217;Insubria Universit\u00e0 degli&hellip; <a class=\"more-link\" href=\"https:\/\/portale2.unime.it\/cirp\/programmi-sedi\/\">Continua a leggere <span class=\"screen-reader-text\">Programmi sedi<\/span><\/a><\/p>\n","protected":false},"author":1,"featured_media":0,"parent":0,"menu_order":0,"comment_status":"open","ping_status":"open","template":"","meta":{"footnotes":""},"class_list":["post-95","page","type-page","status-publish","hentry","entry"],"yoast_head":"<!-- This site is optimized with the Yoast SEO plugin v27.4 - https:\/\/yoast.com\/product\/yoast-seo-wordpress\/ -->\n<title>Programmi sedi - CIRP<\/title>\n<meta name=\"robots\" content=\"index, follow, max-snippet:-1, max-image-preview:large, max-video-preview:-1\" \/>\n<link rel=\"canonical\" href=\"https:\/\/portale2.unime.it\/cirp\/programmi-sedi\/\" \/>\n<meta property=\"og:locale\" content=\"it_IT\" \/>\n<meta property=\"og:type\" content=\"article\" \/>\n<meta property=\"og:title\" content=\"Programmi sedi - CIRP\" \/>\n<meta property=\"og:description\" content=\"Universit\u00e0 degli studi di Milano Dipartimento di Scienze Farmaceutiche Dipartimento di Chimica Universit\u00e0 degli studi di Messina Dipartimento ChiBioFarAm Dipartimento di Ingegneria Universit\u00e0 degli studi di Catania Universit\u00e0 degli studi di Firenze Universit\u00e0 degli studi di Pavia Universit\u00e0 degli studi di Perugia Universit\u00e0 degli studi di Napoli Federico II Universit\u00e0 degli studi dell&#8217;Insubria Universit\u00e0 degli&hellip; Continua a leggere Programmi sedi\" \/>\n<meta property=\"og:url\" content=\"https:\/\/portale2.unime.it\/cirp\/programmi-sedi\/\" \/>\n<meta property=\"og:site_name\" content=\"CIRP\" \/>\n<meta property=\"article:modified_time\" content=\"2025-06-24T10:33:18+00:00\" \/>\n<meta name=\"twitter:card\" content=\"summary_large_image\" \/>\n<meta name=\"twitter:label1\" content=\"Tempo di lettura stimato\" \/>\n\t<meta name=\"twitter:data1\" content=\"1 minuto\" \/>\n<script type=\"application\/ld+json\" class=\"yoast-schema-graph\">{\"@context\":\"https:\\\/\\\/schema.org\",\"@graph\":[{\"@type\":\"WebPage\",\"@id\":\"https:\\\/\\\/portale2.unime.it\\\/cirp\\\/programmi-sedi\\\/\",\"url\":\"https:\\\/\\\/portale2.unime.it\\\/cirp\\\/programmi-sedi\\\/\",\"name\":\"Programmi sedi - CIRP\",\"isPartOf\":{\"@id\":\"https:\\\/\\\/portale2.unime.it\\\/cirp\\\/#website\"},\"datePublished\":\"2015-05-14T09:16:04+00:00\",\"dateModified\":\"2025-06-24T10:33:18+00:00\",\"breadcrumb\":{\"@id\":\"https:\\\/\\\/portale2.unime.it\\\/cirp\\\/programmi-sedi\\\/#breadcrumb\"},\"inLanguage\":\"it-IT\",\"potentialAction\":[{\"@type\":\"ReadAction\",\"target\":[\"https:\\\/\\\/portale2.unime.it\\\/cirp\\\/programmi-sedi\\\/\"]}]},{\"@type\":\"BreadcrumbList\",\"@id\":\"https:\\\/\\\/portale2.unime.it\\\/cirp\\\/programmi-sedi\\\/#breadcrumb\",\"itemListElement\":[{\"@type\":\"ListItem\",\"position\":1,\"name\":\"Home\",\"item\":\"https:\\\/\\\/portale2.unime.it\\\/cirp\\\/\"},{\"@type\":\"ListItem\",\"position\":2,\"name\":\"Programmi sedi\"}]},{\"@type\":\"WebSite\",\"@id\":\"https:\\\/\\\/portale2.unime.it\\\/cirp\\\/#website\",\"url\":\"https:\\\/\\\/portale2.unime.it\\\/cirp\\\/\",\"name\":\"CIRP\",\"description\":\"\",\"publisher\":{\"@id\":\"https:\\\/\\\/portale2.unime.it\\\/cirp\\\/#organization\"},\"potentialAction\":[{\"@type\":\"SearchAction\",\"target\":{\"@type\":\"EntryPoint\",\"urlTemplate\":\"https:\\\/\\\/portale2.unime.it\\\/cirp\\\/?s={search_term_string}\"},\"query-input\":{\"@type\":\"PropertyValueSpecification\",\"valueRequired\":true,\"valueName\":\"search_term_string\"}}],\"inLanguage\":\"it-IT\"},{\"@type\":\"Organization\",\"@id\":\"https:\\\/\\\/portale2.unime.it\\\/cirp\\\/#organization\",\"name\":\"CIRP\",\"url\":\"https:\\\/\\\/portale2.unime.it\\\/cirp\\\/\",\"logo\":{\"@type\":\"ImageObject\",\"inLanguage\":\"it-IT\",\"@id\":\"https:\\\/\\\/portale2.unime.it\\\/cirp\\\/#\\\/schema\\\/logo\\\/image\\\/\",\"url\":\"https:\\\/\\\/portale2.unime.it\\\/cirp\\\/wp-content\\\/uploads\\\/sites\\\/41\\\/2015\\\/05\\\/logo_sfondo_blu-e1671459127633.jpg\",\"contentUrl\":\"https:\\\/\\\/portale2.unime.it\\\/cirp\\\/wp-content\\\/uploads\\\/sites\\\/41\\\/2015\\\/05\\\/logo_sfondo_blu-e1671459127633.jpg\",\"width\":512,\"height\":263,\"caption\":\"CIRP\"},\"image\":{\"@id\":\"https:\\\/\\\/portale2.unime.it\\\/cirp\\\/#\\\/schema\\\/logo\\\/image\\\/\"}}]}<\/script>\n<!-- \/ Yoast SEO plugin. -->","yoast_head_json":{"title":"Programmi sedi - CIRP","robots":{"index":"index","follow":"follow","max-snippet":"max-snippet:-1","max-image-preview":"max-image-preview:large","max-video-preview":"max-video-preview:-1"},"canonical":"https:\/\/portale2.unime.it\/cirp\/programmi-sedi\/","og_locale":"it_IT","og_type":"article","og_title":"Programmi sedi - CIRP","og_description":"Universit\u00e0 degli studi di Milano Dipartimento di Scienze Farmaceutiche Dipartimento di Chimica Universit\u00e0 degli studi di Messina Dipartimento ChiBioFarAm Dipartimento di Ingegneria Universit\u00e0 degli studi di Catania Universit\u00e0 degli studi di Firenze Universit\u00e0 degli studi di Pavia Universit\u00e0 degli studi di Perugia Universit\u00e0 degli studi di Napoli Federico II Universit\u00e0 degli studi dell&#8217;Insubria Universit\u00e0 degli&hellip; Continua a leggere Programmi sedi","og_url":"https:\/\/portale2.unime.it\/cirp\/programmi-sedi\/","og_site_name":"CIRP","article_modified_time":"2025-06-24T10:33:18+00:00","twitter_card":"summary_large_image","twitter_misc":{"Tempo di lettura stimato":"1 minuto"},"schema":{"@context":"https:\/\/schema.org","@graph":[{"@type":"WebPage","@id":"https:\/\/portale2.unime.it\/cirp\/programmi-sedi\/","url":"https:\/\/portale2.unime.it\/cirp\/programmi-sedi\/","name":"Programmi sedi - CIRP","isPartOf":{"@id":"https:\/\/portale2.unime.it\/cirp\/#website"},"datePublished":"2015-05-14T09:16:04+00:00","dateModified":"2025-06-24T10:33:18+00:00","breadcrumb":{"@id":"https:\/\/portale2.unime.it\/cirp\/programmi-sedi\/#breadcrumb"},"inLanguage":"it-IT","potentialAction":[{"@type":"ReadAction","target":["https:\/\/portale2.unime.it\/cirp\/programmi-sedi\/"]}]},{"@type":"BreadcrumbList","@id":"https:\/\/portale2.unime.it\/cirp\/programmi-sedi\/#breadcrumb","itemListElement":[{"@type":"ListItem","position":1,"name":"Home","item":"https:\/\/portale2.unime.it\/cirp\/"},{"@type":"ListItem","position":2,"name":"Programmi sedi"}]},{"@type":"WebSite","@id":"https:\/\/portale2.unime.it\/cirp\/#website","url":"https:\/\/portale2.unime.it\/cirp\/","name":"CIRP","description":"","publisher":{"@id":"https:\/\/portale2.unime.it\/cirp\/#organization"},"potentialAction":[{"@type":"SearchAction","target":{"@type":"EntryPoint","urlTemplate":"https:\/\/portale2.unime.it\/cirp\/?s={search_term_string}"},"query-input":{"@type":"PropertyValueSpecification","valueRequired":true,"valueName":"search_term_string"}}],"inLanguage":"it-IT"},{"@type":"Organization","@id":"https:\/\/portale2.unime.it\/cirp\/#organization","name":"CIRP","url":"https:\/\/portale2.unime.it\/cirp\/","logo":{"@type":"ImageObject","inLanguage":"it-IT","@id":"https:\/\/portale2.unime.it\/cirp\/#\/schema\/logo\/image\/","url":"https:\/\/portale2.unime.it\/cirp\/wp-content\/uploads\/sites\/41\/2015\/05\/logo_sfondo_blu-e1671459127633.jpg","contentUrl":"https:\/\/portale2.unime.it\/cirp\/wp-content\/uploads\/sites\/41\/2015\/05\/logo_sfondo_blu-e1671459127633.jpg","width":512,"height":263,"caption":"CIRP"},"image":{"@id":"https:\/\/portale2.unime.it\/cirp\/#\/schema\/logo\/image\/"}}]}},"_links":{"self":[{"href":"https:\/\/portale2.unime.it\/cirp\/wp-json\/wp\/v2\/pages\/95","targetHints":{"allow":["GET"]}}],"collection":[{"href":"https:\/\/portale2.unime.it\/cirp\/wp-json\/wp\/v2\/pages"}],"about":[{"href":"https:\/\/portale2.unime.it\/cirp\/wp-json\/wp\/v2\/types\/page"}],"author":[{"embeddable":true,"href":"https:\/\/portale2.unime.it\/cirp\/wp-json\/wp\/v2\/users\/1"}],"replies":[{"embeddable":true,"href":"https:\/\/portale2.unime.it\/cirp\/wp-json\/wp\/v2\/comments?post=95"}],"version-history":[{"count":54,"href":"https:\/\/portale2.unime.it\/cirp\/wp-json\/wp\/v2\/pages\/95\/revisions"}],"predecessor-version":[{"id":1241,"href":"https:\/\/portale2.unime.it\/cirp\/wp-json\/wp\/v2\/pages\/95\/revisions\/1241"}],"wp:attachment":[{"href":"https:\/\/portale2.unime.it\/cirp\/wp-json\/wp\/v2\/media?parent=95"}],"curies":[{"name":"wp","href":"https:\/\/api.w.org\/{rel}","templated":true}]}}