{"id":1621,"date":"2002-05-21T10:43:35","date_gmt":"2002-05-21T08:43:35","guid":{"rendered":"http:\/\/portale.unime.it\/cisu\/?post_type=product&amp;p=1621"},"modified":"2002-05-21T10:43:35","modified_gmt":"2002-05-21T08:43:35","slug":"talking-to-the-text-marginalia-from-papyri-to-print","status":"publish","type":"product","link":"https:\/\/portale2.unime.it\/cisu\/prodotto\/talking-to-the-text-marginalia-from-papyri-to-print\/","title":{"rendered":"Talking to the text. Marginalia from papyri to print"},"content":{"rendered":"<p><strong>Proceedings of a Conference held at Erice, 26 september \u2013 3 october 1998, as the 12th Course of International School for the Study of Written Records <\/strong><br \/>\n<strong>edited by Vincenzo Fera, Giacomo Ferra\u00f9, Silvia Rizzo<\/strong><\/p>\n<p>Messina, Centro Interdipartimentale di Studi Umanistici, 2002, 1054 pp.; 25 cm.<br \/>\nISBN 88-87541-06-X<\/p>\n<p>INDICE GENERALE<\/p>\n<p>G. Cavallo, <em>In limine<\/em><br \/>\nM. Maniaci, <em>\u00abLa serva padrona\u00bb. Interazioni fra testo e glossa sulla pagina del manoscritto<\/em><br \/>\nG. Messeri Savorelli &#8211; R. Pintaudi, <em>I lettori dei papiri: dal commento autonomo agli scolii\u00a0<\/em><br \/>\nE. Condello, <em>Ai margini di Virgilio. Paleografia e codicologia degli <\/em>Scholia veronensia<br \/>\nM. Spallone, <em>L&#8217;uso dei margini tra scuola e filologia<\/em><br \/>\nC. M. Mazzucchi, <em>Passato e presente nei <\/em>marginalia <em>bizantini\u00a0<\/em><br \/>\nM. Ferrari, <em>Il postillatore dell&#8217;anno Mille e la Biblioteca Capitolare di Ivrea<\/em><br \/>\nR. Black, <em>Boethius at school in medieval and Renaissance Italy: manuscript glosses to the<\/em> Consolation of Philosophy<br \/>\nV. von B\u00fcren, <em>\u00c9crites au 9e, perdues au 20e, retrouv\u00e9es au 15e: \u00e0 propos des gloses de V\u00e9g\u00e8ce <\/em>De re militari<br \/>\nM. D. Reeve, <em>Misunderstanding marginalia\u00a0<\/em><br \/>\nJ. Hamesse, <em>Les marginalia dans les textes philosophiques universitaires m\u00e9di\u00e9vaux\u00a0<\/em><br \/>\nM. Ascheri, Marginalia <em>giuridici: un cenno dai manoscritti tardomedievali alle stampe<\/em><br \/>\nC. Villa, <em>La lingua del testo e la patria del lettore (Dialoghi plurilingui nelle tradizioni di Giovenale e di Uc Faidit)\u00a0<\/em><br \/>\nM. Petoletti, <em>\u00abNota valde et commenda hoc exemplum\u00bb: il colloquio con i testi nella Roma del primo Trecento\u00a0<\/em><br \/>\nA. Rollo, <em>Manuele Crisolora e il restauro del greco nel <\/em>De vita Caesarum <em>di Svetonio: un nuovo manoscritto\u00a0<\/em><br \/>\nS. Gentile, Marginalia <em>umanistici e tradizione platonica\u00a0<\/em><br \/>\nK. Jensen, <em>Cataloguing books with marginal annotations: a report of a round table discussion<\/em><br \/>\nA. C. de la Mare, <em>Marginalia and glosses in the manuscripts of Bartolomeo Sanvito of Padua<\/em><br \/>\nA. Pontani, <em>Per l&#8217;esegesi umanistica greca dell&#8217;Antologia Planudea: i <\/em>marginalia <em>dell&#8217;edizione del 1494 <\/em><br \/>\n<em>F. Lo Monaco, Apografi di postillati del Poliziano: vicende e fruizioni\u00a0<\/em><br \/>\nG. Frasso, <em>Parrasio, Bembo, Guevara: tre esempi sull&#8217;uso dei postillati\u00a0<\/em><br \/>\nP. Pellegrini, <em>\u00abDelicta iuventutis meae\u00bb. Le postille di Pierio Valeriano ai <\/em>Praeludia <em>: da Giovanni Tacuino a Gabriele Giolito de&#8217; Ferrari\u00a0<\/em><br \/>\nF. Tomasi &#8211; P. Zaja, <em>Proposte per un&#8217;edizione ipertestuale di postillati cinquecenteschi <\/em><br \/>\n<em>I. Le postille al Petrarca attribuite a Giulio Camillo: come un ipertesto? <\/em>(P. Zaja)<br \/>\n<em>II. Ipotesi per l&#8217;edizione ipertestuale delle postille tassiane <\/em>(F. Tomasi)<br \/>\nL. Cesarini Martinelli, <em>Le postille di Pier Vettori alle <\/em>Trachinie <em>di Sofocle\u00a0<\/em><br \/>\nL. Canfora, Marginalia <em>in edizioni foziane del XVII secolo\u00a0<\/em><br \/>\nM. Losacco, <em>Su alcuni <\/em>marginalia<em> foziani di Antonios Katiforos, erudito di Zante (c. 1685-1763)<\/em><br \/>\nM. Campanelli,<em> Scrivere in margine, leggere in margine: frammenti di una storia controversa\u00a0<\/em><br \/>\nM. Feo,<em> Un Livio postillato durante la Rivoluzione francese<\/em><br \/>\nV. Fera &#8211; S. Rizzo, <em>Conclusioni <\/em><br \/>\nIndici<br \/>\nIndice delle tavole<br \/>\nIndice delle fonti manoscritte<br \/>\nIndice dei nomi<\/p>\n","protected":false},"excerpt":{"rendered":"<p>&nbsp;<\/p>\n<p>anche in versione digitale<br \/>\n<a href=\"http:\/\/digital.casalini.it\/9788887541069\" target=\"_blank\" rel=\"noopener\">http:\/\/digital.casalini.it\/9788887541069<\/a><\/p>\n<p>&nbsp;<\/p>\n","protected":false},"featured_media":368,"template":"","meta":[],"product_brand":[],"product_cat":[48],"product_tag":[],"class_list":{"0":"post-1621","1":"product","2":"type-product","3":"status-publish","4":"has-post-thumbnail","6":"product_cat-percorsi-dei-classici","7":"entry","9":"first","10":"instock","11":"shipping-taxable","12":"purchasable","13":"product-type-simple"},"yoast_head":"<!-- This site is optimized with the Yoast SEO plugin v27.4 - https:\/\/yoast.com\/product\/yoast-seo-wordpress\/ -->\n<title>Talking to the text. Marginalia from papyri to print - CISU - Centro Internazionale di Studi Umanistici<\/title>\n<meta name=\"robots\" content=\"index, follow, max-snippet:-1, max-image-preview:large, max-video-preview:-1\" \/>\n<link rel=\"canonical\" href=\"https:\/\/www.cisu.unime.it\/prodotto\/talking-to-the-text-marginalia-from-papyri-to-print\/\" \/>\n<meta property=\"og:locale\" content=\"it_IT\" \/>\n<meta property=\"og:type\" content=\"article\" \/>\n<meta property=\"og:title\" content=\"Talking to the text. Marginalia from papyri to print - CISU - Centro Internazionale di Studi Umanistici\" \/>\n<meta property=\"og:description\" content=\"&nbsp; anche in versione digitale http:\/\/digital.casalini.it\/9788887541069 &nbsp;\" \/>\n<meta property=\"og:url\" content=\"https:\/\/www.cisu.unime.it\/prodotto\/talking-to-the-text-marginalia-from-papyri-to-print\/\" \/>\n<meta property=\"og:site_name\" content=\"CISU - Centro Internazionale di Studi Umanistici\" \/>\n<meta property=\"og:image\" content=\"https:\/\/portale2.unime.it\/cisu\/wp-content\/uploads\/sites\/55\/2016\/10\/talking1.gif\" \/>\n\t<meta property=\"og:image:width\" content=\"230\" \/>\n\t<meta property=\"og:image:height\" content=\"343\" \/>\n\t<meta property=\"og:image:type\" content=\"image\/gif\" \/>\n<meta name=\"twitter:card\" content=\"summary_large_image\" \/>\n<meta name=\"twitter:label1\" content=\"Tempo di lettura stimato\" \/>\n\t<meta name=\"twitter:data1\" content=\"2 minuti\" \/>\n<script type=\"application\/ld+json\" class=\"yoast-schema-graph\">{\"@context\":\"https:\\\/\\\/schema.org\",\"@graph\":[{\"@type\":\"WebPage\",\"@id\":\"https:\\\/\\\/www.cisu.unime.it\\\/prodotto\\\/talking-to-the-text-marginalia-from-papyri-to-print\\\/\",\"url\":\"https:\\\/\\\/www.cisu.unime.it\\\/prodotto\\\/talking-to-the-text-marginalia-from-papyri-to-print\\\/\",\"name\":\"Talking to the text. Marginalia from papyri to print - CISU - Centro Internazionale di Studi Umanistici\",\"isPartOf\":{\"@id\":\"https:\\\/\\\/www.cisu.unime.it\\\/#website\"},\"primaryImageOfPage\":{\"@id\":\"https:\\\/\\\/www.cisu.unime.it\\\/prodotto\\\/talking-to-the-text-marginalia-from-papyri-to-print\\\/#primaryimage\"},\"image\":{\"@id\":\"https:\\\/\\\/www.cisu.unime.it\\\/prodotto\\\/talking-to-the-text-marginalia-from-papyri-to-print\\\/#primaryimage\"},\"thumbnailUrl\":\"https:\\\/\\\/portale2.unime.it\\\/cisu\\\/wp-content\\\/uploads\\\/sites\\\/55\\\/2016\\\/10\\\/talking1.gif\",\"datePublished\":\"2002-05-21T08:43:35+00:00\",\"breadcrumb\":{\"@id\":\"https:\\\/\\\/www.cisu.unime.it\\\/prodotto\\\/talking-to-the-text-marginalia-from-papyri-to-print\\\/#breadcrumb\"},\"inLanguage\":\"it-IT\",\"potentialAction\":[{\"@type\":\"ReadAction\",\"target\":[\"https:\\\/\\\/www.cisu.unime.it\\\/prodotto\\\/talking-to-the-text-marginalia-from-papyri-to-print\\\/\"]}]},{\"@type\":\"ImageObject\",\"inLanguage\":\"it-IT\",\"@id\":\"https:\\\/\\\/www.cisu.unime.it\\\/prodotto\\\/talking-to-the-text-marginalia-from-papyri-to-print\\\/#primaryimage\",\"url\":\"https:\\\/\\\/portale2.unime.it\\\/cisu\\\/wp-content\\\/uploads\\\/sites\\\/55\\\/2016\\\/10\\\/talking1.gif\",\"contentUrl\":\"https:\\\/\\\/portale2.unime.it\\\/cisu\\\/wp-content\\\/uploads\\\/sites\\\/55\\\/2016\\\/10\\\/talking1.gif\",\"width\":230,\"height\":343},{\"@type\":\"BreadcrumbList\",\"@id\":\"https:\\\/\\\/www.cisu.unime.it\\\/prodotto\\\/talking-to-the-text-marginalia-from-papyri-to-print\\\/#breadcrumb\",\"itemListElement\":[{\"@type\":\"ListItem\",\"position\":1,\"name\":\"Home\",\"item\":\"https:\\\/\\\/portale2.unime.it\\\/cisu\\\/\"},{\"@type\":\"ListItem\",\"position\":2,\"name\":\"Prodotti\",\"item\":\"https:\\\/\\\/www.cisu.unime.it\\\/shop\\\/\"},{\"@type\":\"ListItem\",\"position\":3,\"name\":\"Talking to the text. Marginalia from papyri to print\"}]},{\"@type\":\"WebSite\",\"@id\":\"https:\\\/\\\/www.cisu.unime.it\\\/#website\",\"url\":\"https:\\\/\\\/www.cisu.unime.it\\\/\",\"name\":\"CISU - Centro Internazionale di Studi Umanistici\",\"description\":\"\",\"publisher\":{\"@id\":\"https:\\\/\\\/www.cisu.unime.it\\\/#organization\"},\"potentialAction\":[{\"@type\":\"SearchAction\",\"target\":{\"@type\":\"EntryPoint\",\"urlTemplate\":\"https:\\\/\\\/www.cisu.unime.it\\\/?s={search_term_string}\"},\"query-input\":{\"@type\":\"PropertyValueSpecification\",\"valueRequired\":true,\"valueName\":\"search_term_string\"}}],\"inLanguage\":\"it-IT\"},{\"@type\":\"Organization\",\"@id\":\"https:\\\/\\\/www.cisu.unime.it\\\/#organization\",\"name\":\"CISU - Centro Internazionale di Studi Umanistici\",\"url\":\"https:\\\/\\\/www.cisu.unime.it\\\/\",\"logo\":{\"@type\":\"ImageObject\",\"inLanguage\":\"it-IT\",\"@id\":\"https:\\\/\\\/www.cisu.unime.it\\\/#\\\/schema\\\/logo\\\/image\\\/\",\"url\":\"https:\\\/\\\/portale2.unime.it\\\/cisu\\\/wp-content\\\/uploads\\\/sites\\\/55\\\/2024\\\/10\\\/cisu-header.png\",\"contentUrl\":\"https:\\\/\\\/portale2.unime.it\\\/cisu\\\/wp-content\\\/uploads\\\/sites\\\/55\\\/2024\\\/10\\\/cisu-header.png\",\"width\":1600,\"height\":335,\"caption\":\"CISU - Centro Internazionale di Studi Umanistici\"},\"image\":{\"@id\":\"https:\\\/\\\/www.cisu.unime.it\\\/#\\\/schema\\\/logo\\\/image\\\/\"}}]}<\/script>\n<!-- \/ Yoast SEO plugin. -->","yoast_head_json":{"title":"Talking to the text. Marginalia from papyri to print - CISU - Centro Internazionale di Studi Umanistici","robots":{"index":"index","follow":"follow","max-snippet":"max-snippet:-1","max-image-preview":"max-image-preview:large","max-video-preview":"max-video-preview:-1"},"canonical":"https:\/\/www.cisu.unime.it\/prodotto\/talking-to-the-text-marginalia-from-papyri-to-print\/","og_locale":"it_IT","og_type":"article","og_title":"Talking to the text. Marginalia from papyri to print - CISU - Centro Internazionale di Studi Umanistici","og_description":"&nbsp; anche in versione digitale http:\/\/digital.casalini.it\/9788887541069 &nbsp;","og_url":"https:\/\/www.cisu.unime.it\/prodotto\/talking-to-the-text-marginalia-from-papyri-to-print\/","og_site_name":"CISU - Centro Internazionale di Studi Umanistici","og_image":[{"width":230,"height":343,"url":"https:\/\/portale2.unime.it\/cisu\/wp-content\/uploads\/sites\/55\/2016\/10\/talking1.gif","type":"image\/gif"}],"twitter_card":"summary_large_image","twitter_misc":{"Tempo di lettura stimato":"2 minuti"},"schema":{"@context":"https:\/\/schema.org","@graph":[{"@type":"WebPage","@id":"https:\/\/www.cisu.unime.it\/prodotto\/talking-to-the-text-marginalia-from-papyri-to-print\/","url":"https:\/\/www.cisu.unime.it\/prodotto\/talking-to-the-text-marginalia-from-papyri-to-print\/","name":"Talking to the text. Marginalia from papyri to print - CISU - Centro Internazionale di Studi Umanistici","isPartOf":{"@id":"https:\/\/www.cisu.unime.it\/#website"},"primaryImageOfPage":{"@id":"https:\/\/www.cisu.unime.it\/prodotto\/talking-to-the-text-marginalia-from-papyri-to-print\/#primaryimage"},"image":{"@id":"https:\/\/www.cisu.unime.it\/prodotto\/talking-to-the-text-marginalia-from-papyri-to-print\/#primaryimage"},"thumbnailUrl":"https:\/\/portale2.unime.it\/cisu\/wp-content\/uploads\/sites\/55\/2016\/10\/talking1.gif","datePublished":"2002-05-21T08:43:35+00:00","breadcrumb":{"@id":"https:\/\/www.cisu.unime.it\/prodotto\/talking-to-the-text-marginalia-from-papyri-to-print\/#breadcrumb"},"inLanguage":"it-IT","potentialAction":[{"@type":"ReadAction","target":["https:\/\/www.cisu.unime.it\/prodotto\/talking-to-the-text-marginalia-from-papyri-to-print\/"]}]},{"@type":"ImageObject","inLanguage":"it-IT","@id":"https:\/\/www.cisu.unime.it\/prodotto\/talking-to-the-text-marginalia-from-papyri-to-print\/#primaryimage","url":"https:\/\/portale2.unime.it\/cisu\/wp-content\/uploads\/sites\/55\/2016\/10\/talking1.gif","contentUrl":"https:\/\/portale2.unime.it\/cisu\/wp-content\/uploads\/sites\/55\/2016\/10\/talking1.gif","width":230,"height":343},{"@type":"BreadcrumbList","@id":"https:\/\/www.cisu.unime.it\/prodotto\/talking-to-the-text-marginalia-from-papyri-to-print\/#breadcrumb","itemListElement":[{"@type":"ListItem","position":1,"name":"Home","item":"https:\/\/portale2.unime.it\/cisu\/"},{"@type":"ListItem","position":2,"name":"Prodotti","item":"https:\/\/www.cisu.unime.it\/shop\/"},{"@type":"ListItem","position":3,"name":"Talking to the text. Marginalia from papyri to print"}]},{"@type":"WebSite","@id":"https:\/\/www.cisu.unime.it\/#website","url":"https:\/\/www.cisu.unime.it\/","name":"CISU - Centro Internazionale di Studi Umanistici","description":"","publisher":{"@id":"https:\/\/www.cisu.unime.it\/#organization"},"potentialAction":[{"@type":"SearchAction","target":{"@type":"EntryPoint","urlTemplate":"https:\/\/www.cisu.unime.it\/?s={search_term_string}"},"query-input":{"@type":"PropertyValueSpecification","valueRequired":true,"valueName":"search_term_string"}}],"inLanguage":"it-IT"},{"@type":"Organization","@id":"https:\/\/www.cisu.unime.it\/#organization","name":"CISU - Centro Internazionale di Studi Umanistici","url":"https:\/\/www.cisu.unime.it\/","logo":{"@type":"ImageObject","inLanguage":"it-IT","@id":"https:\/\/www.cisu.unime.it\/#\/schema\/logo\/image\/","url":"https:\/\/portale2.unime.it\/cisu\/wp-content\/uploads\/sites\/55\/2024\/10\/cisu-header.png","contentUrl":"https:\/\/portale2.unime.it\/cisu\/wp-content\/uploads\/sites\/55\/2024\/10\/cisu-header.png","width":1600,"height":335,"caption":"CISU - Centro Internazionale di Studi Umanistici"},"image":{"@id":"https:\/\/www.cisu.unime.it\/#\/schema\/logo\/image\/"}}]}},"_links":{"self":[{"href":"https:\/\/portale2.unime.it\/cisu\/wp-json\/wp\/v2\/product\/1621","targetHints":{"allow":["GET"]}}],"collection":[{"href":"https:\/\/portale2.unime.it\/cisu\/wp-json\/wp\/v2\/product"}],"about":[{"href":"https:\/\/portale2.unime.it\/cisu\/wp-json\/wp\/v2\/types\/product"}],"wp:featuredmedia":[{"embeddable":true,"href":"https:\/\/portale2.unime.it\/cisu\/wp-json\/wp\/v2\/media\/368"}],"wp:attachment":[{"href":"https:\/\/portale2.unime.it\/cisu\/wp-json\/wp\/v2\/media?parent=1621"}],"wp:term":[{"taxonomy":"product_brand","embeddable":true,"href":"https:\/\/portale2.unime.it\/cisu\/wp-json\/wp\/v2\/product_brand?post=1621"},{"taxonomy":"product_cat","embeddable":true,"href":"https:\/\/portale2.unime.it\/cisu\/wp-json\/wp\/v2\/product_cat?post=1621"},{"taxonomy":"product_tag","embeddable":true,"href":"https:\/\/portale2.unime.it\/cisu\/wp-json\/wp\/v2\/product_tag?post=1621"}],"curies":[{"name":"wp","href":"https:\/\/api.w.org\/{rel}","templated":true}]}}