{"id":104,"date":"2018-12-18T20:12:47","date_gmt":"2018-12-18T19:12:47","guid":{"rendered":"http:\/\/portale.unime.it\/ecfn2019\/?page_id=104"},"modified":"2018-12-18T20:12:47","modified_gmt":"2018-12-18T19:12:47","slug":"unime","status":"publish","type":"page","link":"https:\/\/portale2.unime.it\/ecfn2019\/unime\/","title":{"rendered":"Venue"},"content":{"rendered":"<p><strong><a href=\"https:\/\/drive.google.com\/open?id=1FzwpFFj1OUjDrj-IsIhpUhefwQm_DF2W&amp;usp=sharing\">Places of interest<\/a>.<\/strong><\/p>\n<p>&#8211; May, 2nd:\u00a0<b>Villa Pace<\/b>, via Consolare\u00a0Pompea, 91\u00a0(only Group Meetings)<\/p>\n<p>&#8211; May, 3rd: <strong>Rettorato<\/strong> (University of Messina, Main Building): morning: Aula Magna; afternoon: Accademia Peloritana dei Pericolanti<\/p>\n<p>&#8211; May, 4th: <strong>Rettorato<\/strong> (University of Messina, Main Building):\u00a0Accademia Peloritana dei Pericolanti<\/p>\n<p>&nbsp;<\/p>\n<p><b>UNIVERSIT\u00c0<\/b><strong>\u00a0DI MESSINA, RETTORATO <\/strong>(Piazza Pugliatti, 1)<\/p>\n<p style=\"text-align: left\"><strong><img fetchpriority=\"high\" decoding=\"async\" class=\"wp-image-363 alignleft\" src=\"https:\/\/portale2.unime.it\/ecfn2019\/wp-content\/uploads\/sites\/50\/2019\/03\/rettorato2.jpg\" alt=\"\" width=\"298\" height=\"225\" \/><\/strong><\/p>\n<p>Il plesso centrale dell\u2019Universit\u00e0 di Messina \u00e8 ubicato nel centro\u00a0cittadino di fronte al Palazzo di Giustizia (Palazzo Piacentini) e risale, nella sua forma attuale, al 1927, su progetto dell&#8217;architetto\u00a0Giuseppe Botto.\u00a0Venne costruito, in sostituzione dell&#8217;edificio distrutto dal terremoto del 1908, in stile neoclassico con decorazioni floreali.<\/p>\n<p>Nel cortile interno si conserva il portale in stile manierista appartenuto al Collegio dei Gesuiti degli inizi del XVII secolo, definito \u201cPrototipo\u201d poich\u00e9 il primo fondato dalla Compagnia di Ges\u00f9 di S. Ignazio di Loyola.<\/p>\n<p>Sotto la scalinata interna dell&#8217;edificio centrale dell&#8217;Ateneo, oltre a i resti del\u00a0primo <em>Studium Messanae<\/em>, si trova un Antiquarium che ospita la &#8216;<a href=\"https:\/\/www.youtube.com\/watch?v=d_QW8TnKd8A\">Collezione Zipelli<\/a>&#8216;, una importante raccolta di\u00a0maioliche italiane e spagnole, soprattutto di Caltagirone.<\/p>\n<p><img decoding=\"async\" class=\"wp-image-365 alignleft\" src=\"https:\/\/portale2.unime.it\/ecfn2019\/wp-content\/uploads\/sites\/50\/2019\/03\/IMG_5862.jpg\" alt=\"\" width=\"223\" height=\"294\" \/><\/p>\n<p>Nel corridoio attiguo all&#8217;Aula Magna del Rettorato \u00e8 collocata una piccola esposizione della &#8216;Collezione Archeologica Zipelli&#8217; e della &#8216;Collezione Numismatica Baldanza&#8217;.\u00a0Quest&#8217;ultima, acquistata dall\u2019Universit\u00e0 di Messina nel 1992, \u00e8 costituita da 845 esemplari quasi tutti in argento di epoca antica, medievale e moderna, rinvenuti localmente tra le rovine causate dai terremoti del 1783 e<span class=\"Apple-converted-space\">\u00a0 <\/span>del 1908, o ripescati anche sulla spiaggia di Mare Grosso. Rilevante \u00e8 soprattutto il nucleo di monete medievali e moderne, poich\u00e9\u00a0rappresentano una microstoria della monetazione battuta in et\u00e0 normanna, sveva, angioina, aragonese e spagnola da Messina\u00a0nell\u2019importante ruolo di zecca regia,\u00a0ruolo perso in seguito alla rivolta antispagnola del 1674.<\/p>\n<p><span style=\"color: #000000\"><strong><a style=\"color: #000000\" href=\"http:\/\/www.accademiapeloritana.it\/EN\/\">ACCADEMIA PELORITANA DEI PERICOLANTI<\/a><\/strong><\/span><\/p>\n<p><img decoding=\"async\" class=\"alignnone wp-image-430\" src=\"https:\/\/portale2.unime.it\/ecfn2019\/wp-content\/uploads\/sites\/50\/2019\/04\/accademia-peloritana.jpg\" alt=\"\" width=\"364\" height=\"196\" \/><\/p>\n<p><i>\u201cAs in the sea between Scylla and Charybdis the helmsman is ever in danger, yet he will be thought shrewd and sagacious, if, keeping his ship on a straight course between the two, avoiding the rocks on the one side and the maelstrom on the other, he brings his ship safely to harbour:<br \/>\nSo in learning, the scholar is tossed between difficulties and adversities; but he will be worthy of praise and glory, if, directing his mind and proper reason around them, likewise avoiding any impediment or contention, he penetrates without hindrance into the Truth he seeks.\u201d<\/i><\/p>\n<p>Carlo Vitali (excerpt, translated from the <i>Dichiarazione dell&#8217;Impresa generale della\u00a0<img loading=\"lazy\" decoding=\"async\" class=\"wp-image-431 alignleft\" src=\"https:\/\/portale2.unime.it\/ecfn2019\/wp-content\/uploads\/sites\/50\/2019\/04\/accademia-peloritana-diploma.jpg\" alt=\"\" width=\"295\" height=\"179\" \/><\/i><i>nuova Accademia Peloritana detta de&#8217; Pericolanti<\/i>, Messina, 1729)<\/p>\n<p>&nbsp;<\/p>\n<p>L\u2019<a href=\"http:\/\/www.accademiapeloritana.it\/\">Accademia<\/a> nasce per autorizzazione del Vicer\u00e8 di Sicilia nel 1729 come organizzazione di ordine scientifico e umanistico per la promozione della cultura negli anni nei quali l\u2019Universit\u00e0 di Messina viene chiusa dagli Spagnoli, per punire la citt\u00e0 dalla ribellione anti spagnola. Tra le poche Accademie sopravvissute vi fu l\u2019Accademia degli degli Accorti che si divent\u00f2 l\u2019Accademia Peloritana dei Pericolanti con uno stemma raffigurante una nave che a vele spiegate viaggia tra Scilla e Cariddi e con il motto \u201c<i>Inter utramque viam<\/i>\u201d. Era associata con l\u2019Accademia dei Dissonanti di Modena.<\/p>\n<p>Fu detta \u201cdei Pericolanti\u201d, secondo un documento dell\u2019Abate Carlo Vitali,\u00a0primo segretario\u00a0 dell\u2019Accademia, per la similitudine tra la navigazione sullo Stretto di Messina \u201ccome nel mare tra Scilla e Cariddi pericola sempre il nocchiero\u201d e lo studioso che \u201cnel sapere, tra le varie difficolt\u00e0, e con le varie traversie, pericola \u2026 e ci\u00f2 non ostante\u00a0 penetra senza inciampo nella verit\u00e0 ricercata\u201d.<\/p>\n<p>Dal 1729 ad oggi tutti settori culturali sono rappresentati: dalla medicina alle scienze giuridiche, dagli studi letterari a quelli filosofici e filologici, dall\u2019arte alle scienze. La sala dell\u2019Accademia, ubicata al piano terra del plesso centrale dell\u2019Universit\u00e0, \u00e8 arricchita dalla presenza di \u201cCinquecentine\u201d di opere rare e pregiate e dispone di un notevole patrimonio librario.<\/p>\n<ul>\n<li><b>L&#8217;Accademia \/Storia<\/b> (= <span id=\"OBJ_PREFIX_DWT724_com_zimbra_url\" class=\"Object\" role=\"link\"><span id=\"OBJ_PREFIX_DWT739_com_zimbra_url\" class=\"Object\" role=\"link\"><a href=\"http:\/\/www.accademiapeloritana.it\/storia.html\" target=\"_blank\" rel=\"noopener\">http:\/\/www.accademiapeloritana.it\/storia.html<\/a><\/span><\/span>)<\/li>\n<li><b>The Accademia \/ History\u00a0<\/b>(=<span id=\"OBJ_PREFIX_DWT725_com_zimbra_url\" class=\"Object\" role=\"link\"><span id=\"OBJ_PREFIX_DWT740_com_zimbra_url\" class=\"Object\" role=\"link\"><a href=\"http:\/\/www.accademiapeloritana.it\/EN\/history.html\" target=\"_blank\" rel=\"noopener\">http:\/\/www.accademiapeloritana.it\/EN\/history.html<\/a><\/span><\/span>)<\/li>\n<\/ul>\n<p style=\"text-align: left\"><strong>VILLA PACE\u00a0<\/strong>(Via Consolare Pompea, 91)<\/p>\n<p><img loading=\"lazy\" decoding=\"async\" class=\"alignnone size-full wp-image-299\" src=\"https:\/\/portale2.unime.it\/ecfn2019\/wp-content\/uploads\/sites\/50\/2019\/01\/20150602_162738.jpg\" alt=\"\" width=\"3264\" height=\"1836\" \/>La villa, oggi propriet\u00e0 dell\u2019Universit\u00e0, \u00e8 situata in un giardino in riva allo Stretto. \u00c8 una rara testimonianza di architettura dell&#8217;Ottocento di una vecchia Messina borghese pre-terremoto.<\/p>\n<p>La villa, composta da vari edifici, fu costruita, lungo la \u201cstrada al faro\u201d, nel Casale di Pace, nel 1877 da Robert Sanderson, figlio di un imprenditore britannico, ufficiale della Marina di Sua Maest\u00e0, ai tempi dell\u2019ammiraglio Orazio Nelson, William Sanderson, dedito al commercio di estratti di agrumi.<\/p>\n<p><img loading=\"lazy\" decoding=\"async\" class=\"wp-image-308 alignleft\" src=\"https:\/\/portale2.unime.it\/ecfn2019\/wp-content\/uploads\/sites\/50\/2019\/01\/20150602_131943-1.jpg\" alt=\"\" width=\"300\" height=\"192\" \/>Per la bellezza del paesaggio circostante e l\u2019atmosfera contemplativa che avvolge questa residenza, la villa fu<span class=\"Apple-converted-space\">\u00a0<\/span>definita da un diplomatico tedesco, Franz von Wantoch Rekowski,\u201cluogo dell\u2019anima\u201d.\u00a0Vi\u00a0furono ospitati pi\u00f9 volte il Kaiser Guglielmo II e i suoi familiari ed esponenti della Casa reale dei Savoia.<img loading=\"lazy\" decoding=\"async\" class=\"wp-image-303 alignright\" src=\"https:\/\/portale2.unime.it\/ecfn2019\/wp-content\/uploads\/sites\/50\/2019\/01\/IMG_0042.jpg\" alt=\"\" width=\"210\" height=\"142\" \/><\/p>\n<p>Parte del complesso fu distrutta dal terremoto del 1908 e fatta ricostruire su progetto di Aristide Caneva di Rivarolo nel 1915. Negli anni Venti pass\u00f2 in mano alla famiglia Bosurgi che ne mantenne la propriet\u00e0, finch\u00e9, nel 1992, il complesso venne acquisito dall\u2019Universit\u00e0 di Messina che, ristrutturandolo, lo ha adibito in parte a esposizione museale, in parte a sede di congressi, di iniziative culturali e Scuole Estive. Il parco, raro esempio di giardino siciliano ispirato a modelli anglosassoni, si estende su una superficie di oltre 34000 mq tra la strada costiera e la via Panoramica dello Stretto.<\/p>\n<p><b><img loading=\"lazy\" decoding=\"async\" class=\"alignnone wp-image-301\" src=\"https:\/\/portale2.unime.it\/ecfn2019\/wp-content\/uploads\/sites\/50\/2019\/01\/20150602_131737.jpg\" alt=\"\" width=\"456\" height=\"262\" \/><\/b><\/p>\n<p><b>VILLA AMALIA\u00a0<\/b><\/p>\n<p>Nel 1853 Robert\u00a0Sanderson fece realizzare all&#8217;interno del complesso di Villa Pace una splendida residenza estiva cui sar\u00e0 dato il nome di \u201cVilla Amalia\u201d, in onore della moglie Amalia Sarah Child sposata proprio in quell\u2019anno.<\/p>\n<p><img loading=\"lazy\" decoding=\"async\" class=\"alignnone size-full wp-image-305\" src=\"https:\/\/portale2.unime.it\/ecfn2019\/wp-content\/uploads\/sites\/50\/2019\/01\/IMG_0050.jpg\" alt=\"\" width=\"2256\" height=\"1504\" srcset=\"https:\/\/portale2.unime.it\/ecfn2019\/wp-content\/uploads\/sites\/50\/2019\/01\/IMG_0050.jpg 2256w, https:\/\/portale2.unime.it\/ecfn2019\/wp-content\/uploads\/sites\/50\/2019\/01\/IMG_0050-300x200.jpg 300w, https:\/\/portale2.unime.it\/ecfn2019\/wp-content\/uploads\/sites\/50\/2019\/01\/IMG_0050-1024x683.jpg 1024w, https:\/\/portale2.unime.it\/ecfn2019\/wp-content\/uploads\/sites\/50\/2019\/01\/IMG_0050-768x512.jpg 768w, https:\/\/portale2.unime.it\/ecfn2019\/wp-content\/uploads\/sites\/50\/2019\/01\/IMG_0050-1536x1024.jpg 1536w, https:\/\/portale2.unime.it\/ecfn2019\/wp-content\/uploads\/sites\/50\/2019\/01\/IMG_0050-2048x1365.jpg 2048w, https:\/\/portale2.unime.it\/ecfn2019\/wp-content\/uploads\/sites\/50\/2019\/01\/IMG_0050-1568x1045.jpg 1568w\" sizes=\"(max-width: 2256px) 100vw, 2256px\" \/><\/p>\n<p>&nbsp;<\/p>\n<p><img loading=\"lazy\" decoding=\"async\" class=\"alignnone size-full wp-image-368\" src=\"https:\/\/portale2.unime.it\/ecfn2019\/wp-content\/uploads\/sites\/50\/2019\/03\/Map.png\" alt=\"\" width=\"918\" height=\"522\" srcset=\"https:\/\/portale2.unime.it\/ecfn2019\/wp-content\/uploads\/sites\/50\/2019\/03\/Map.png 918w, https:\/\/portale2.unime.it\/ecfn2019\/wp-content\/uploads\/sites\/50\/2019\/03\/Map-300x171.png 300w, https:\/\/portale2.unime.it\/ecfn2019\/wp-content\/uploads\/sites\/50\/2019\/03\/Map-768x437.png 768w\" sizes=\"(max-width: 918px) 100vw, 918px\" \/><\/p>\n","protected":false},"excerpt":{"rendered":"<p>Places of interest. &#8211; May, 2nd:\u00a0Villa Pace, via Consolare\u00a0Pompea, 91\u00a0(only Group Meetings) &#8211; May, 3rd: Rettorato (University of Messina, Main Building): morning: Aula Magna; afternoon: Accademia Peloritana dei Pericolanti &#8211; May, 4th: Rettorato (University of Messina, Main Building):\u00a0Accademia Peloritana dei Pericolanti &nbsp; UNIVERSIT\u00c0\u00a0DI MESSINA, RETTORATO (Piazza Pugliatti, 1) Il plesso centrale dell\u2019Universit\u00e0 di Messina \u00e8&hellip; <a class=\"more-link\" href=\"https:\/\/portale2.unime.it\/ecfn2019\/unime\/\">Continua a leggere <span class=\"screen-reader-text\">Venue<\/span><\/a><\/p>\n","protected":false},"author":1,"featured_media":0,"parent":0,"menu_order":0,"comment_status":"closed","ping_status":"closed","template":"","meta":{"footnotes":""},"class_list":["post-104","page","type-page","status-publish","hentry","entry"],"yoast_head":"<!-- This site is optimized with the Yoast SEO plugin v27.3 - https:\/\/yoast.com\/product\/yoast-seo-wordpress\/ -->\n<title>Venue - The 8th Joint Meeting of ECFN and nomisma.org 2019<\/title>\n<meta name=\"robots\" content=\"index, follow, max-snippet:-1, max-image-preview:large, max-video-preview:-1\" \/>\n<link rel=\"canonical\" href=\"https:\/\/nomisma.org-ecfn2019.unime.it\/unime\/\" \/>\n<meta property=\"og:locale\" content=\"it_IT\" \/>\n<meta property=\"og:type\" content=\"article\" \/>\n<meta property=\"og:title\" content=\"Venue - The 8th Joint Meeting of ECFN and nomisma.org 2019\" \/>\n<meta property=\"og:description\" content=\"Places of interest. &#8211; May, 2nd:\u00a0Villa Pace, via Consolare\u00a0Pompea, 91\u00a0(only Group Meetings) &#8211; May, 3rd: Rettorato (University of Messina, Main Building): morning: Aula Magna; afternoon: Accademia Peloritana dei Pericolanti &#8211; May, 4th: Rettorato (University of Messina, Main Building):\u00a0Accademia Peloritana dei Pericolanti &nbsp; UNIVERSIT\u00c0\u00a0DI MESSINA, RETTORATO (Piazza Pugliatti, 1) Il plesso centrale dell\u2019Universit\u00e0 di Messina \u00e8&hellip; Continua a leggere Venue\" \/>\n<meta property=\"og:url\" content=\"https:\/\/nomisma.org-ecfn2019.unime.it\/unime\/\" \/>\n<meta property=\"og:site_name\" content=\"The 8th Joint Meeting of ECFN and nomisma.org 2019\" \/>\n<meta property=\"og:image\" content=\"https:\/\/portale2.unime.it\/ecfn2019\/wp-content\/uploads\/sites\/50\/2019\/03\/rettorato2.jpg\" \/>\n<meta name=\"twitter:card\" content=\"summary_large_image\" \/>\n<meta name=\"twitter:label1\" content=\"Tempo di lettura stimato\" \/>\n\t<meta name=\"twitter:data1\" content=\"4 minuti\" \/>\n<script type=\"application\/ld+json\" class=\"yoast-schema-graph\">{\"@context\":\"https:\\\/\\\/schema.org\",\"@graph\":[{\"@type\":\"WebPage\",\"@id\":\"https:\\\/\\\/nomisma.org-ecfn2019.unime.it\\\/unime\\\/\",\"url\":\"https:\\\/\\\/nomisma.org-ecfn2019.unime.it\\\/unime\\\/\",\"name\":\"Venue - The 8th Joint Meeting of ECFN and nomisma.org 2019\",\"isPartOf\":{\"@id\":\"https:\\\/\\\/nomisma.org-ecfn2019.unime.it\\\/#website\"},\"primaryImageOfPage\":{\"@id\":\"https:\\\/\\\/nomisma.org-ecfn2019.unime.it\\\/unime\\\/#primaryimage\"},\"image\":{\"@id\":\"https:\\\/\\\/nomisma.org-ecfn2019.unime.it\\\/unime\\\/#primaryimage\"},\"thumbnailUrl\":\"https:\\\/\\\/portale2.unime.it\\\/ecfn2019\\\/wp-content\\\/uploads\\\/sites\\\/50\\\/2019\\\/03\\\/rettorato2.jpg\",\"datePublished\":\"2018-12-18T19:12:47+00:00\",\"breadcrumb\":{\"@id\":\"https:\\\/\\\/nomisma.org-ecfn2019.unime.it\\\/unime\\\/#breadcrumb\"},\"inLanguage\":\"it-IT\",\"potentialAction\":[{\"@type\":\"ReadAction\",\"target\":[\"https:\\\/\\\/nomisma.org-ecfn2019.unime.it\\\/unime\\\/\"]}]},{\"@type\":\"ImageObject\",\"inLanguage\":\"it-IT\",\"@id\":\"https:\\\/\\\/nomisma.org-ecfn2019.unime.it\\\/unime\\\/#primaryimage\",\"url\":\"https:\\\/\\\/portale2.unime.it\\\/ecfn2019\\\/wp-content\\\/uploads\\\/sites\\\/50\\\/2019\\\/03\\\/rettorato2.jpg\",\"contentUrl\":\"https:\\\/\\\/portale2.unime.it\\\/ecfn2019\\\/wp-content\\\/uploads\\\/sites\\\/50\\\/2019\\\/03\\\/rettorato2.jpg\",\"width\":638,\"height\":478},{\"@type\":\"BreadcrumbList\",\"@id\":\"https:\\\/\\\/nomisma.org-ecfn2019.unime.it\\\/unime\\\/#breadcrumb\",\"itemListElement\":[{\"@type\":\"ListItem\",\"position\":1,\"name\":\"Home\",\"item\":\"https:\\\/\\\/nomisma.org-ecfn2019.unime.it\\\/\"},{\"@type\":\"ListItem\",\"position\":2,\"name\":\"Venue\"}]},{\"@type\":\"WebSite\",\"@id\":\"https:\\\/\\\/nomisma.org-ecfn2019.unime.it\\\/#website\",\"url\":\"https:\\\/\\\/nomisma.org-ecfn2019.unime.it\\\/\",\"name\":\"The 8th Joint Meeting of ECFN and nomisma.org 2019\",\"description\":\"\",\"publisher\":{\"@id\":\"https:\\\/\\\/nomisma.org-ecfn2019.unime.it\\\/#organization\"},\"potentialAction\":[{\"@type\":\"SearchAction\",\"target\":{\"@type\":\"EntryPoint\",\"urlTemplate\":\"https:\\\/\\\/nomisma.org-ecfn2019.unime.it\\\/?s={search_term_string}\"},\"query-input\":{\"@type\":\"PropertyValueSpecification\",\"valueRequired\":true,\"valueName\":\"search_term_string\"}}],\"inLanguage\":\"it-IT\"},{\"@type\":\"Organization\",\"@id\":\"https:\\\/\\\/nomisma.org-ecfn2019.unime.it\\\/#organization\",\"name\":\"The 8th Joint Meeting of ECFN and nomisma.org 2019\",\"url\":\"https:\\\/\\\/nomisma.org-ecfn2019.unime.it\\\/\",\"logo\":{\"@type\":\"ImageObject\",\"inLanguage\":\"it-IT\",\"@id\":\"https:\\\/\\\/nomisma.org-ecfn2019.unime.it\\\/#\\\/schema\\\/logo\\\/image\\\/\",\"url\":\"\",\"contentUrl\":\"\",\"caption\":\"The 8th Joint Meeting of ECFN and nomisma.org 2019\"},\"image\":{\"@id\":\"https:\\\/\\\/nomisma.org-ecfn2019.unime.it\\\/#\\\/schema\\\/logo\\\/image\\\/\"}}]}<\/script>\n<!-- \/ Yoast SEO plugin. -->","yoast_head_json":{"title":"Venue - The 8th Joint Meeting of ECFN and nomisma.org 2019","robots":{"index":"index","follow":"follow","max-snippet":"max-snippet:-1","max-image-preview":"max-image-preview:large","max-video-preview":"max-video-preview:-1"},"canonical":"https:\/\/nomisma.org-ecfn2019.unime.it\/unime\/","og_locale":"it_IT","og_type":"article","og_title":"Venue - The 8th Joint Meeting of ECFN and nomisma.org 2019","og_description":"Places of interest. &#8211; May, 2nd:\u00a0Villa Pace, via Consolare\u00a0Pompea, 91\u00a0(only Group Meetings) &#8211; May, 3rd: Rettorato (University of Messina, Main Building): morning: Aula Magna; afternoon: Accademia Peloritana dei Pericolanti &#8211; May, 4th: Rettorato (University of Messina, Main Building):\u00a0Accademia Peloritana dei Pericolanti &nbsp; UNIVERSIT\u00c0\u00a0DI MESSINA, RETTORATO (Piazza Pugliatti, 1) Il plesso centrale dell\u2019Universit\u00e0 di Messina \u00e8&hellip; Continua a leggere Venue","og_url":"https:\/\/nomisma.org-ecfn2019.unime.it\/unime\/","og_site_name":"The 8th Joint Meeting of ECFN and nomisma.org 2019","og_image":[{"url":"https:\/\/portale2.unime.it\/ecfn2019\/wp-content\/uploads\/sites\/50\/2019\/03\/rettorato2.jpg","type":"","width":"","height":""}],"twitter_card":"summary_large_image","twitter_misc":{"Tempo di lettura stimato":"4 minuti"},"schema":{"@context":"https:\/\/schema.org","@graph":[{"@type":"WebPage","@id":"https:\/\/nomisma.org-ecfn2019.unime.it\/unime\/","url":"https:\/\/nomisma.org-ecfn2019.unime.it\/unime\/","name":"Venue - The 8th Joint Meeting of ECFN and nomisma.org 2019","isPartOf":{"@id":"https:\/\/nomisma.org-ecfn2019.unime.it\/#website"},"primaryImageOfPage":{"@id":"https:\/\/nomisma.org-ecfn2019.unime.it\/unime\/#primaryimage"},"image":{"@id":"https:\/\/nomisma.org-ecfn2019.unime.it\/unime\/#primaryimage"},"thumbnailUrl":"https:\/\/portale2.unime.it\/ecfn2019\/wp-content\/uploads\/sites\/50\/2019\/03\/rettorato2.jpg","datePublished":"2018-12-18T19:12:47+00:00","breadcrumb":{"@id":"https:\/\/nomisma.org-ecfn2019.unime.it\/unime\/#breadcrumb"},"inLanguage":"it-IT","potentialAction":[{"@type":"ReadAction","target":["https:\/\/nomisma.org-ecfn2019.unime.it\/unime\/"]}]},{"@type":"ImageObject","inLanguage":"it-IT","@id":"https:\/\/nomisma.org-ecfn2019.unime.it\/unime\/#primaryimage","url":"https:\/\/portale2.unime.it\/ecfn2019\/wp-content\/uploads\/sites\/50\/2019\/03\/rettorato2.jpg","contentUrl":"https:\/\/portale2.unime.it\/ecfn2019\/wp-content\/uploads\/sites\/50\/2019\/03\/rettorato2.jpg","width":638,"height":478},{"@type":"BreadcrumbList","@id":"https:\/\/nomisma.org-ecfn2019.unime.it\/unime\/#breadcrumb","itemListElement":[{"@type":"ListItem","position":1,"name":"Home","item":"https:\/\/nomisma.org-ecfn2019.unime.it\/"},{"@type":"ListItem","position":2,"name":"Venue"}]},{"@type":"WebSite","@id":"https:\/\/nomisma.org-ecfn2019.unime.it\/#website","url":"https:\/\/nomisma.org-ecfn2019.unime.it\/","name":"The 8th Joint Meeting of ECFN and nomisma.org 2019","description":"","publisher":{"@id":"https:\/\/nomisma.org-ecfn2019.unime.it\/#organization"},"potentialAction":[{"@type":"SearchAction","target":{"@type":"EntryPoint","urlTemplate":"https:\/\/nomisma.org-ecfn2019.unime.it\/?s={search_term_string}"},"query-input":{"@type":"PropertyValueSpecification","valueRequired":true,"valueName":"search_term_string"}}],"inLanguage":"it-IT"},{"@type":"Organization","@id":"https:\/\/nomisma.org-ecfn2019.unime.it\/#organization","name":"The 8th Joint Meeting of ECFN and nomisma.org 2019","url":"https:\/\/nomisma.org-ecfn2019.unime.it\/","logo":{"@type":"ImageObject","inLanguage":"it-IT","@id":"https:\/\/nomisma.org-ecfn2019.unime.it\/#\/schema\/logo\/image\/","url":"","contentUrl":"","caption":"The 8th Joint Meeting of ECFN and nomisma.org 2019"},"image":{"@id":"https:\/\/nomisma.org-ecfn2019.unime.it\/#\/schema\/logo\/image\/"}}]}},"_links":{"self":[{"href":"https:\/\/portale2.unime.it\/ecfn2019\/wp-json\/wp\/v2\/pages\/104","targetHints":{"allow":["GET"]}}],"collection":[{"href":"https:\/\/portale2.unime.it\/ecfn2019\/wp-json\/wp\/v2\/pages"}],"about":[{"href":"https:\/\/portale2.unime.it\/ecfn2019\/wp-json\/wp\/v2\/types\/page"}],"author":[{"embeddable":true,"href":"https:\/\/portale2.unime.it\/ecfn2019\/wp-json\/wp\/v2\/users\/1"}],"replies":[{"embeddable":true,"href":"https:\/\/portale2.unime.it\/ecfn2019\/wp-json\/wp\/v2\/comments?post=104"}],"version-history":[{"count":0,"href":"https:\/\/portale2.unime.it\/ecfn2019\/wp-json\/wp\/v2\/pages\/104\/revisions"}],"wp:attachment":[{"href":"https:\/\/portale2.unime.it\/ecfn2019\/wp-json\/wp\/v2\/media?parent=104"}],"curies":[{"name":"wp","href":"https:\/\/api.w.org\/{rel}","templated":true}]}}