{"id":44,"date":"2021-05-04T08:16:53","date_gmt":"2021-05-04T06:16:53","guid":{"rendered":"https:\/\/portale.unime.it\/modellopersona\/?page_id=44"},"modified":"2024-10-03T07:51:12","modified_gmt":"2024-10-03T05:51:12","slug":"comitato","status":"publish","type":"page","link":"https:\/\/portale2.unime.it\/modelloconvegno\/comitato\/","title":{"rendered":"COMITATO"},"content":{"rendered":"\t\t<div data-elementor-type=\"wp-page\" data-elementor-id=\"44\" class=\"elementor elementor-44\">\n\t\t\t\t\t\t<section class=\"elementor-section elementor-top-section elementor-element elementor-element-71e8918 elementor-section-boxed elementor-section-height-default elementor-section-height-default\" data-id=\"71e8918\" data-element_type=\"section\" data-e-type=\"section\" data-settings=\"{&quot;background_background&quot;:&quot;classic&quot;}\">\n\t\t\t\t\t\t<div class=\"elementor-container elementor-column-gap-default\">\n\t\t\t\t\t<div class=\"elementor-column elementor-col-100 elementor-top-column elementor-element elementor-element-aa31284\" data-id=\"aa31284\" data-element_type=\"column\" data-e-type=\"column\">\n\t\t\t<div class=\"elementor-widget-wrap elementor-element-populated\">\n\t\t\t\t\t\t<div class=\"elementor-element elementor-element-22469bf elementor-invisible elementor-widget elementor-widget-heading\" data-id=\"22469bf\" data-element_type=\"widget\" data-e-type=\"widget\" data-settings=\"{&quot;_animation&quot;:&quot;fadeInDown&quot;}\" data-widget_type=\"heading.default\">\n\t\t\t\t<div class=\"elementor-widget-container\">\n\t\t\t\t\t<h2 class=\"elementor-heading-title elementor-size-default\"><br><br>   COMITATO<br><br><br><\/h2>\t\t\t\t<\/div>\n\t\t\t\t<\/div>\n\t\t\t\t\t<\/div>\n\t\t<\/div>\n\t\t\t\t\t<\/div>\n\t\t<\/section>\n\t\t\t\t<section class=\"elementor-section elementor-top-section elementor-element elementor-element-ad48a45 elementor-section-boxed elementor-section-height-default elementor-section-height-default\" data-id=\"ad48a45\" data-element_type=\"section\" data-e-type=\"section\">\n\t\t\t\t\t\t<div class=\"elementor-container elementor-column-gap-default\">\n\t\t\t\t\t<div class=\"elementor-column elementor-col-33 elementor-top-column elementor-element elementor-element-ef34617 elementor-invisible\" data-id=\"ef34617\" data-element_type=\"column\" data-e-type=\"column\" data-settings=\"{&quot;background_background&quot;:&quot;classic&quot;,&quot;animation&quot;:&quot;fadeInLeft&quot;}\">\n\t\t\t<div class=\"elementor-widget-wrap elementor-element-populated\">\n\t\t\t\t\t\t<div class=\"elementor-element elementor-element-3e68c8f elementor-widget elementor-widget-heading\" data-id=\"3e68c8f\" data-element_type=\"widget\" data-e-type=\"widget\" data-widget_type=\"heading.default\">\n\t\t\t\t<div class=\"elementor-widget-container\">\n\t\t\t\t\t<h3 class=\"elementor-heading-title elementor-size-default\">COMITATO<\/h3>\t\t\t\t<\/div>\n\t\t\t\t<\/div>\n\t\t\t\t<div class=\"elementor-element elementor-element-464c152 elementor-view-default elementor-widget elementor-widget-icon\" data-id=\"464c152\" data-element_type=\"widget\" data-e-type=\"widget\" data-widget_type=\"icon.default\">\n\t\t\t\t<div class=\"elementor-widget-container\">\n\t\t\t\t\t\t\t<div class=\"elementor-icon-wrapper\">\n\t\t\t<div class=\"elementor-icon\">\n\t\t\t<i aria-hidden=\"true\" class=\"far fa-user\"><\/i>\t\t\t<\/div>\n\t\t<\/div>\n\t\t\t\t\t\t<\/div>\n\t\t\t\t<\/div>\n\t\t\t\t\t<\/div>\n\t\t<\/div>\n\t\t\t\t<div class=\"elementor-column elementor-col-66 elementor-top-column elementor-element elementor-element-174aaed elementor-invisible\" data-id=\"174aaed\" data-element_type=\"column\" data-e-type=\"column\" data-settings=\"{&quot;animation&quot;:&quot;fadeInRight&quot;}\">\n\t\t\t<div class=\"elementor-widget-wrap elementor-element-populated\">\n\t\t\t\t\t\t<div class=\"elementor-element elementor-element-d9d003f elementor-widget__width-initial elementor-invisible elementor-widget elementor-widget-heading\" data-id=\"d9d003f\" data-element_type=\"widget\" data-e-type=\"widget\" data-settings=\"{&quot;_animation&quot;:&quot;slideInUp&quot;}\" data-widget_type=\"heading.default\">\n\t\t\t\t<div class=\"elementor-widget-container\">\n\t\t\t\t\t<h4 class=\"elementor-heading-title elementor-size-default\">COMITATO SCIENTIFICO <\/h4>\t\t\t\t<\/div>\n\t\t\t\t<\/div>\n\t\t\t\t<div class=\"elementor-element elementor-element-4fa6003 elementor-widget elementor-widget-text-editor\" data-id=\"4fa6003\" data-element_type=\"widget\" data-e-type=\"widget\" data-widget_type=\"text-editor.default\">\n\t\t\t\t<div class=\"elementor-widget-container\">\n\t\t\t\t\t\t\t\t\t<p><a href=\"http:\/\/unime.it\">Mario Rossi, Universit\u00e0 di Messina<\/a><\/p><p>Mario Rossi, Universit\u00e0 di Messina<\/p><p>Mario Rossi, Universit\u00e0 di Messina<\/p><p>Mario Rossi, Universit\u00e0 di Messina<\/p><p>Mario Rossi, Universit\u00e0 di Messina<\/p><p>Mario Rossi, Universit\u00e0 di Messina<\/p><p>Mario Rossi, Universit\u00e0 di Messina<\/p><p>Mario Rossi, Universit\u00e0 di Messina<\/p>\t\t\t\t\t\t\t\t<\/div>\n\t\t\t\t<\/div>\n\t\t\t\t<div class=\"elementor-element elementor-element-92b88fa elementor-widget__width-initial elementor-invisible elementor-widget elementor-widget-heading\" data-id=\"92b88fa\" data-element_type=\"widget\" data-e-type=\"widget\" data-settings=\"{&quot;_animation&quot;:&quot;slideInUp&quot;}\" data-widget_type=\"heading.default\">\n\t\t\t\t<div class=\"elementor-widget-container\">\n\t\t\t\t\t<h4 class=\"elementor-heading-title elementor-size-default\">COMITATO ORGANIZZATORE <\/h4>\t\t\t\t<\/div>\n\t\t\t\t<\/div>\n\t\t\t\t<div class=\"elementor-element elementor-element-751adfc elementor-widget elementor-widget-text-editor\" data-id=\"751adfc\" data-element_type=\"widget\" data-e-type=\"widget\" data-widget_type=\"text-editor.default\">\n\t\t\t\t<div class=\"elementor-widget-container\">\n\t\t\t\t\t\t\t\t\t<p class=\"western\" align=\"LEFT\">Paolo Bianchi<\/p><p align=\"LEFT\">Giovanna Verdi<\/p><p class=\"western\" align=\"LEFT\">Paolo Bianchi<\/p><p align=\"LEFT\">Giovanna Verdi<\/p><p class=\"western\" align=\"LEFT\">Paolo Bianchi<\/p><p align=\"LEFT\">Giovanna Verdi<\/p><p class=\"western\" align=\"LEFT\">Paolo Bianchi<\/p><p align=\"LEFT\">Giovanna Verdi<\/p>\t\t\t\t\t\t\t\t<\/div>\n\t\t\t\t<\/div>\n\t\t\t\t\t<\/div>\n\t\t<\/div>\n\t\t\t\t\t<\/div>\n\t\t<\/section>\n\t\t\t\t<\/div>\n\t\t","protected":false},"excerpt":{"rendered":"<p>COMITATO COMITATO COMITATO SCIENTIFICO Mario Rossi, Universit\u00e0 di Messina Mario Rossi, Universit\u00e0 di Messina Mario Rossi, Universit\u00e0 di Messina Mario Rossi, Universit\u00e0 di Messina Mario Rossi, Universit\u00e0 di Messina Mario Rossi, Universit\u00e0 di Messina Mario Rossi, Universit\u00e0 di Messina Mario Rossi, Universit\u00e0 di Messina COMITATO ORGANIZZATORE Paolo Bianchi Giovanna Verdi Paolo Bianchi Giovanna Verdi Paolo&hellip; <a class=\"more-link\" href=\"https:\/\/portale2.unime.it\/modelloconvegno\/comitato\/\">Continua a leggere <span class=\"screen-reader-text\">COMITATO<\/span><\/a><\/p>\n","protected":false},"author":1,"featured_media":0,"parent":0,"menu_order":0,"comment_status":"closed","ping_status":"closed","template":"elementor_header_footer","meta":{"footnotes":""},"class_list":["post-44","page","type-page","status-publish","hentry","entry"],"yoast_head":"<!-- This site is optimized with the Yoast SEO plugin v27.3 - https:\/\/yoast.com\/product\/yoast-seo-wordpress\/ -->\n<title>COMITATO - Modello Convegno<\/title>\n<meta name=\"robots\" content=\"index, follow, max-snippet:-1, max-image-preview:large, max-video-preview:-1\" \/>\n<link rel=\"canonical\" href=\"https:\/\/portale2.unime.it\/modelloconvegno\/comitato\/\" \/>\n<meta property=\"og:locale\" content=\"it_IT\" \/>\n<meta property=\"og:type\" content=\"article\" \/>\n<meta property=\"og:title\" content=\"COMITATO - Modello Convegno\" \/>\n<meta property=\"og:description\" content=\"COMITATO COMITATO COMITATO SCIENTIFICO Mario Rossi, Universit\u00e0 di Messina Mario Rossi, Universit\u00e0 di Messina Mario Rossi, Universit\u00e0 di Messina Mario Rossi, Universit\u00e0 di Messina Mario Rossi, Universit\u00e0 di Messina Mario Rossi, Universit\u00e0 di Messina Mario Rossi, Universit\u00e0 di Messina Mario Rossi, Universit\u00e0 di Messina COMITATO ORGANIZZATORE Paolo Bianchi Giovanna Verdi Paolo Bianchi Giovanna Verdi Paolo&hellip; Continua a leggere COMITATO\" \/>\n<meta property=\"og:url\" content=\"https:\/\/portale2.unime.it\/modelloconvegno\/comitato\/\" \/>\n<meta property=\"og:site_name\" content=\"Modello Convegno\" \/>\n<meta property=\"article:modified_time\" content=\"2024-10-03T05:51:12+00:00\" \/>\n<meta name=\"twitter:card\" content=\"summary_large_image\" \/>\n<meta name=\"twitter:label1\" content=\"Tempo di lettura stimato\" \/>\n\t<meta name=\"twitter:data1\" content=\"1 minuto\" \/>\n<script type=\"application\/ld+json\" class=\"yoast-schema-graph\">{\"@context\":\"https:\\\/\\\/schema.org\",\"@graph\":[{\"@type\":\"WebPage\",\"@id\":\"https:\\\/\\\/portale2.unime.it\\\/modelloconvegno\\\/comitato\\\/\",\"url\":\"https:\\\/\\\/portale2.unime.it\\\/modelloconvegno\\\/comitato\\\/\",\"name\":\"COMITATO - Modello Convegno\",\"isPartOf\":{\"@id\":\"https:\\\/\\\/portale2.unime.it\\\/modelloconvegno\\\/#website\"},\"datePublished\":\"2021-05-04T06:16:53+00:00\",\"dateModified\":\"2024-10-03T05:51:12+00:00\",\"breadcrumb\":{\"@id\":\"https:\\\/\\\/portale2.unime.it\\\/modelloconvegno\\\/comitato\\\/#breadcrumb\"},\"inLanguage\":\"it-IT\",\"potentialAction\":[{\"@type\":\"ReadAction\",\"target\":[\"https:\\\/\\\/portale2.unime.it\\\/modelloconvegno\\\/comitato\\\/\"]}]},{\"@type\":\"BreadcrumbList\",\"@id\":\"https:\\\/\\\/portale2.unime.it\\\/modelloconvegno\\\/comitato\\\/#breadcrumb\",\"itemListElement\":[{\"@type\":\"ListItem\",\"position\":1,\"name\":\"Home\",\"item\":\"https:\\\/\\\/portale2.unime.it\\\/modelloconvegno\\\/\"},{\"@type\":\"ListItem\",\"position\":2,\"name\":\"COMITATO\"}]},{\"@type\":\"WebSite\",\"@id\":\"https:\\\/\\\/portale2.unime.it\\\/modelloconvegno\\\/#website\",\"url\":\"https:\\\/\\\/portale2.unime.it\\\/modelloconvegno\\\/\",\"name\":\"Modello Convegno\",\"description\":\"\",\"publisher\":{\"@id\":\"https:\\\/\\\/portale2.unime.it\\\/modelloconvegno\\\/#organization\"},\"potentialAction\":[{\"@type\":\"SearchAction\",\"target\":{\"@type\":\"EntryPoint\",\"urlTemplate\":\"https:\\\/\\\/portale2.unime.it\\\/modelloconvegno\\\/?s={search_term_string}\"},\"query-input\":{\"@type\":\"PropertyValueSpecification\",\"valueRequired\":true,\"valueName\":\"search_term_string\"}}],\"inLanguage\":\"it-IT\"},{\"@type\":\"Organization\",\"@id\":\"https:\\\/\\\/portale2.unime.it\\\/modelloconvegno\\\/#organization\",\"name\":\"Modello Convegno\",\"url\":\"https:\\\/\\\/portale2.unime.it\\\/modelloconvegno\\\/\",\"logo\":{\"@type\":\"ImageObject\",\"inLanguage\":\"it-IT\",\"@id\":\"https:\\\/\\\/portale2.unime.it\\\/modelloconvegno\\\/#\\\/schema\\\/logo\\\/image\\\/\",\"url\":\"https:\\\/\\\/portale2.unime.it\\\/modelloconvegno\\\/wp-content\\\/uploads\\\/sites\\\/14\\\/2023\\\/03\\\/logo-convegno.png\",\"contentUrl\":\"https:\\\/\\\/portale2.unime.it\\\/modelloconvegno\\\/wp-content\\\/uploads\\\/sites\\\/14\\\/2023\\\/03\\\/logo-convegno.png\",\"width\":561,\"height\":201,\"caption\":\"Modello Convegno\"},\"image\":{\"@id\":\"https:\\\/\\\/portale2.unime.it\\\/modelloconvegno\\\/#\\\/schema\\\/logo\\\/image\\\/\"}}]}<\/script>\n<!-- \/ Yoast SEO plugin. -->","yoast_head_json":{"title":"COMITATO - Modello Convegno","robots":{"index":"index","follow":"follow","max-snippet":"max-snippet:-1","max-image-preview":"max-image-preview:large","max-video-preview":"max-video-preview:-1"},"canonical":"https:\/\/portale2.unime.it\/modelloconvegno\/comitato\/","og_locale":"it_IT","og_type":"article","og_title":"COMITATO - Modello Convegno","og_description":"COMITATO COMITATO COMITATO SCIENTIFICO Mario Rossi, Universit\u00e0 di Messina Mario Rossi, Universit\u00e0 di Messina Mario Rossi, Universit\u00e0 di Messina Mario Rossi, Universit\u00e0 di Messina Mario Rossi, Universit\u00e0 di Messina Mario Rossi, Universit\u00e0 di Messina Mario Rossi, Universit\u00e0 di Messina Mario Rossi, Universit\u00e0 di Messina COMITATO ORGANIZZATORE Paolo Bianchi Giovanna Verdi Paolo Bianchi Giovanna Verdi Paolo&hellip; Continua a leggere COMITATO","og_url":"https:\/\/portale2.unime.it\/modelloconvegno\/comitato\/","og_site_name":"Modello Convegno","article_modified_time":"2024-10-03T05:51:12+00:00","twitter_card":"summary_large_image","twitter_misc":{"Tempo di lettura stimato":"1 minuto"},"schema":{"@context":"https:\/\/schema.org","@graph":[{"@type":"WebPage","@id":"https:\/\/portale2.unime.it\/modelloconvegno\/comitato\/","url":"https:\/\/portale2.unime.it\/modelloconvegno\/comitato\/","name":"COMITATO - Modello Convegno","isPartOf":{"@id":"https:\/\/portale2.unime.it\/modelloconvegno\/#website"},"datePublished":"2021-05-04T06:16:53+00:00","dateModified":"2024-10-03T05:51:12+00:00","breadcrumb":{"@id":"https:\/\/portale2.unime.it\/modelloconvegno\/comitato\/#breadcrumb"},"inLanguage":"it-IT","potentialAction":[{"@type":"ReadAction","target":["https:\/\/portale2.unime.it\/modelloconvegno\/comitato\/"]}]},{"@type":"BreadcrumbList","@id":"https:\/\/portale2.unime.it\/modelloconvegno\/comitato\/#breadcrumb","itemListElement":[{"@type":"ListItem","position":1,"name":"Home","item":"https:\/\/portale2.unime.it\/modelloconvegno\/"},{"@type":"ListItem","position":2,"name":"COMITATO"}]},{"@type":"WebSite","@id":"https:\/\/portale2.unime.it\/modelloconvegno\/#website","url":"https:\/\/portale2.unime.it\/modelloconvegno\/","name":"Modello Convegno","description":"","publisher":{"@id":"https:\/\/portale2.unime.it\/modelloconvegno\/#organization"},"potentialAction":[{"@type":"SearchAction","target":{"@type":"EntryPoint","urlTemplate":"https:\/\/portale2.unime.it\/modelloconvegno\/?s={search_term_string}"},"query-input":{"@type":"PropertyValueSpecification","valueRequired":true,"valueName":"search_term_string"}}],"inLanguage":"it-IT"},{"@type":"Organization","@id":"https:\/\/portale2.unime.it\/modelloconvegno\/#organization","name":"Modello Convegno","url":"https:\/\/portale2.unime.it\/modelloconvegno\/","logo":{"@type":"ImageObject","inLanguage":"it-IT","@id":"https:\/\/portale2.unime.it\/modelloconvegno\/#\/schema\/logo\/image\/","url":"https:\/\/portale2.unime.it\/modelloconvegno\/wp-content\/uploads\/sites\/14\/2023\/03\/logo-convegno.png","contentUrl":"https:\/\/portale2.unime.it\/modelloconvegno\/wp-content\/uploads\/sites\/14\/2023\/03\/logo-convegno.png","width":561,"height":201,"caption":"Modello Convegno"},"image":{"@id":"https:\/\/portale2.unime.it\/modelloconvegno\/#\/schema\/logo\/image\/"}}]}},"_links":{"self":[{"href":"https:\/\/portale2.unime.it\/modelloconvegno\/wp-json\/wp\/v2\/pages\/44","targetHints":{"allow":["GET"]}}],"collection":[{"href":"https:\/\/portale2.unime.it\/modelloconvegno\/wp-json\/wp\/v2\/pages"}],"about":[{"href":"https:\/\/portale2.unime.it\/modelloconvegno\/wp-json\/wp\/v2\/types\/page"}],"author":[{"embeddable":true,"href":"https:\/\/portale2.unime.it\/modelloconvegno\/wp-json\/wp\/v2\/users\/1"}],"replies":[{"embeddable":true,"href":"https:\/\/portale2.unime.it\/modelloconvegno\/wp-json\/wp\/v2\/comments?post=44"}],"version-history":[{"count":15,"href":"https:\/\/portale2.unime.it\/modelloconvegno\/wp-json\/wp\/v2\/pages\/44\/revisions"}],"predecessor-version":[{"id":1464,"href":"https:\/\/portale2.unime.it\/modelloconvegno\/wp-json\/wp\/v2\/pages\/44\/revisions\/1464"}],"wp:attachment":[{"href":"https:\/\/portale2.unime.it\/modelloconvegno\/wp-json\/wp\/v2\/media?parent=44"}],"curies":[{"name":"wp","href":"https:\/\/api.w.org\/{rel}","templated":true}]}}