{"id":116,"date":"2016-05-10T12:15:08","date_gmt":"2016-05-10T10:15:08","guid":{"rendered":"http:\/\/portale.unime.it\/sprince\/?page_id=116"},"modified":"2016-05-10T12:15:08","modified_gmt":"2016-05-10T10:15:08","slug":"publications","status":"publish","type":"page","link":"https:\/\/portale2.unime.it\/sprince\/publications\/","title":{"rendered":"Publications"},"content":{"rendered":"<p style=\"text-align: justify\"><span style=\"color: #333399\">P1 \u2013 M.F.Milazzo, G.Ancione, V.Spasojevic Brki\u0107 (2015). Safety in Crane Operations: An Overview on Crane-Related Accidents. Proc. of the 6th International Symposium on Industrial Engineering SIE 2015, 36-39, Belgrade, Serbia (24-25 September 2015). ISBN: 978-86-7083-864-2. Eds. V.Spasojevi\u0107-Brki\u0107, M.Misita, D.D.Milanovi\u0107<\/span>. \u00a0 \u00a0 \u00a0 \u00a0 \u00a0<a href=\"http:\/\/ie.mas.bg.ac.rs\/Proceedings.pdf\" target=\"_blank\" rel=\"noopener noreferrer\">Open access &#8211; available online<\/a><\/p>\n<p style=\"text-align: justify\"><span style=\"color: #333399\">P2 \u2013 Z.Veljkovi\u0107, V.Spasojevi\u0107 Brki\u0107, A.Brki\u0107 (2015). Crane Cabins\u2019 Safety and Ergonomics Characteristics Evaluation Based on Sweden Port Data. Proc. of the 6th International Symposium on Industrial Engineering SIE 2015, 40-45, Belgrade, Serbia (24-25 September 2015). ISBN: 978-86-7083-864-2. Eds. V.Spasojevi\u0107-Brki\u0107, M.Misita, D.D.Milanovi\u0107.<\/span>\u00a0 \u00a0 \u00a0 \u00a0 \u00a0 \u00a0 \u00a0 \u00a0 \u00a0 \u00a0 \u00a0 \u00a0 \u00a0 \u00a0 \u00a0 \u00a0 \u00a0 \u00a0 \u00a0 \u00a0 \u00a0 \u00a0 \u00a0 \u00a0 \u00a0 \u00a0 \u00a0 \u00a0 \u00a0 \u00a0 \u00a0 \u00a0 \u00a0 \u00a0 \u00a0 \u00a0 \u00a0 \u00a0 \u00a0 \u00a0 \u00a0 \u00a0 \u00a0 \u00a0 \u00a0 \u00a0 \u00a0 \u00a0 \u00a0 \u00a0 \u00a0 \u00a0 \u00a0 \u00a0 \u00a0<a href=\"http:\/\/ie.mas.bg.ac.rs\/Proceedings.pdf\" target=\"_blank\" rel=\"noopener noreferrer\">Open access &#8211; available online<\/a><\/p>\n<p style=\"text-align: justify\"><span style=\"color: #333399\">P.3 \u2013 V.Spasojevic Brki\u0107, M.F.Milazzo, A. Brki\u0107 T.Maneski (2015). Emerging risks in smart process industry cranes survey: SAF\u20acRA research project SPRINCE. Serbian Journal of Management, 10(2): 247-254. ISSN: 1452-4864.<\/span>\u00a0 \u00a0 \u00a0 \u00a0 \u00a0 \u00a0 \u00a0 \u00a0 \u00a0 \u00a0 \u00a0 \u00a0 \u00a0 \u00a0 \u00a0 \u00a0 \u00a0 \u00a0 \u00a0 \u00a0 \u00a0 \u00a0 \u00a0 \u00a0<a href=\"http:\/\/scindeks-clanci.ceon.rs\/data\/pdf\/1452-4864\/2015\/1452-48641502247S.pdf#search=&quot;Innovation\" target=\"_blank\" rel=\"noopener noreferrer\">Open access &#8211; available online<\/a><\/p>\n<p style=\"text-align: justify\"><span style=\"color: #333399\">P4 \u2013 M.F.Milazzo, V.Spasojevic Brki\u0107, D.Valis, 2016. Improving Cranes&#8217; Safety: Development of a Real-Time Visual Guidance System to Move Loads in Process Industry. Communication at the 4<sup>th<\/sup> SAF\u20acRA Symposium \u201cEmergence of a New Collaborative Work Programme on Industrial Safety\u201d, Athens, Greece, 11-12 April 2016.<\/span><\/p>\n<p style=\"text-align: justify\"><span style=\"color: #333399\">P5 \u2013 M.F.Milazzo, G.Ancione, V.Spasojevic Brki\u0107, D.Valis (2016). Investigation of crane operation safety by analysing main accident causes. Proc. European Safety and Reliability Conference ESREL 2016 \u201cRisk, Reliability and Safety: Innovating Theory and Practise\u201d, 74-80, Glasgow, Unit Kingdom (25-28 September 2016). ISBN: 978-1-138-02997-2 (ebook). Eds. L.Walls, M.Revie, T.Bedford. Taylor &amp; Francis Group, London (UK).<\/span><\/p>\n<p style=\"text-align: justify\"><span style=\"color: #333399\">P6 \u2013 G.Ancione, I.Kavasidis, G.Merlino, M.F.Milazzo (2016). Real-time guidance system for cranes to mange risks due to releases of hazardous materials. Proc. European Safety and Reliability Conference ESREL 2016 \u201cRisk, Reliability and Safety: Innovating Theory and Practise\u201d, 742-749, Glasgow, Unit Kingdom (25-28 September 2016). ISBN: 978-1-138-02997-2 (ebook). Eds. L.Walls, M.Revie, T.Bedford. Taylor &amp; Francis Group, London (UK).<\/span><\/p>\n<p style=\"text-align: justify\"><span style=\"color: #333399\">P7 \u2013 M.F.Milazzo, V.Spasojevic Brki\u0107, D.Valis, 2017. Improving Safety in Crane-Assisted Operations by using a Visual Guidance System (SPRINCE project). Communication at the SAF\u20acRA 5<sup>th<\/sup> Symposium \u201cEmergence of a New Collaborative Work Programme on Industrial Safety\u201d, Bilbao, Spain, 17-18 May 2017.<\/span><\/p>\n<p style=\"text-align: justify\"><span style=\"color: #333399\">P8 \u2013 G.Ancione, I.Kavasidis, M.F.Milazzo (2017). Improving safety of crane-related operations in chemical industry by the support of a real-time computer-aided visual guidance system. Proc. European Safety and Reliability Conference ESREL 2017 \u201cSafety and Reliability \u2013 Theory and Applications\u201d, 1787-1792, Portoro\u017e, Slovenia (18-22 June 2017). ISBN: 978-1-138-6297-0 (ebook). Eds. M.Cepin &amp; R.Bris. Taylor &amp; Francis Group, London (UK).<\/span><\/p>\n<p style=\"text-align: justify\"><span style=\"color: #333399\">P9 \u2013 V.Spasojevic Brkic, G.Putnik, Z.A.Veljkovi\u0107, V.Shah, A.Essdai (2017). Interfaces for Distributed Remote User Controlled Manufacturing as Collaborative Environment. In Advances in Human Factors and System Interactions, 335-347. Springer International Publishing.<\/span><\/p>\n<p style=\"text-align: justify\">\n","protected":false},"excerpt":{"rendered":"<p>P1 \u2013 M.F.Milazzo, G.Ancione, V.Spasojevic Brki\u0107 (2015). Safety in Crane Operations: An Overview on Crane-Related Accidents. Proc. of the 6th International Symposium on Industrial Engineering SIE 2015, 36-39, Belgrade, Serbia (24-25 September 2015). ISBN: 978-86-7083-864-2. Eds. V.Spasojevi\u0107-Brki\u0107, M.Misita, D.D.Milanovi\u0107. \u00a0 \u00a0 \u00a0 \u00a0 \u00a0Open access &#8211; available online P2 \u2013 Z.Veljkovi\u0107, V.Spasojevi\u0107 Brki\u0107, A.Brki\u0107 (2015).&hellip; <a class=\"more-link\" href=\"https:\/\/portale2.unime.it\/sprince\/publications\/\">Continua a leggere <span class=\"screen-reader-text\">Publications<\/span><\/a><\/p>\n","protected":false},"author":1,"featured_media":0,"parent":0,"menu_order":6,"comment_status":"closed","ping_status":"closed","template":"sidebar-page.php","meta":{"footnotes":""},"class_list":["post-116","page","type-page","status-publish","hentry","entry"],"yoast_head":"<!-- This site is optimized with the Yoast SEO plugin v27.3 - https:\/\/yoast.com\/product\/yoast-seo-wordpress\/ -->\n<title>Publications - SPRINCE<\/title>\n<meta name=\"robots\" content=\"index, follow, max-snippet:-1, max-image-preview:large, max-video-preview:-1\" \/>\n<link rel=\"canonical\" href=\"https:\/\/portale2.unime.it\/sprince\/publications\/\" \/>\n<meta property=\"og:locale\" content=\"it_IT\" \/>\n<meta property=\"og:type\" content=\"article\" \/>\n<meta property=\"og:title\" content=\"Publications - SPRINCE\" \/>\n<meta property=\"og:description\" content=\"P1 \u2013 M.F.Milazzo, G.Ancione, V.Spasojevic Brki\u0107 (2015). Safety in Crane Operations: An Overview on Crane-Related Accidents. Proc. of the 6th International Symposium on Industrial Engineering SIE 2015, 36-39, Belgrade, Serbia (24-25 September 2015). ISBN: 978-86-7083-864-2. Eds. V.Spasojevi\u0107-Brki\u0107, M.Misita, D.D.Milanovi\u0107. \u00a0 \u00a0 \u00a0 \u00a0 \u00a0Open access &#8211; available online P2 \u2013 Z.Veljkovi\u0107, V.Spasojevi\u0107 Brki\u0107, A.Brki\u0107 (2015).&hellip; Continua a leggere Publications\" \/>\n<meta property=\"og:url\" content=\"https:\/\/portale2.unime.it\/sprince\/publications\/\" \/>\n<meta property=\"og:site_name\" content=\"SPRINCE\" \/>\n<meta name=\"twitter:card\" content=\"summary_large_image\" \/>\n<meta name=\"twitter:label1\" content=\"Tempo di lettura stimato\" \/>\n\t<meta name=\"twitter:data1\" content=\"2 minuti\" \/>\n<script type=\"application\/ld+json\" class=\"yoast-schema-graph\">{\"@context\":\"https:\\\/\\\/schema.org\",\"@graph\":[{\"@type\":\"WebPage\",\"@id\":\"https:\\\/\\\/portale2.unime.it\\\/sprince\\\/publications\\\/\",\"url\":\"https:\\\/\\\/portale2.unime.it\\\/sprince\\\/publications\\\/\",\"name\":\"Publications - SPRINCE\",\"isPartOf\":{\"@id\":\"https:\\\/\\\/portale2.unime.it\\\/sprince\\\/#website\"},\"datePublished\":\"2016-05-10T10:15:08+00:00\",\"breadcrumb\":{\"@id\":\"https:\\\/\\\/portale2.unime.it\\\/sprince\\\/publications\\\/#breadcrumb\"},\"inLanguage\":\"it-IT\",\"potentialAction\":[{\"@type\":\"ReadAction\",\"target\":[\"https:\\\/\\\/portale2.unime.it\\\/sprince\\\/publications\\\/\"]}]},{\"@type\":\"BreadcrumbList\",\"@id\":\"https:\\\/\\\/portale2.unime.it\\\/sprince\\\/publications\\\/#breadcrumb\",\"itemListElement\":[{\"@type\":\"ListItem\",\"position\":1,\"name\":\"Home\",\"item\":\"https:\\\/\\\/portale2.unime.it\\\/sprince\\\/\"},{\"@type\":\"ListItem\",\"position\":2,\"name\":\"Publications\"}]},{\"@type\":\"WebSite\",\"@id\":\"https:\\\/\\\/portale2.unime.it\\\/sprince\\\/#website\",\"url\":\"https:\\\/\\\/portale2.unime.it\\\/sprince\\\/\",\"name\":\"SPRINCE\",\"description\":\"\",\"publisher\":{\"@id\":\"https:\\\/\\\/portale2.unime.it\\\/sprince\\\/#organization\"},\"potentialAction\":[{\"@type\":\"SearchAction\",\"target\":{\"@type\":\"EntryPoint\",\"urlTemplate\":\"https:\\\/\\\/portale2.unime.it\\\/sprince\\\/?s={search_term_string}\"},\"query-input\":{\"@type\":\"PropertyValueSpecification\",\"valueRequired\":true,\"valueName\":\"search_term_string\"}}],\"inLanguage\":\"it-IT\"},{\"@type\":\"Organization\",\"@id\":\"https:\\\/\\\/portale2.unime.it\\\/sprince\\\/#organization\",\"name\":\"SPRINCE\",\"url\":\"https:\\\/\\\/portale2.unime.it\\\/sprince\\\/\",\"logo\":{\"@type\":\"ImageObject\",\"inLanguage\":\"it-IT\",\"@id\":\"https:\\\/\\\/portale2.unime.it\\\/sprince\\\/#\\\/schema\\\/logo\\\/image\\\/\",\"url\":\"https:\\\/\\\/portale2.unime.it\\\/sprince\\\/wp-content\\\/uploads\\\/sites\\\/45\\\/2017\\\/07\\\/header.png\",\"contentUrl\":\"https:\\\/\\\/portale2.unime.it\\\/sprince\\\/wp-content\\\/uploads\\\/sites\\\/45\\\/2017\\\/07\\\/header.png\",\"width\":946,\"height\":134,\"caption\":\"SPRINCE\"},\"image\":{\"@id\":\"https:\\\/\\\/portale2.unime.it\\\/sprince\\\/#\\\/schema\\\/logo\\\/image\\\/\"}}]}<\/script>\n<!-- \/ Yoast SEO plugin. -->","yoast_head_json":{"title":"Publications - SPRINCE","robots":{"index":"index","follow":"follow","max-snippet":"max-snippet:-1","max-image-preview":"max-image-preview:large","max-video-preview":"max-video-preview:-1"},"canonical":"https:\/\/portale2.unime.it\/sprince\/publications\/","og_locale":"it_IT","og_type":"article","og_title":"Publications - SPRINCE","og_description":"P1 \u2013 M.F.Milazzo, G.Ancione, V.Spasojevic Brki\u0107 (2015). Safety in Crane Operations: An Overview on Crane-Related Accidents. Proc. of the 6th International Symposium on Industrial Engineering SIE 2015, 36-39, Belgrade, Serbia (24-25 September 2015). ISBN: 978-86-7083-864-2. Eds. V.Spasojevi\u0107-Brki\u0107, M.Misita, D.D.Milanovi\u0107. \u00a0 \u00a0 \u00a0 \u00a0 \u00a0Open access &#8211; available online P2 \u2013 Z.Veljkovi\u0107, V.Spasojevi\u0107 Brki\u0107, A.Brki\u0107 (2015).&hellip; Continua a leggere Publications","og_url":"https:\/\/portale2.unime.it\/sprince\/publications\/","og_site_name":"SPRINCE","twitter_card":"summary_large_image","twitter_misc":{"Tempo di lettura stimato":"2 minuti"},"schema":{"@context":"https:\/\/schema.org","@graph":[{"@type":"WebPage","@id":"https:\/\/portale2.unime.it\/sprince\/publications\/","url":"https:\/\/portale2.unime.it\/sprince\/publications\/","name":"Publications - SPRINCE","isPartOf":{"@id":"https:\/\/portale2.unime.it\/sprince\/#website"},"datePublished":"2016-05-10T10:15:08+00:00","breadcrumb":{"@id":"https:\/\/portale2.unime.it\/sprince\/publications\/#breadcrumb"},"inLanguage":"it-IT","potentialAction":[{"@type":"ReadAction","target":["https:\/\/portale2.unime.it\/sprince\/publications\/"]}]},{"@type":"BreadcrumbList","@id":"https:\/\/portale2.unime.it\/sprince\/publications\/#breadcrumb","itemListElement":[{"@type":"ListItem","position":1,"name":"Home","item":"https:\/\/portale2.unime.it\/sprince\/"},{"@type":"ListItem","position":2,"name":"Publications"}]},{"@type":"WebSite","@id":"https:\/\/portale2.unime.it\/sprince\/#website","url":"https:\/\/portale2.unime.it\/sprince\/","name":"SPRINCE","description":"","publisher":{"@id":"https:\/\/portale2.unime.it\/sprince\/#organization"},"potentialAction":[{"@type":"SearchAction","target":{"@type":"EntryPoint","urlTemplate":"https:\/\/portale2.unime.it\/sprince\/?s={search_term_string}"},"query-input":{"@type":"PropertyValueSpecification","valueRequired":true,"valueName":"search_term_string"}}],"inLanguage":"it-IT"},{"@type":"Organization","@id":"https:\/\/portale2.unime.it\/sprince\/#organization","name":"SPRINCE","url":"https:\/\/portale2.unime.it\/sprince\/","logo":{"@type":"ImageObject","inLanguage":"it-IT","@id":"https:\/\/portale2.unime.it\/sprince\/#\/schema\/logo\/image\/","url":"https:\/\/portale2.unime.it\/sprince\/wp-content\/uploads\/sites\/45\/2017\/07\/header.png","contentUrl":"https:\/\/portale2.unime.it\/sprince\/wp-content\/uploads\/sites\/45\/2017\/07\/header.png","width":946,"height":134,"caption":"SPRINCE"},"image":{"@id":"https:\/\/portale2.unime.it\/sprince\/#\/schema\/logo\/image\/"}}]}},"_links":{"self":[{"href":"https:\/\/portale2.unime.it\/sprince\/wp-json\/wp\/v2\/pages\/116","targetHints":{"allow":["GET"]}}],"collection":[{"href":"https:\/\/portale2.unime.it\/sprince\/wp-json\/wp\/v2\/pages"}],"about":[{"href":"https:\/\/portale2.unime.it\/sprince\/wp-json\/wp\/v2\/types\/page"}],"author":[{"embeddable":true,"href":"https:\/\/portale2.unime.it\/sprince\/wp-json\/wp\/v2\/users\/1"}],"replies":[{"embeddable":true,"href":"https:\/\/portale2.unime.it\/sprince\/wp-json\/wp\/v2\/comments?post=116"}],"version-history":[{"count":0,"href":"https:\/\/portale2.unime.it\/sprince\/wp-json\/wp\/v2\/pages\/116\/revisions"}],"wp:attachment":[{"href":"https:\/\/portale2.unime.it\/sprince\/wp-json\/wp\/v2\/media?parent=116"}],"curies":[{"name":"wp","href":"https:\/\/api.w.org\/{rel}","templated":true}]}}