{"id":1371,"date":"2021-05-04T08:13:00","date_gmt":"2021-05-04T06:13:00","guid":{"rendered":"https:\/\/portale.unime.it\/modellopersona\/?page_id=27"},"modified":"2024-11-22T11:34:36","modified_gmt":"2024-11-22T10:34:36","slug":"community","status":"publish","type":"page","link":"https:\/\/portale2.unime.it\/stopheat\/community\/","title":{"rendered":"COMMUNITY"},"content":{"rendered":"\t\t<div data-elementor-type=\"wp-page\" data-elementor-id=\"1371\" class=\"elementor elementor-1371\">\n\t\t\t\t\t\t<section class=\"elementor-section elementor-top-section elementor-element elementor-element-cb36390 elementor-section-boxed elementor-section-height-default elementor-section-height-default\" data-id=\"cb36390\" data-element_type=\"section\" data-e-type=\"section\">\n\t\t\t\t\t\t<div class=\"elementor-container elementor-column-gap-default\">\n\t\t\t\t\t<div class=\"elementor-column elementor-col-100 elementor-top-column elementor-element elementor-element-7ec0c9e\" data-id=\"7ec0c9e\" data-element_type=\"column\" data-e-type=\"column\">\n\t\t\t<div class=\"elementor-widget-wrap elementor-element-populated\">\n\t\t\t\t\t\t\t<\/div>\n\t\t<\/div>\n\t\t\t\t\t<\/div>\n\t\t<\/section>\n\t\t\t\t<section class=\"elementor-section elementor-top-section elementor-element elementor-element-23fee20 elementor-section-boxed elementor-section-height-default elementor-section-height-default\" data-id=\"23fee20\" data-element_type=\"section\" data-e-type=\"section\" data-settings=\"{&quot;background_background&quot;:&quot;classic&quot;}\">\n\t\t\t\t\t\t<div class=\"elementor-container elementor-column-gap-default\">\n\t\t\t\t\t<div class=\"elementor-column elementor-col-100 elementor-top-column elementor-element elementor-element-5e60ff1\" data-id=\"5e60ff1\" data-element_type=\"column\" data-e-type=\"column\">\n\t\t\t<div class=\"elementor-widget-wrap elementor-element-populated\">\n\t\t\t\t\t\t<div class=\"elementor-element elementor-element-29f4caa elementor-invisible elementor-widget elementor-widget-heading\" data-id=\"29f4caa\" data-element_type=\"widget\" data-e-type=\"widget\" data-settings=\"{&quot;_animation&quot;:&quot;fadeInDown&quot;}\" data-widget_type=\"heading.default\">\n\t\t\t\t<div class=\"elementor-widget-container\">\n\t\t\t\t\t<h2 class=\"elementor-heading-title elementor-size-default\"><br><br>   Community <br><br><br><\/h2>\t\t\t\t<\/div>\n\t\t\t\t<\/div>\n\t\t\t\t\t<\/div>\n\t\t<\/div>\n\t\t\t\t\t<\/div>\n\t\t<\/section>\n\t\t<div class=\"elementor-element elementor-element-99cc759 e-flex e-con-boxed elementor-invisible e-con e-parent\" data-id=\"99cc759\" data-element_type=\"container\" data-e-type=\"container\" data-settings=\"{&quot;animation&quot;:&quot;slideInUp&quot;}\">\n\t\t\t\t\t<div class=\"e-con-inner\">\n\t\t\t\t<div class=\"elementor-element elementor-element-51b6884 elementor-widget elementor-widget-heading\" data-id=\"51b6884\" data-element_type=\"widget\" data-e-type=\"widget\" data-widget_type=\"heading.default\">\n\t\t\t\t<div class=\"elementor-widget-container\">\n\t\t\t\t\t<h2 class=\"elementor-heading-title elementor-size-default\">RESPONSABILI SCIENTIFICI<\/h2>\t\t\t\t<\/div>\n\t\t\t\t<\/div>\n\t\t\t\t\t<\/div>\n\t\t\t\t<\/div>\n\t\t\t\t<section class=\"elementor-section elementor-top-section elementor-element elementor-element-eaff02d elementor-section-boxed elementor-section-height-default elementor-section-height-default elementor-invisible\" data-id=\"eaff02d\" data-element_type=\"section\" data-e-type=\"section\" data-settings=\"{&quot;background_background&quot;:&quot;classic&quot;,&quot;animation&quot;:&quot;fadeInRight&quot;}\">\n\t\t\t\t\t\t<div class=\"elementor-container elementor-column-gap-default\">\n\t\t\t\t\t<div class=\"elementor-column elementor-col-50 elementor-top-column elementor-element elementor-element-59ded57\" data-id=\"59ded57\" data-element_type=\"column\" data-e-type=\"column\">\n\t\t\t<div class=\"elementor-widget-wrap elementor-element-populated\">\n\t\t\t\t\t\t<div class=\"elementor-element elementor-element-8f3191e elementor-drop-cap-yes elementor-widget__width-initial elementor-drop-cap-view-default elementor-widget elementor-widget-text-editor\" data-id=\"8f3191e\" data-element_type=\"widget\" data-e-type=\"widget\" data-settings=\"{&quot;drop_cap&quot;:&quot;yes&quot;}\" data-widget_type=\"text-editor.default\">\n\t\t\t\t<div class=\"elementor-widget-container\">\n\t\t\t\t\t\t\t\t\t<p><b>Principal Investigator<\/b> e a capo del coordinamento della sezione sperimentale vi \u00e8 la <b>Prof.ssa Giovanna D&#8217;Angelo<\/b>, Professore Ordinario dell&#8217;Universit\u00e0 degli Studi di Messina.<\/p>\t\t\t\t\t\t\t\t<\/div>\n\t\t\t\t<\/div>\n\t\t\t\t<div class=\"elementor-element elementor-element-5e37c24 elementor-align-right elementor-widget__width-initial elementor-widget elementor-widget-button\" data-id=\"5e37c24\" data-element_type=\"widget\" data-e-type=\"widget\" data-widget_type=\"button.default\">\n\t\t\t\t<div class=\"elementor-widget-container\">\n\t\t\t\t\t\t\t\t\t<div class=\"elementor-button-wrapper\">\n\t\t\t\t\t<a class=\"elementor-button elementor-button-link elementor-size-sm\" href=\"https:\/\/www.scopus.com\/authid\/detail.uri?authorId=57221861403\">\n\t\t\t\t\t\t<span class=\"elementor-button-content-wrapper\">\n\t\t\t\t\t\t\t\t\t<span class=\"elementor-button-text\">Per saperne di p\u00f9<\/span>\n\t\t\t\t\t<\/span>\n\t\t\t\t\t<\/a>\n\t\t\t\t<\/div>\n\t\t\t\t\t\t\t\t<\/div>\n\t\t\t\t<\/div>\n\t\t\t\t\t<\/div>\n\t\t<\/div>\n\t\t\t\t<div class=\"elementor-column elementor-col-50 elementor-top-column elementor-element elementor-element-0dcb539\" data-id=\"0dcb539\" data-element_type=\"column\" data-e-type=\"column\">\n\t\t\t<div class=\"elementor-widget-wrap elementor-element-populated\">\n\t\t\t\t\t\t<div class=\"elementor-element elementor-element-ed89001 elementor-widget__width-initial elementor-widget elementor-widget-image\" data-id=\"ed89001\" data-element_type=\"widget\" data-e-type=\"widget\" data-widget_type=\"image.default\">\n\t\t\t\t<div class=\"elementor-widget-container\">\n\t\t\t\t\t\t\t\t\t\t\t\t\t\t\t<img fetchpriority=\"high\" decoding=\"async\" width=\"1024\" height=\"1024\" src=\"https:\/\/portale2.unime.it\/stopheat\/wp-content\/uploads\/sites\/67\/2024\/11\/20-1024x1024.png\" class=\"attachment-large size-large wp-image-1964\" alt=\"\" srcset=\"https:\/\/portale2.unime.it\/stopheat\/wp-content\/uploads\/sites\/67\/2024\/11\/20-1024x1024.png 1024w, https:\/\/portale2.unime.it\/stopheat\/wp-content\/uploads\/sites\/67\/2024\/11\/20-300x300.png 300w, https:\/\/portale2.unime.it\/stopheat\/wp-content\/uploads\/sites\/67\/2024\/11\/20-150x150.png 150w, https:\/\/portale2.unime.it\/stopheat\/wp-content\/uploads\/sites\/67\/2024\/11\/20-768x768.png 768w, https:\/\/portale2.unime.it\/stopheat\/wp-content\/uploads\/sites\/67\/2024\/11\/20.png 1080w\" sizes=\"(max-width: 1024px) 100vw, 1024px\" style=\"width:100%;height:100%;max-width:1080px\" \/>\t\t\t\t\t\t\t\t\t\t\t\t\t\t\t<\/div>\n\t\t\t\t<\/div>\n\t\t\t\t\t<\/div>\n\t\t<\/div>\n\t\t\t\t\t<\/div>\n\t\t<\/section>\n\t\t\t\t<section class=\"elementor-section elementor-top-section elementor-element elementor-element-ddf02fd elementor-section-boxed elementor-section-height-default elementor-section-height-default elementor-invisible\" data-id=\"ddf02fd\" data-element_type=\"section\" data-e-type=\"section\" data-settings=\"{&quot;background_background&quot;:&quot;classic&quot;,&quot;animation&quot;:&quot;fadeInLeft&quot;}\">\n\t\t\t\t\t\t<div class=\"elementor-container elementor-column-gap-default\">\n\t\t\t\t\t<div class=\"elementor-column elementor-col-50 elementor-top-column elementor-element elementor-element-938e851\" data-id=\"938e851\" data-element_type=\"column\" data-e-type=\"column\">\n\t\t\t<div class=\"elementor-widget-wrap elementor-element-populated\">\n\t\t\t\t\t\t<div class=\"elementor-element elementor-element-469945c elementor-widget__width-initial elementor-widget elementor-widget-image\" data-id=\"469945c\" data-element_type=\"widget\" data-e-type=\"widget\" data-widget_type=\"image.default\">\n\t\t\t\t<div class=\"elementor-widget-container\">\n\t\t\t\t\t\t\t\t\t\t\t\t\t\t\t<img decoding=\"async\" width=\"1024\" height=\"1024\" src=\"https:\/\/portale2.unime.it\/stopheat\/wp-content\/uploads\/sites\/67\/2024\/11\/22-1024x1024.png\" class=\"attachment-large size-large wp-image-1965\" alt=\"\" srcset=\"https:\/\/portale2.unime.it\/stopheat\/wp-content\/uploads\/sites\/67\/2024\/11\/22-1024x1024.png 1024w, https:\/\/portale2.unime.it\/stopheat\/wp-content\/uploads\/sites\/67\/2024\/11\/22-300x300.png 300w, https:\/\/portale2.unime.it\/stopheat\/wp-content\/uploads\/sites\/67\/2024\/11\/22-150x150.png 150w, https:\/\/portale2.unime.it\/stopheat\/wp-content\/uploads\/sites\/67\/2024\/11\/22-768x768.png 768w, https:\/\/portale2.unime.it\/stopheat\/wp-content\/uploads\/sites\/67\/2024\/11\/22.png 1080w\" sizes=\"(max-width: 1024px) 100vw, 1024px\" style=\"width:100%;height:100%;max-width:1080px\" \/>\t\t\t\t\t\t\t\t\t\t\t\t\t\t\t<\/div>\n\t\t\t\t<\/div>\n\t\t\t\t\t<\/div>\n\t\t<\/div>\n\t\t\t\t<div class=\"elementor-column elementor-col-50 elementor-top-column elementor-element elementor-element-36c3ca8\" data-id=\"36c3ca8\" data-element_type=\"column\" data-e-type=\"column\">\n\t\t\t<div class=\"elementor-widget-wrap elementor-element-populated\">\n\t\t\t\t\t\t<div class=\"elementor-element elementor-element-310b865 elementor-widget__width-initial elementor-widget elementor-widget-text-editor\" data-id=\"310b865\" data-element_type=\"widget\" data-e-type=\"widget\" data-widget_type=\"text-editor.default\">\n\t\t\t\t<div class=\"elementor-widget-container\">\n\t\t\t\t\t\t\t\t\t<p>A capo del coordinamento della sezione teorica vi \u00e8 il Dott. <b>Alessandro Stroppa<\/b>, Direttore di Ricerca presso il CNR &#8211; Spin de L&#8217;Aquila.<\/p>\t\t\t\t\t\t\t\t<\/div>\n\t\t\t\t<\/div>\n\t\t\t\t<div class=\"elementor-element elementor-element-f4183c3 elementor-align-right elementor-widget__width-initial elementor-widget elementor-widget-button\" data-id=\"f4183c3\" data-element_type=\"widget\" data-e-type=\"widget\" data-widget_type=\"button.default\">\n\t\t\t\t<div class=\"elementor-widget-container\">\n\t\t\t\t\t\t\t\t\t<div class=\"elementor-button-wrapper\">\n\t\t\t\t\t<a class=\"elementor-button elementor-button-link elementor-size-sm\" href=\"https:\/\/www.scopus.com\/authid\/detail.uri?authorId=8276793300\">\n\t\t\t\t\t\t<span class=\"elementor-button-content-wrapper\">\n\t\t\t\t\t\t\t\t\t<span class=\"elementor-button-text\">Per saperne di pi\u00f9<\/span>\n\t\t\t\t\t<\/span>\n\t\t\t\t\t<\/a>\n\t\t\t\t<\/div>\n\t\t\t\t\t\t\t\t<\/div>\n\t\t\t\t<\/div>\n\t\t\t\t\t<\/div>\n\t\t<\/div>\n\t\t\t\t\t<\/div>\n\t\t<\/section>\n\t\t\t\t<section class=\"elementor-section elementor-top-section elementor-element elementor-element-3320865 elementor-section-boxed elementor-section-height-default elementor-section-height-default\" data-id=\"3320865\" data-element_type=\"section\" data-e-type=\"section\">\n\t\t\t\t\t\t<div class=\"elementor-container elementor-column-gap-default\">\n\t\t\t\t\t\t<\/div>\n\t\t<\/section>\n\t\t\t\t<\/div>\n\t\t","protected":false},"excerpt":{"rendered":"<p>Community RESPONSABILI SCIENTIFICI Principal Investigator e a capo del coordinamento della sezione sperimentale vi \u00e8 la Prof.ssa Giovanna D&#8217;Angelo, Professore Ordinario dell&#8217;Universit\u00e0 degli Studi di Messina. Per saperne di p\u00f9 A capo del coordinamento della sezione teorica vi \u00e8 il Dott. Alessandro Stroppa, Direttore di Ricerca presso il CNR &#8211; Spin de L&#8217;Aquila. Per saperne&hellip; <a class=\"more-link\" href=\"https:\/\/portale2.unime.it\/stopheat\/community\/\">Continua a leggere <span class=\"screen-reader-text\">COMMUNITY<\/span><\/a><\/p>\n","protected":false},"author":1,"featured_media":0,"parent":0,"menu_order":0,"comment_status":"closed","ping_status":"closed","template":"elementor_header_footer","meta":{"footnotes":""},"class_list":["post-1371","page","type-page","status-publish","hentry","entry"],"yoast_head":"<!-- This site is optimized with the Yoast SEO plugin v27.3 - https:\/\/yoast.com\/product\/yoast-seo-wordpress\/ -->\n<title>COMMUNITY - StopHEAT<\/title>\n<meta name=\"robots\" content=\"index, follow, max-snippet:-1, max-image-preview:large, max-video-preview:-1\" \/>\n<link rel=\"canonical\" href=\"https:\/\/portale2.unime.it\/stopheat\/community\/\" \/>\n<meta property=\"og:locale\" content=\"it_IT\" \/>\n<meta property=\"og:type\" content=\"article\" \/>\n<meta property=\"og:title\" content=\"COMMUNITY - StopHEAT\" \/>\n<meta property=\"og:description\" content=\"Community RESPONSABILI SCIENTIFICI Principal Investigator e a capo del coordinamento della sezione sperimentale vi \u00e8 la Prof.ssa Giovanna D&#8217;Angelo, Professore Ordinario dell&#8217;Universit\u00e0 degli Studi di Messina. Per saperne di p\u00f9 A capo del coordinamento della sezione teorica vi \u00e8 il Dott. Alessandro Stroppa, Direttore di Ricerca presso il CNR &#8211; Spin de L&#8217;Aquila. Per saperne&hellip; Continua a leggere COMMUNITY\" \/>\n<meta property=\"og:url\" content=\"https:\/\/portale2.unime.it\/stopheat\/community\/\" \/>\n<meta property=\"og:site_name\" content=\"StopHEAT\" \/>\n<meta property=\"article:modified_time\" content=\"2024-11-22T10:34:36+00:00\" \/>\n<meta property=\"og:image\" content=\"https:\/\/portale2.unime.it\/stopheat\/wp-content\/uploads\/sites\/67\/2024\/11\/20.png\" \/>\n\t<meta property=\"og:image:width\" content=\"1080\" \/>\n\t<meta property=\"og:image:height\" content=\"1080\" \/>\n\t<meta property=\"og:image:type\" content=\"image\/png\" \/>\n<meta name=\"twitter:card\" content=\"summary_large_image\" \/>\n<meta name=\"twitter:label1\" content=\"Tempo di lettura stimato\" \/>\n\t<meta name=\"twitter:data1\" content=\"2 minuti\" \/>\n<script type=\"application\/ld+json\" class=\"yoast-schema-graph\">{\"@context\":\"https:\\\/\\\/schema.org\",\"@graph\":[{\"@type\":\"WebPage\",\"@id\":\"https:\\\/\\\/portale2.unime.it\\\/stopheat\\\/community\\\/\",\"url\":\"https:\\\/\\\/portale2.unime.it\\\/stopheat\\\/community\\\/\",\"name\":\"COMMUNITY - StopHEAT\",\"isPartOf\":{\"@id\":\"https:\\\/\\\/portale2.unime.it\\\/stopheat\\\/#website\"},\"primaryImageOfPage\":{\"@id\":\"https:\\\/\\\/portale2.unime.it\\\/stopheat\\\/community\\\/#primaryimage\"},\"image\":{\"@id\":\"https:\\\/\\\/portale2.unime.it\\\/stopheat\\\/community\\\/#primaryimage\"},\"thumbnailUrl\":\"https:\\\/\\\/portale2.unime.it\\\/stopheat\\\/wp-content\\\/uploads\\\/sites\\\/67\\\/2024\\\/11\\\/20-1024x1024.png\",\"datePublished\":\"2021-05-04T06:13:00+00:00\",\"dateModified\":\"2024-11-22T10:34:36+00:00\",\"breadcrumb\":{\"@id\":\"https:\\\/\\\/portale2.unime.it\\\/stopheat\\\/community\\\/#breadcrumb\"},\"inLanguage\":\"it-IT\",\"potentialAction\":[{\"@type\":\"ReadAction\",\"target\":[\"https:\\\/\\\/portale2.unime.it\\\/stopheat\\\/community\\\/\"]}]},{\"@type\":\"ImageObject\",\"inLanguage\":\"it-IT\",\"@id\":\"https:\\\/\\\/portale2.unime.it\\\/stopheat\\\/community\\\/#primaryimage\",\"url\":\"https:\\\/\\\/portale2.unime.it\\\/stopheat\\\/wp-content\\\/uploads\\\/sites\\\/67\\\/2024\\\/11\\\/20.png\",\"contentUrl\":\"https:\\\/\\\/portale2.unime.it\\\/stopheat\\\/wp-content\\\/uploads\\\/sites\\\/67\\\/2024\\\/11\\\/20.png\",\"width\":1080,\"height\":1080},{\"@type\":\"BreadcrumbList\",\"@id\":\"https:\\\/\\\/portale2.unime.it\\\/stopheat\\\/community\\\/#breadcrumb\",\"itemListElement\":[{\"@type\":\"ListItem\",\"position\":1,\"name\":\"Home\",\"item\":\"https:\\\/\\\/portale2.unime.it\\\/stopheat\\\/\"},{\"@type\":\"ListItem\",\"position\":2,\"name\":\"COMMUNITY\"}]},{\"@type\":\"WebSite\",\"@id\":\"https:\\\/\\\/portale2.unime.it\\\/stopheat\\\/#website\",\"url\":\"https:\\\/\\\/portale2.unime.it\\\/stopheat\\\/\",\"name\":\"StopHEAT\",\"description\":\"\",\"publisher\":{\"@id\":\"https:\\\/\\\/portale2.unime.it\\\/stopheat\\\/#organization\"},\"potentialAction\":[{\"@type\":\"SearchAction\",\"target\":{\"@type\":\"EntryPoint\",\"urlTemplate\":\"https:\\\/\\\/portale2.unime.it\\\/stopheat\\\/?s={search_term_string}\"},\"query-input\":{\"@type\":\"PropertyValueSpecification\",\"valueRequired\":true,\"valueName\":\"search_term_string\"}}],\"inLanguage\":\"it-IT\"},{\"@type\":\"Organization\",\"@id\":\"https:\\\/\\\/portale2.unime.it\\\/stopheat\\\/#organization\",\"name\":\"StopHEAT\",\"url\":\"https:\\\/\\\/portale2.unime.it\\\/stopheat\\\/\",\"logo\":{\"@type\":\"ImageObject\",\"inLanguage\":\"it-IT\",\"@id\":\"https:\\\/\\\/portale2.unime.it\\\/stopheat\\\/#\\\/schema\\\/logo\\\/image\\\/\",\"url\":\"https:\\\/\\\/portale2.unime.it\\\/stopheat\\\/wp-content\\\/uploads\\\/sites\\\/67\\\/2024\\\/11\\\/logo-sfondo-trasparente.png\",\"contentUrl\":\"https:\\\/\\\/portale2.unime.it\\\/stopheat\\\/wp-content\\\/uploads\\\/sites\\\/67\\\/2024\\\/11\\\/logo-sfondo-trasparente.png\",\"width\":482,\"height\":482,\"caption\":\"StopHEAT\"},\"image\":{\"@id\":\"https:\\\/\\\/portale2.unime.it\\\/stopheat\\\/#\\\/schema\\\/logo\\\/image\\\/\"}}]}<\/script>\n<!-- \/ Yoast SEO plugin. -->","yoast_head_json":{"title":"COMMUNITY - StopHEAT","robots":{"index":"index","follow":"follow","max-snippet":"max-snippet:-1","max-image-preview":"max-image-preview:large","max-video-preview":"max-video-preview:-1"},"canonical":"https:\/\/portale2.unime.it\/stopheat\/community\/","og_locale":"it_IT","og_type":"article","og_title":"COMMUNITY - StopHEAT","og_description":"Community RESPONSABILI SCIENTIFICI Principal Investigator e a capo del coordinamento della sezione sperimentale vi \u00e8 la Prof.ssa Giovanna D&#8217;Angelo, Professore Ordinario dell&#8217;Universit\u00e0 degli Studi di Messina. Per saperne di p\u00f9 A capo del coordinamento della sezione teorica vi \u00e8 il Dott. Alessandro Stroppa, Direttore di Ricerca presso il CNR &#8211; Spin de L&#8217;Aquila. Per saperne&hellip; Continua a leggere COMMUNITY","og_url":"https:\/\/portale2.unime.it\/stopheat\/community\/","og_site_name":"StopHEAT","article_modified_time":"2024-11-22T10:34:36+00:00","og_image":[{"width":1080,"height":1080,"url":"https:\/\/portale2.unime.it\/stopheat\/wp-content\/uploads\/sites\/67\/2024\/11\/20.png","type":"image\/png"}],"twitter_card":"summary_large_image","twitter_misc":{"Tempo di lettura stimato":"2 minuti"},"schema":{"@context":"https:\/\/schema.org","@graph":[{"@type":"WebPage","@id":"https:\/\/portale2.unime.it\/stopheat\/community\/","url":"https:\/\/portale2.unime.it\/stopheat\/community\/","name":"COMMUNITY - StopHEAT","isPartOf":{"@id":"https:\/\/portale2.unime.it\/stopheat\/#website"},"primaryImageOfPage":{"@id":"https:\/\/portale2.unime.it\/stopheat\/community\/#primaryimage"},"image":{"@id":"https:\/\/portale2.unime.it\/stopheat\/community\/#primaryimage"},"thumbnailUrl":"https:\/\/portale2.unime.it\/stopheat\/wp-content\/uploads\/sites\/67\/2024\/11\/20-1024x1024.png","datePublished":"2021-05-04T06:13:00+00:00","dateModified":"2024-11-22T10:34:36+00:00","breadcrumb":{"@id":"https:\/\/portale2.unime.it\/stopheat\/community\/#breadcrumb"},"inLanguage":"it-IT","potentialAction":[{"@type":"ReadAction","target":["https:\/\/portale2.unime.it\/stopheat\/community\/"]}]},{"@type":"ImageObject","inLanguage":"it-IT","@id":"https:\/\/portale2.unime.it\/stopheat\/community\/#primaryimage","url":"https:\/\/portale2.unime.it\/stopheat\/wp-content\/uploads\/sites\/67\/2024\/11\/20.png","contentUrl":"https:\/\/portale2.unime.it\/stopheat\/wp-content\/uploads\/sites\/67\/2024\/11\/20.png","width":1080,"height":1080},{"@type":"BreadcrumbList","@id":"https:\/\/portale2.unime.it\/stopheat\/community\/#breadcrumb","itemListElement":[{"@type":"ListItem","position":1,"name":"Home","item":"https:\/\/portale2.unime.it\/stopheat\/"},{"@type":"ListItem","position":2,"name":"COMMUNITY"}]},{"@type":"WebSite","@id":"https:\/\/portale2.unime.it\/stopheat\/#website","url":"https:\/\/portale2.unime.it\/stopheat\/","name":"StopHEAT","description":"","publisher":{"@id":"https:\/\/portale2.unime.it\/stopheat\/#organization"},"potentialAction":[{"@type":"SearchAction","target":{"@type":"EntryPoint","urlTemplate":"https:\/\/portale2.unime.it\/stopheat\/?s={search_term_string}"},"query-input":{"@type":"PropertyValueSpecification","valueRequired":true,"valueName":"search_term_string"}}],"inLanguage":"it-IT"},{"@type":"Organization","@id":"https:\/\/portale2.unime.it\/stopheat\/#organization","name":"StopHEAT","url":"https:\/\/portale2.unime.it\/stopheat\/","logo":{"@type":"ImageObject","inLanguage":"it-IT","@id":"https:\/\/portale2.unime.it\/stopheat\/#\/schema\/logo\/image\/","url":"https:\/\/portale2.unime.it\/stopheat\/wp-content\/uploads\/sites\/67\/2024\/11\/logo-sfondo-trasparente.png","contentUrl":"https:\/\/portale2.unime.it\/stopheat\/wp-content\/uploads\/sites\/67\/2024\/11\/logo-sfondo-trasparente.png","width":482,"height":482,"caption":"StopHEAT"},"image":{"@id":"https:\/\/portale2.unime.it\/stopheat\/#\/schema\/logo\/image\/"}}]}},"_links":{"self":[{"href":"https:\/\/portale2.unime.it\/stopheat\/wp-json\/wp\/v2\/pages\/1371","targetHints":{"allow":["GET"]}}],"collection":[{"href":"https:\/\/portale2.unime.it\/stopheat\/wp-json\/wp\/v2\/pages"}],"about":[{"href":"https:\/\/portale2.unime.it\/stopheat\/wp-json\/wp\/v2\/types\/page"}],"author":[{"embeddable":true,"href":"https:\/\/portale2.unime.it\/stopheat\/wp-json\/wp\/v2\/users\/1"}],"replies":[{"embeddable":true,"href":"https:\/\/portale2.unime.it\/stopheat\/wp-json\/wp\/v2\/comments?post=1371"}],"version-history":[{"count":13,"href":"https:\/\/portale2.unime.it\/stopheat\/wp-json\/wp\/v2\/pages\/1371\/revisions"}],"predecessor-version":[{"id":1986,"href":"https:\/\/portale2.unime.it\/stopheat\/wp-json\/wp\/v2\/pages\/1371\/revisions\/1986"}],"wp:attachment":[{"href":"https:\/\/portale2.unime.it\/stopheat\/wp-json\/wp\/v2\/media?parent=1371"}],"curies":[{"name":"wp","href":"https:\/\/api.w.org\/{rel}","templated":true}]}}