{"id":35,"date":"2019-02-21T13:08:59","date_gmt":"2019-02-21T12:08:59","guid":{"rendered":"http:\/\/portale.unime.it\/tmau-messina\/?page_id=35"},"modified":"2019-02-21T13:08:59","modified_gmt":"2019-02-21T12:08:59","slug":"diagnosi","status":"publish","type":"page","link":"https:\/\/portale2.unime.it\/tmaumessina\/diagnosi\/","title":{"rendered":"DIAGNOSI e TERAPIE"},"content":{"rendered":"<p><span style=\"font-size: 14pt\"><img fetchpriority=\"high\" decoding=\"async\" class=\"size-full wp-image-23 aligncenter\" src=\"https:\/\/portale2.unime.it\/tmaumessina\/wp-content\/uploads\/sites\/52\/2019\/02\/ProDiagnosiImmagine.png\" alt=\"\" width=\"509\" height=\"195\" srcset=\"https:\/\/portale2.unime.it\/tmaumessina\/wp-content\/uploads\/sites\/52\/2019\/02\/ProDiagnosiImmagine.png 509w, https:\/\/portale2.unime.it\/tmaumessina\/wp-content\/uploads\/sites\/52\/2019\/02\/ProDiagnosiImmagine-300x115.png 300w, https:\/\/portale2.unime.it\/tmaumessina\/wp-content\/uploads\/sites\/52\/2019\/02\/ProDiagnosiImmagine-18x7.png 18w\" sizes=\"(max-width: 509px) 100vw, 509px\" \/><\/span><\/p>\n<p style=\"text-align: justify\"><span style=\"font-size: 14pt\">La presenza dell&#8217;odore di pesce marcio \u00e8 indicativa, specialmente nei casi pi\u00f9 gravi. Tuttavia, la diagnosi basata sull&#8217;odore \u00e8 inaffidabile perch\u00e9 l&#8217;odore \u00e8 spesso episodico e non tutti possono percepire l&#8217;odore di trimetilammina. Inoltre, sulla base dell&#8217;odore, la trimetilaminuria pu\u00f2 essere difficile da distinguere da altre condizioni che danno origine a un odore sgradevole del corpo.<\/span><\/p>\n<p style=\"text-align: justify\"><span style=\"font-size: 14pt\">La diagnosi di TMAU si basa:<\/span><\/p>\n<ul style=\"list-style-type: disc;text-align: justify\">\n<li><span style=\"font-size: 14pt\">Sul <em><strong>dosaggio di trimetilammina (TMA) e trimetilammina N-ossido (TMAO) nelle urine<\/strong><\/em>. Tale analisi,viene effettuata dopo la somministrazione di 5g di colina dissolta in succo d\u2019arancia oppure somministrando un pasto a base di pesce (300 gr). Tale determinazione consente di distinguere i portatori della condizione dagli individui non affetti. Si basa sulla determinazione del rapporto tra TMAO e TMA con valori di riferimento normali\u22650,90.<\/span><\/li>\n<\/ul>\n<p>&nbsp;<\/p>\n<ul style=\"list-style-type: disc;text-align: justify\">\n<li style=\"text-align: justify\"><span style=\"font-size: 14pt\">Sul <em><strong>test genetico<\/strong><\/em>, basato sulla ricerca di specifiche varianti nel gene FMO3 correlate ad una pi\u00f9 o meno severa compromissione della funzione enzimatica. Il gene FMO3 mappa sul cromosoma 1q23-q25 ed \u00e8 composto da nove esoni. Tuttavia, alcune persone con TMAU, possono non presentare varianti in questo gene. Per questo motivo non \u00e8 possibile escludere che varianti in altri geni possano contribuire all\u2019insorgenza \u00a0della TMAU.\u00a0<\/span><\/li>\n<\/ul>\n","protected":false},"excerpt":{"rendered":"<p>La presenza dell&#8217;odore di pesce marcio \u00e8 indicativa, specialmente nei casi pi\u00f9 gravi. Tuttavia, la diagnosi basata sull&#8217;odore \u00e8 inaffidabile perch\u00e9 l&#8217;odore \u00e8 spesso episodico e non tutti possono percepire l&#8217;odore di trimetilammina. Inoltre, sulla base dell&#8217;odore, la trimetilaminuria pu\u00f2 essere difficile da distinguere da altre condizioni che danno origine a un odore sgradevole del&hellip; <a class=\"more-link\" href=\"https:\/\/portale2.unime.it\/tmaumessina\/diagnosi\/\">Continua a leggere <span class=\"screen-reader-text\">DIAGNOSI e TERAPIE<\/span><\/a><\/p>\n","protected":false},"author":62,"featured_media":0,"parent":0,"menu_order":0,"comment_status":"closed","ping_status":"closed","template":"","meta":{"footnotes":""},"class_list":["post-35","page","type-page","status-publish","hentry","entry"],"yoast_head":"<!-- This site is optimized with the Yoast SEO plugin v27.3 - https:\/\/yoast.com\/product\/yoast-seo-wordpress\/ -->\n<title>DIAGNOSI e TERAPIE - TMAU - MESSINA<\/title>\n<meta name=\"robots\" content=\"index, follow, max-snippet:-1, max-image-preview:large, max-video-preview:-1\" \/>\n<link rel=\"canonical\" href=\"https:\/\/portale2.unime.it\/tmaumessina\/diagnosi\/\" \/>\n<meta property=\"og:locale\" content=\"it_IT\" \/>\n<meta property=\"og:type\" content=\"article\" \/>\n<meta property=\"og:title\" content=\"DIAGNOSI e TERAPIE - TMAU - MESSINA\" \/>\n<meta property=\"og:description\" content=\"La presenza dell&#8217;odore di pesce marcio \u00e8 indicativa, specialmente nei casi pi\u00f9 gravi. Tuttavia, la diagnosi basata sull&#8217;odore \u00e8 inaffidabile perch\u00e9 l&#8217;odore \u00e8 spesso episodico e non tutti possono percepire l&#8217;odore di trimetilammina. Inoltre, sulla base dell&#8217;odore, la trimetilaminuria pu\u00f2 essere difficile da distinguere da altre condizioni che danno origine a un odore sgradevole del&hellip; Continua a leggere DIAGNOSI e TERAPIE\" \/>\n<meta property=\"og:url\" content=\"https:\/\/portale2.unime.it\/tmaumessina\/diagnosi\/\" \/>\n<meta property=\"og:site_name\" content=\"TMAU - MESSINA\" \/>\n<meta property=\"og:image\" content=\"https:\/\/portale2.unime.it\/tmaumessina\/wp-content\/uploads\/sites\/52\/2019\/02\/ProDiagnosiImmagine.png\" \/>\n<meta name=\"twitter:card\" content=\"summary_large_image\" \/>\n<meta name=\"twitter:label1\" content=\"Tempo di lettura stimato\" \/>\n\t<meta name=\"twitter:data1\" content=\"1 minuto\" \/>\n<script type=\"application\/ld+json\" class=\"yoast-schema-graph\">{\"@context\":\"https:\\\/\\\/schema.org\",\"@graph\":[{\"@type\":\"WebPage\",\"@id\":\"https:\\\/\\\/portale2.unime.it\\\/tmaumessina\\\/diagnosi\\\/\",\"url\":\"https:\\\/\\\/portale2.unime.it\\\/tmaumessina\\\/diagnosi\\\/\",\"name\":\"DIAGNOSI e TERAPIE - TMAU - MESSINA\",\"isPartOf\":{\"@id\":\"https:\\\/\\\/portale2.unime.it\\\/tmaumessina\\\/#website\"},\"primaryImageOfPage\":{\"@id\":\"https:\\\/\\\/portale2.unime.it\\\/tmaumessina\\\/diagnosi\\\/#primaryimage\"},\"image\":{\"@id\":\"https:\\\/\\\/portale2.unime.it\\\/tmaumessina\\\/diagnosi\\\/#primaryimage\"},\"thumbnailUrl\":\"https:\\\/\\\/portale2.unime.it\\\/tmaumessina\\\/wp-content\\\/uploads\\\/sites\\\/52\\\/2019\\\/02\\\/ProDiagnosiImmagine.png\",\"datePublished\":\"2019-02-21T12:08:59+00:00\",\"breadcrumb\":{\"@id\":\"https:\\\/\\\/portale2.unime.it\\\/tmaumessina\\\/diagnosi\\\/#breadcrumb\"},\"inLanguage\":\"it-IT\",\"potentialAction\":[{\"@type\":\"ReadAction\",\"target\":[\"https:\\\/\\\/portale2.unime.it\\\/tmaumessina\\\/diagnosi\\\/\"]}]},{\"@type\":\"ImageObject\",\"inLanguage\":\"it-IT\",\"@id\":\"https:\\\/\\\/portale2.unime.it\\\/tmaumessina\\\/diagnosi\\\/#primaryimage\",\"url\":\"https:\\\/\\\/portale2.unime.it\\\/tmaumessina\\\/wp-content\\\/uploads\\\/sites\\\/52\\\/2019\\\/02\\\/ProDiagnosiImmagine.png\",\"contentUrl\":\"https:\\\/\\\/portale2.unime.it\\\/tmaumessina\\\/wp-content\\\/uploads\\\/sites\\\/52\\\/2019\\\/02\\\/ProDiagnosiImmagine.png\",\"width\":509,\"height\":195},{\"@type\":\"BreadcrumbList\",\"@id\":\"https:\\\/\\\/portale2.unime.it\\\/tmaumessina\\\/diagnosi\\\/#breadcrumb\",\"itemListElement\":[{\"@type\":\"ListItem\",\"position\":1,\"name\":\"Home\",\"item\":\"https:\\\/\\\/portale2.unime.it\\\/tmaumessina\\\/\"},{\"@type\":\"ListItem\",\"position\":2,\"name\":\"DIAGNOSI e TERAPIE\"}]},{\"@type\":\"WebSite\",\"@id\":\"https:\\\/\\\/portale2.unime.it\\\/tmaumessina\\\/#website\",\"url\":\"https:\\\/\\\/portale2.unime.it\\\/tmaumessina\\\/\",\"name\":\"TMAU - MESSINA\",\"description\":\"\",\"publisher\":{\"@id\":\"https:\\\/\\\/portale2.unime.it\\\/tmaumessina\\\/#organization\"},\"potentialAction\":[{\"@type\":\"SearchAction\",\"target\":{\"@type\":\"EntryPoint\",\"urlTemplate\":\"https:\\\/\\\/portale2.unime.it\\\/tmaumessina\\\/?s={search_term_string}\"},\"query-input\":{\"@type\":\"PropertyValueSpecification\",\"valueRequired\":true,\"valueName\":\"search_term_string\"}}],\"inLanguage\":\"it-IT\"},{\"@type\":\"Organization\",\"@id\":\"https:\\\/\\\/portale2.unime.it\\\/tmaumessina\\\/#organization\",\"name\":\"TMAU - MESSINA\",\"url\":\"https:\\\/\\\/portale2.unime.it\\\/tmaumessina\\\/\",\"logo\":{\"@type\":\"ImageObject\",\"inLanguage\":\"it-IT\",\"@id\":\"https:\\\/\\\/portale2.unime.it\\\/tmaumessina\\\/#\\\/schema\\\/logo\\\/image\\\/\",\"url\":\"https:\\\/\\\/portale2.unime.it\\\/tmaumessina\\\/wp-content\\\/uploads\\\/sites\\\/52\\\/2021\\\/03\\\/cropped-Header-TMAU-New.jpg\",\"contentUrl\":\"https:\\\/\\\/portale2.unime.it\\\/tmaumessina\\\/wp-content\\\/uploads\\\/sites\\\/52\\\/2021\\\/03\\\/cropped-Header-TMAU-New.jpg\",\"width\":1000,\"height\":288,\"caption\":\"TMAU - MESSINA\"},\"image\":{\"@id\":\"https:\\\/\\\/portale2.unime.it\\\/tmaumessina\\\/#\\\/schema\\\/logo\\\/image\\\/\"}}]}<\/script>\n<!-- \/ Yoast SEO plugin. -->","yoast_head_json":{"title":"DIAGNOSI e TERAPIE - TMAU - MESSINA","robots":{"index":"index","follow":"follow","max-snippet":"max-snippet:-1","max-image-preview":"max-image-preview:large","max-video-preview":"max-video-preview:-1"},"canonical":"https:\/\/portale2.unime.it\/tmaumessina\/diagnosi\/","og_locale":"it_IT","og_type":"article","og_title":"DIAGNOSI e TERAPIE - TMAU - MESSINA","og_description":"La presenza dell&#8217;odore di pesce marcio \u00e8 indicativa, specialmente nei casi pi\u00f9 gravi. Tuttavia, la diagnosi basata sull&#8217;odore \u00e8 inaffidabile perch\u00e9 l&#8217;odore \u00e8 spesso episodico e non tutti possono percepire l&#8217;odore di trimetilammina. Inoltre, sulla base dell&#8217;odore, la trimetilaminuria pu\u00f2 essere difficile da distinguere da altre condizioni che danno origine a un odore sgradevole del&hellip; Continua a leggere DIAGNOSI e TERAPIE","og_url":"https:\/\/portale2.unime.it\/tmaumessina\/diagnosi\/","og_site_name":"TMAU - MESSINA","og_image":[{"url":"https:\/\/portale2.unime.it\/tmaumessina\/wp-content\/uploads\/sites\/52\/2019\/02\/ProDiagnosiImmagine.png","type":"","width":"","height":""}],"twitter_card":"summary_large_image","twitter_misc":{"Tempo di lettura stimato":"1 minuto"},"schema":{"@context":"https:\/\/schema.org","@graph":[{"@type":"WebPage","@id":"https:\/\/portale2.unime.it\/tmaumessina\/diagnosi\/","url":"https:\/\/portale2.unime.it\/tmaumessina\/diagnosi\/","name":"DIAGNOSI e TERAPIE - TMAU - MESSINA","isPartOf":{"@id":"https:\/\/portale2.unime.it\/tmaumessina\/#website"},"primaryImageOfPage":{"@id":"https:\/\/portale2.unime.it\/tmaumessina\/diagnosi\/#primaryimage"},"image":{"@id":"https:\/\/portale2.unime.it\/tmaumessina\/diagnosi\/#primaryimage"},"thumbnailUrl":"https:\/\/portale2.unime.it\/tmaumessina\/wp-content\/uploads\/sites\/52\/2019\/02\/ProDiagnosiImmagine.png","datePublished":"2019-02-21T12:08:59+00:00","breadcrumb":{"@id":"https:\/\/portale2.unime.it\/tmaumessina\/diagnosi\/#breadcrumb"},"inLanguage":"it-IT","potentialAction":[{"@type":"ReadAction","target":["https:\/\/portale2.unime.it\/tmaumessina\/diagnosi\/"]}]},{"@type":"ImageObject","inLanguage":"it-IT","@id":"https:\/\/portale2.unime.it\/tmaumessina\/diagnosi\/#primaryimage","url":"https:\/\/portale2.unime.it\/tmaumessina\/wp-content\/uploads\/sites\/52\/2019\/02\/ProDiagnosiImmagine.png","contentUrl":"https:\/\/portale2.unime.it\/tmaumessina\/wp-content\/uploads\/sites\/52\/2019\/02\/ProDiagnosiImmagine.png","width":509,"height":195},{"@type":"BreadcrumbList","@id":"https:\/\/portale2.unime.it\/tmaumessina\/diagnosi\/#breadcrumb","itemListElement":[{"@type":"ListItem","position":1,"name":"Home","item":"https:\/\/portale2.unime.it\/tmaumessina\/"},{"@type":"ListItem","position":2,"name":"DIAGNOSI e TERAPIE"}]},{"@type":"WebSite","@id":"https:\/\/portale2.unime.it\/tmaumessina\/#website","url":"https:\/\/portale2.unime.it\/tmaumessina\/","name":"TMAU - MESSINA","description":"","publisher":{"@id":"https:\/\/portale2.unime.it\/tmaumessina\/#organization"},"potentialAction":[{"@type":"SearchAction","target":{"@type":"EntryPoint","urlTemplate":"https:\/\/portale2.unime.it\/tmaumessina\/?s={search_term_string}"},"query-input":{"@type":"PropertyValueSpecification","valueRequired":true,"valueName":"search_term_string"}}],"inLanguage":"it-IT"},{"@type":"Organization","@id":"https:\/\/portale2.unime.it\/tmaumessina\/#organization","name":"TMAU - MESSINA","url":"https:\/\/portale2.unime.it\/tmaumessina\/","logo":{"@type":"ImageObject","inLanguage":"it-IT","@id":"https:\/\/portale2.unime.it\/tmaumessina\/#\/schema\/logo\/image\/","url":"https:\/\/portale2.unime.it\/tmaumessina\/wp-content\/uploads\/sites\/52\/2021\/03\/cropped-Header-TMAU-New.jpg","contentUrl":"https:\/\/portale2.unime.it\/tmaumessina\/wp-content\/uploads\/sites\/52\/2021\/03\/cropped-Header-TMAU-New.jpg","width":1000,"height":288,"caption":"TMAU - MESSINA"},"image":{"@id":"https:\/\/portale2.unime.it\/tmaumessina\/#\/schema\/logo\/image\/"}}]}},"_links":{"self":[{"href":"https:\/\/portale2.unime.it\/tmaumessina\/wp-json\/wp\/v2\/pages\/35","targetHints":{"allow":["GET"]}}],"collection":[{"href":"https:\/\/portale2.unime.it\/tmaumessina\/wp-json\/wp\/v2\/pages"}],"about":[{"href":"https:\/\/portale2.unime.it\/tmaumessina\/wp-json\/wp\/v2\/types\/page"}],"author":[{"embeddable":true,"href":"https:\/\/portale2.unime.it\/tmaumessina\/wp-json\/wp\/v2\/users\/62"}],"replies":[{"embeddable":true,"href":"https:\/\/portale2.unime.it\/tmaumessina\/wp-json\/wp\/v2\/comments?post=35"}],"version-history":[{"count":0,"href":"https:\/\/portale2.unime.it\/tmaumessina\/wp-json\/wp\/v2\/pages\/35\/revisions"}],"wp:attachment":[{"href":"https:\/\/portale2.unime.it\/tmaumessina\/wp-json\/wp\/v2\/media?parent=35"}],"curies":[{"name":"wp","href":"https:\/\/api.w.org\/{rel}","templated":true}]}}